{"id":992,"date":"2013-04-21T14:20:26","date_gmt":"2013-04-21T12:20:26","guid":{"rendered":"https:\/\/www.editionkeiper.at\/shop\/produkt\/lachstein\/"},"modified":"2022-07-01T15:31:00","modified_gmt":"2022-07-01T13:31:00","slug":"lachstein","status":"publish","type":"product","link":"https:\/\/www.editionkeiper.at\/shop\/produkt\/lachstein\/","title":{"rendered":"Lachstein"},"content":{"rendered":"<h2>Lachstein<\/h2>\n<p><strong>Musikalische Miniaturen<\/strong><\/p>\n<p>von <strong><a href=\"https:\/\/www.editionkeiper.at\/shop\/willnauer-joerg-martin\/\">J\u00f6rg M Willnauer<\/a><br \/>\n<\/strong><\/p>\n<p>J\u00f6rg Nauer: Ein Pianist, der malt, kann auch nicht Klavier spielen! Martin Will: Und was ist mit Georg Kreisler? Loriot? Wilhelm Busch? Und Bob Dylan? Lauter exzellente Mehrfachbegabungen! J\u00f6rg Nauer: Das sind Ausnahmen. Martin Will: Der Willnauer ist zwar kein Maler, aber ein au\u00dfergew\u00f6hnlicher Dichter und Musiker. J\u00f6rg Nauer: Mag sein. Aber entscheidend ist doch nicht das Handwerk, sondern die Frage, ob er auch was zu sagen hat! Martin Will: Das hat er! Eine ganze Menge. Und erfreulicherweise tut er das ziemlich am\u00fcsant. J\u00f6rg Nauer: Bist du umsatzbeteiligt? Martin Will: Nicht mehr als du. J\u00f6rg Nauer: Unabh\u00e4ngig davon: Worum geht\u2019s denn eigentlich im Songbook? Ist das Lyrik, Dramatik, Satire, Lebenshilfe, Unterhaltung? Martin Will: Das auch. J\u00f6rg Nauer: Und f\u00fcr welche Zielgruppe? F\u00fcr Reisende oder Sesshafte? Martin Will: F\u00fcr beide! Und: Man kann den LACHSTEIN vorlesen, zitieren und nachsingen. J\u00f6rg Nauer: Ziemlich viel auf einmal! Aber Verlagsprospekte habens gerne komprimiert. Kannst du die Essenz des Buchs in einem Satz zusammenfassen? Martin Will: Musikalische Miniaturen, die auch ohne Noten klingen.<\/p>\n<p>&nbsp;<\/p>\n<p><strong>Preis:<\/strong> AT \u20ac 17,60 \/ DE \u20ac 17.12<\/p>\n<p><strong>Seiten:<\/strong>\u00a0144<\/p>\n<p><strong>ISBN13:<\/strong>\u00a0978-3-902901-12-5<\/p>\n<p><strong>Erscheinungsdatum:<\/strong>\u00a021.04.2013<\/p>\n<p><strong>Sprache:<\/strong>\u00a0Deutsch<\/p>\n<p><strong>Format:<\/strong>\u00a020,5 x 12,5 cm;\u00a0Gebunden;\u00a0Buch fester Einband (Hardcover)<\/p>\n","protected":false},"excerpt":{"rendered":"<p>J\u00f6rg Nauer: Ein Pianist, der malt, kann auch nicht Klavier spielen! Martin Will: Und was ist mit Georg Kreisler? Loriot? Wilhelm Busch? Und Bob Dylan? Lauter exzellente Mehrfachbegabungen! J\u00f6rg Nauer: Das sind Ausnahmen. Martin Will: Der Willnauer ist zwar kein Maler, aber ein au\u00dfergew\u00f6hnlicher Dichter und Musiker. J\u00f6rg Nauer: Mag sein. Aber entscheidend ist doch nicht das Handwerk, sondern die Frage, ob er auch was zu sagen hat! Martin Will: Das hat er! Eine ganze Menge.<\/p>\n","protected":false},"featured_media":1578,"comment_status":"closed","ping_status":"closed","template":"","meta":[],"etheme_brands":[],"product_brand":[],"product_cat":[3696,3684,3698],"product_tag":[241,1186,117,1183,1185,1140,209,121,1184],"yst_prominent_words":[],"class_list":{"0":"post-992","1":"product","2":"type-product","3":"status-publish","4":"has-post-thumbnail","6":"product_cat-humor","7":"product_cat-kurztexte","8":"product_cat-satire","9":"product_tag-graz","10":"product_tag-kabarett","11":"product_tag-keiper","12":"product_tag-lachstein","13":"product_tag-musikalische-miniaturen","14":"product_tag-populaerkultur","15":"product_tag-steiermark","16":"product_tag-verlag","17":"product_tag-willnauer","19":"first","20":"outofstock","21":"shipping-taxable","22":"purchasable","23":"product-type-simple"},"_links":{"self":[{"href":"https:\/\/www.editionkeiper.at\/shop\/wp-json\/wp\/v2\/product\/992","targetHints":{"allow":["GET"]}}],"collection":[{"href":"https:\/\/www.editionkeiper.at\/shop\/wp-json\/wp\/v2\/product"}],"about":[{"href":"https:\/\/www.editionkeiper.at\/shop\/wp-json\/wp\/v2\/types\/product"}],"replies":[{"embeddable":true,"href":"https:\/\/www.editionkeiper.at\/shop\/wp-json\/wp\/v2\/comments?post=992"}],"wp:featuredmedia":[{"embeddable":true,"href":"https:\/\/www.editionkeiper.at\/shop\/wp-json\/wp\/v2\/media\/1578"}],"wp:attachment":[{"href":"https:\/\/www.editionkeiper.at\/shop\/wp-json\/wp\/v2\/media?parent=992"}],"wp:term":[{"taxonomy":"brand","embeddable":true,"href":"https:\/\/www.editionkeiper.at\/shop\/wp-json\/wp\/v2\/etheme_brands?post=992"},{"taxonomy":"product_brand","embeddable":true,"href":"https:\/\/www.editionkeiper.at\/shop\/wp-json\/wp\/v2\/product_brand?post=992"},{"taxonomy":"product_cat","embeddable":true,"href":"https:\/\/www.editionkeiper.at\/shop\/wp-json\/wp\/v2\/product_cat?post=992"},{"taxonomy":"product_tag","embeddable":true,"href":"https:\/\/www.editionkeiper.at\/shop\/wp-json\/wp\/v2\/product_tag?post=992"},{"taxonomy":"yst_prominent_words","embeddable":true,"href":"https:\/\/www.editionkeiper.at\/shop\/wp-json\/wp\/v2\/yst_prominent_words?post=992"}],"curies":[{"name":"wp","href":"https:\/\/api.w.org\/{rel}","templated":true}]}}