{"id":967,"date":"2014-05-01T14:20:15","date_gmt":"2014-05-01T12:20:15","guid":{"rendered":"https:\/\/www.editionkeiper.at\/shop\/produkt\/gelbes-gelaechter\/"},"modified":"2021-03-08T21:34:07","modified_gmt":"2021-03-08T20:34:07","slug":"gelbes-gelaechter","status":"publish","type":"product","link":"https:\/\/www.editionkeiper.at\/shop\/produkt\/gelbes-gelaechter\/","title":{"rendered":"Gelbes Gel\u00e4chter"},"content":{"rendered":"<h2>Gelbes Gel\u00e4chter<\/h2>\n<p><strong>Noch eine l\u00e4ngere Geschichte<\/strong><\/p>\n<p>von <strong><a href=\"https:\/\/www.editionkeiper.at\/shop\/hiebel-hans-helmut\/\">Hans Helmut Hiebel<\/a><br \/>\n<\/strong><\/p>\n<p>&#8222;Gelbes Gel\u00e4chter&#8220; kn\u00fcpft an den autobiografischen Roman &#8222;Und keine Wiederkehr&#8220; an und zeigt den Werdegang eines M\u00f6chtegernk\u00fcnstlers von der Gymnasialzeit bis zum Studium der Germanistik und Anglistik. &#8222;Der Mais h\u00e4lt sein gelbes Gel\u00e4chter&#8220;, dieses Zitat aus einem Gedicht Gracia Lorcas, verdeutlicht das Interesse des Protagonisten an Lyrik, Malerei und Musik. Oft humoristisch eingef\u00e4rbte Anekdoten unterbrechen den chronologischen Ablauf der zweiten, &#8222;l\u00e4ngeren Geschichte&#8220;, in der die Bildung und Missbildung eines Sch\u00fclers und Studenten bis zum angehenden Wissenschaftler, der Adalbert Stifter und Franz Kafka studiert, geschildert wird. Ein Genuss f\u00fcr Literaturliebhaber\/innen, die in &#8222;Gelbes Gel\u00e4chter&#8220; praktisch Seite f\u00fcr Seite dem Kanon der detuschen Literatur begegnen, pr\u00e4sentiert mit einem verschmitzten Augenzwinkern, welches Lust darauf macht, sofort zu diesem oder jenem Buch zu greifen und nachzulesen, was Hiebel da mit wohltuender Distanz in diese &#8222;noch l\u00e4ngere Geschichte&#8220; verpackt.<\/p>\n<p>&nbsp;<\/p>\n<p><strong>Preis:<\/strong> AT \u20ac 18,70 \/ DE \u20ac 18.19<\/p>\n<p><strong>Seiten:<\/strong>\u00a0240<\/p>\n<p><strong>ISBN13:<\/strong>\u00a0978-3-902901-40-8<\/p>\n<p><strong>Erscheinungsdatum:<\/strong>\u00a005.2014<\/p>\n<p><strong>Sprache:<\/strong>\u00a0Deutsch<\/p>\n<p><strong>Format:<\/strong>\u00a020,0 x 12,0 cm;\u00a0Gebunden;\u00a0Buch fester Einband (Hardcover)<\/p>\n","protected":false},"excerpt":{"rendered":"<p>&#8222;Gelbes Gel\u00e4chter&#8220; kn\u00fcpft an den autobiografischen Roman &#8222;Und keine Wiederkehr&#8220; an und zeigt den Werdegang eines M\u00f6chtegernk\u00fcnstlers von der Gymnasialzeit bis zum Studium der Germanistik und Anglistik. &#8222;Der Mais h\u00e4lt sein gelbes Gel\u00e4chter&#8220;, dieses Zitat aus einem Gedicht Gracia Lorcas, verdeutlicht das Interesse des Protagonisten an Lyrik, Malerei und Musik.<\/p>\n","protected":false},"featured_media":1445,"comment_status":"closed","ping_status":"closed","template":"","meta":[],"etheme_brands":[],"product_brand":[],"product_cat":[3089],"product_tag":[285,1036,1042,339,1038,1035,348,1040,218,1037,1041,673,1039],"yst_prominent_words":[],"class_list":{"0":"post-967","1":"product","2":"type-product","3":"status-publish","4":"has-post-thumbnail","6":"product_cat-biografie","7":"product_tag-biografie","8":"product_tag-eine-laengere-geschichte","9":"product_tag-heimatvertreibung","10":"product_tag-hiebel","11":"product_tag-kafka","12":"product_tag-karl-franzens-universitaet","13":"product_tag-literatur","14":"product_tag-neuverwurzelung","15":"product_tag-roman","16":"product_tag-stifter","17":"product_tag-sueddeutsche-zeitung","18":"product_tag-und-keine-wiederkehr","19":"product_tag-westdeutschland","21":"first","22":"instock","23":"shipping-taxable","24":"purchasable","25":"product-type-simple"},"_links":{"self":[{"href":"https:\/\/www.editionkeiper.at\/shop\/wp-json\/wp\/v2\/product\/967","targetHints":{"allow":["GET"]}}],"collection":[{"href":"https:\/\/www.editionkeiper.at\/shop\/wp-json\/wp\/v2\/product"}],"about":[{"href":"https:\/\/www.editionkeiper.at\/shop\/wp-json\/wp\/v2\/types\/product"}],"replies":[{"embeddable":true,"href":"https:\/\/www.editionkeiper.at\/shop\/wp-json\/wp\/v2\/comments?post=967"}],"wp:featuredmedia":[{"embeddable":true,"href":"https:\/\/www.editionkeiper.at\/shop\/wp-json\/wp\/v2\/media\/1445"}],"wp:attachment":[{"href":"https:\/\/www.editionkeiper.at\/shop\/wp-json\/wp\/v2\/media?parent=967"}],"wp:term":[{"taxonomy":"brand","embeddable":true,"href":"https:\/\/www.editionkeiper.at\/shop\/wp-json\/wp\/v2\/etheme_brands?post=967"},{"taxonomy":"product_brand","embeddable":true,"href":"https:\/\/www.editionkeiper.at\/shop\/wp-json\/wp\/v2\/product_brand?post=967"},{"taxonomy":"product_cat","embeddable":true,"href":"https:\/\/www.editionkeiper.at\/shop\/wp-json\/wp\/v2\/product_cat?post=967"},{"taxonomy":"product_tag","embeddable":true,"href":"https:\/\/www.editionkeiper.at\/shop\/wp-json\/wp\/v2\/product_tag?post=967"},{"taxonomy":"yst_prominent_words","embeddable":true,"href":"https:\/\/www.editionkeiper.at\/shop\/wp-json\/wp\/v2\/yst_prominent_words?post=967"}],"curies":[{"name":"wp","href":"https:\/\/api.w.org\/{rel}","templated":true}]}}

Gelbes Gelächter

<h2>Gelbes Gelächter</h2>
<p><strong>Noch eine längere Geschichte</strong></p>
<p>von <strong><a href="https://www.editionkeiper.at/shop/hiebel-hans-helmut/">Hans Helmut Hiebel</a><br />
</strong></p>
<p>&#8222;Gelbes Gelächter&#8220; knüpft an den autobiografischen Roman &#8222;Und keine Wiederkehr&#8220; an und zeigt den Werdegang eines Möchtegernkünstlers von der Gymnasialzeit bis zum Studium der Germanistik und Anglistik. &#8222;Der Mais hält sein gelbes Gelächter&#8220;, dieses Zitat aus einem Gedicht Gracia Lorcas, verdeutlicht das Interesse des Protagonisten an Lyrik, Malerei und Musik. Oft humoristisch eingefärbte Anekdoten unterbrechen den chronologischen Ablauf der zweiten, &#8222;längeren Geschichte&#8220;, in der die Bildung und Missbildung eines Schülers und Studenten bis zum angehenden Wissenschaftler, der Adalbert Stifter und Franz Kafka studiert, geschildert wird. Ein Genuss für Literaturliebhaber/innen, die in &#8222;Gelbes Gelächter&#8220; praktisch Seite für Seite dem Kanon der detuschen Literatur begegnen, präsentiert mit einem verschmitzten Augenzwinkern, welches Lust darauf macht, sofort zu diesem oder jenem Buch zu greifen und nachzulesen, was Hiebel da mit wohltuender Distanz in diese &#8222;noch längere Geschichte&#8220; verpackt.</p>
<p>&nbsp;</p>
<p><strong>Preis:</strong> AT € 18,70 / DE € 18.19</p>
<p><strong>Seiten:</strong> 240</p>
<p><strong>ISBN13:</strong> 978-3-902901-40-8</p>
<p><strong>Erscheinungsdatum:</strong> 05.2014</p>
<p><strong>Sprache:</strong> Deutsch</p>
<p><strong>Format:</strong> 20,0 x 12,0 cm; Gebunden; Buch fester Einband (Hardcover)</p>

<p>&#8222;Gelbes Gelächter&#8220; knüpft an den autobiografischen Roman &#8222;Und keine Wiederkehr&#8220; an und zeigt den Werdegang eines Möchtegernkünstlers von der Gymnasialzeit bis zum Studium der Germanistik und Anglistik. &#8222;Der Mais hält sein gelbes Gelächter&#8220;, dieses Zitat aus einem Gedicht Gracia Lorcas, verdeutlicht das Interesse des Protagonisten an Lyrik, Malerei und Musik.</p>
