{"id":966,"date":"2013-12-12T14:20:15","date_gmt":"2013-12-12T13:20:15","guid":{"rendered":"https:\/\/www.editionkeiper.at\/shop\/produkt\/light-noise-objects-installations-licht-geraeusch-objekte-installationen\/"},"modified":"2021-03-08T21:30:09","modified_gmt":"2021-03-08T20:30:09","slug":"light-noise-objects-installations-licht-geraeusch-objekte-installationen","status":"publish","type":"product","link":"https:\/\/www.editionkeiper.at\/shop\/produkt\/light-noise-objects-installations-licht-geraeusch-objekte-installationen\/","title":{"rendered":"LIGHT &#038; NOISE &#8211; OBJECTS &#038; INSTALLATIONS \/ LICHT &#038; GER\u00c4USCH &#8211; OBJEKTE &#038; INSTALLATIONEN"},"content":{"rendered":"<h2>LIGHT &amp; NOISE &#8211; OBJECTS &amp; INSTALLATIONS \/ LICHT &amp; GER\u00c4USCH &#8211; OBJEKTE &amp; INSTALLATIONEN<\/h2>\n<p>von <strong><a href=\"https:\/\/www.editionkeiper.at\/shop\/resch-alfred\/\">Alfred Resch<\/a>, G\u00fcnther Holler-Schuster, Martin Behr, Erwin Fiala, Walter Titz, Herbert Nichols-Schweiger, Matthias Reichelt, Astrid Kury,\u00a0 Christina von Mecklenburg, Wenzel Mracek, Ute Angeringer<br \/>\n<\/strong><\/p>\n<p>Ein Spiel mit Licht und Schall! Alfred Resch &#8211; ein K\u00fcnstler, der nicht im Bestreben verharrt, Neuland zu entdecken, sondern st\u00e4ndig Neuland betritt und im unbek\u00fcmmerten \u00dcberschreiten von Grenzen f\u00fcr geh\u00f6rig Irritation sorgt. Als Maler, Objektk\u00fcnstler und Fotograf schafft er ein k\u00fcnstlerisches Universum, in dem es leuchtet und rauscht, wo bunte Kabel und Dr\u00e4hte sich mit Steckern und Leuchtdioden zu Lichtkn\u00e4uel formen, die unter der Decke gleichsam schweben, die am K\u00f6rper getragen werden oder als Wandgem\u00e4lde ein eindruckvolles Statement zum Malerei-ohne-Malerei-Diskurs darstellen. Format: 27,3 x 22,0 cm Mit Textbeitr\u00e4gen von G\u00fcnther Holler-Schuster, Martin Behr, Erwin Fiala, Walter Titz, Herbert Nichols-Schweiger, Matthias Reichelt, Astrid Kury, Christina von Mecklenburg, Wenzel Mracek und Ute Angeringer. Bei Resch gehen Licht und Schall mit Raum und Zeit einen gewagten Dialog ein &#8211; \u00e4sthetisch, mutig, zuweilen provokant, und immer der pathosfreien Poesie verpflichtet.<\/p>\n<p>&nbsp;<\/p>\n<p><strong>Preis:<\/strong> AT \u20ac 28,60 \/ DE \u20ac 27.82<\/p>\n<p><strong>Seiten:<\/strong>\u00a0240<\/p>\n<p><strong>ISBN13:<\/strong>\u00a0978-3-902901-41-5<\/p>\n<p><strong>Erscheinungsdatum:<\/strong>\u00a012.12.2013<\/p>\n<p><strong>Sprache:<\/strong>\u00a0Deutsch; Englisch<\/p>\n<p><strong>Format:<\/strong>\u00a027,3 x 22,0 cm;\u00a0Gebunden;\u00a0Buch fester Einband (Hardcover)<\/p>\n","protected":false},"excerpt":{"rendered":"<p>Ein Spiel mit Licht und Schall! Alfred Resch &#8211; ein K\u00fcnstler, der nicht im Bestreben verharrt, Neuland zu entdecken, sondern st\u00e4ndig Neuland betritt und im unbek\u00fcmmerten \u00dcberschreiten von Grenzen f\u00fcr geh\u00f6rig Irritation sorgt.<\/p>\n","protected":false},"featured_media":1532,"comment_status":"closed","ping_status":"closed","template":"","meta":[],"etheme_brands":[],"product_brand":[],"product_cat":[1364],"product_tag":[1033,729,1013,1030,119,697,1031,979,668,1029,1032,974,1034],"yst_prominent_words":[],"class_list":{"0":"post-966","1":"product","2":"type-product","3":"status-publish","4":"has-post-thumbnail","6":"product_cat-kunst-und-fotografie","7":"product_tag-alfred-resch","8":"product_tag-architektur","9":"product_tag-fruehjahr-2014","10":"product_tag-gebunden-in-leinen","11":"product_tag-kunst","12":"product_tag-kunstbuch","13":"product_tag-licht-und-geraeusch","14":"product_tag-malerei","15":"product_tag-neuerscheinung","16":"product_tag-objekte-und-installationen","17":"product_tag-objektkuenstler","18":"product_tag-zeitgenoessische-kunst","19":"product_tag-zweisprachig-deutschenglisch","21":"first","22":"instock","23":"shipping-taxable","24":"purchasable","25":"product-type-simple"},"_links":{"self":[{"href":"https:\/\/www.editionkeiper.at\/shop\/wp-json\/wp\/v2\/product\/966","targetHints":{"allow":["GET"]}}],"collection":[{"href":"https:\/\/www.editionkeiper.at\/shop\/wp-json\/wp\/v2\/product"}],"about":[{"href":"https:\/\/www.editionkeiper.at\/shop\/wp-json\/wp\/v2\/types\/product"}],"replies":[{"embeddable":true,"href":"https:\/\/www.editionkeiper.at\/shop\/wp-json\/wp\/v2\/comments?post=966"}],"wp:featuredmedia":[{"embeddable":true,"href":"https:\/\/www.editionkeiper.at\/shop\/wp-json\/wp\/v2\/media\/1532"}],"wp:attachment":[{"href":"https:\/\/www.editionkeiper.at\/shop\/wp-json\/wp\/v2\/media?parent=966"}],"wp:term":[{"taxonomy":"brand","embeddable":true,"href":"https:\/\/www.editionkeiper.at\/shop\/wp-json\/wp\/v2\/etheme_brands?post=966"},{"taxonomy":"product_brand","embeddable":true,"href":"https:\/\/www.editionkeiper.at\/shop\/wp-json\/wp\/v2\/product_brand?post=966"},{"taxonomy":"product_cat","embeddable":true,"href":"https:\/\/www.editionkeiper.at\/shop\/wp-json\/wp\/v2\/product_cat?post=966"},{"taxonomy":"product_tag","embeddable":true,"href":"https:\/\/www.editionkeiper.at\/shop\/wp-json\/wp\/v2\/product_tag?post=966"},{"taxonomy":"yst_prominent_words","embeddable":true,"href":"https:\/\/www.editionkeiper.at\/shop\/wp-json\/wp\/v2\/yst_prominent_words?post=966"}],"curies":[{"name":"wp","href":"https:\/\/api.w.org\/{rel}","templated":true}]}}