{"id":9637,"date":"2022-01-18T17:20:46","date_gmt":"2022-01-18T16:20:46","guid":{"rendered":"https:\/\/www.editionkeiper.at\/shop\/?post_type=product&#038;p=9637"},"modified":"2024-06-24T15:51:52","modified_gmt":"2024-06-24T13:51:52","slug":"vaterstadt","status":"publish","type":"product","link":"https:\/\/www.editionkeiper.at\/shop\/produkt\/vaterstadt\/","title":{"rendered":"Vaterstadt"},"content":{"rendered":"<h2>Vaterstadt<\/h2>\n<p>von <a href=\"https:\/\/www.editionkeiper.at\/shop\/tsybrovskyy-jana\/\">Jana Tsybrovskyy<\/a><\/p>\n<p>Katjas Familie entflieht den politischen Verh\u00e4ltnissen in der Ukraine und kommt nach Graz. Katja, die in diesem Umzug eine gro\u00dfe Chance sieht, muss sich nun ihr Leben, ihr Umfeld neu aufbauen. Da sie, uneingestanden, von Zukunftssorgen und Trennungs\u00e4ngsten geplagt wird und Sehnsucht nach Zugeh\u00f6rigkeit und Freundschaft hat, schlie\u00dft sie sich einer aggressiven Gruppierung an \u2013 und ist mit Diebstahl, Drogen und sexueller Abh\u00e4ngigkeit konfrontiert. Aber sie lernt auch wirkliche Freundschaft und tiefe Gef\u00fchle kennen.<span class=\"Apple-converted-space\"><br \/>\n<\/span>Das Buch handelt vom Entfalten einer jugendlichen Existenz, die sich fr\u00fch mit Abschied und Neuorientierung auseinandersetzen muss. Und mit Verlust: Ihre gro\u00dfe Sehnsucht, die Stadt ihres Vaters mit ihm zu erkunden, wird sich nicht erf\u00fcllen.<\/p>\n<p><strong>Preis:<\/strong> AT \u20ac 18,00 \/ DE \u20ac 17,51<\/p>\n<p><strong>ISBN13: <\/strong>978-3-903322-54-7<\/p>\n<p><strong>Erscheinungsdatum:<\/strong> Mai 2022<\/p>\n<p><strong>Seiten:<\/strong> ca. 250<\/p>\n<p><strong>Sprache:<\/strong>\u00a0Deutsch<\/p>\n<p><strong>Format:<\/strong> 12 x 20 cm; Broschur<\/p>\n<p><a href=\"https:\/\/www.editionkeiper.at\/shop\/wp-content\/uploads\/2022\/01\/Leseprobe_Tsybrovskyy_Jana_Vaterstadt_Jugendroman_edition_keiper_Oesterreich_Graz.pdf\" target=\"_blank\" rel=\"noopener\"><img loading=\"lazy\" loading=\"lazy\" decoding=\"async\" class=\"alignnone size-full wp-image-9320\" src=\"https:\/\/www.editionkeiper.at\/shop\/wp-content\/uploads\/2021\/06\/Leseprobe_Verlag_Keiper.png\" alt=\"\" width=\"90\" height=\"125\" srcset=\"https:\/\/www.editionkeiper.at\/shop\/wp-content\/uploads\/2021\/06\/Leseprobe_Verlag_Keiper.png 90w, https:\/\/www.editionkeiper.at\/shop\/wp-content\/uploads\/2021\/06\/Leseprobe_Verlag_Keiper-7x10.png 7w\" sizes=\"auto, (max-width: 90px) 100vw, 90px\" \/><\/a><\/p>\n<p>&nbsp;<\/p>\n","protected":false},"excerpt":{"rendered":"<p>Welchen Hintergrund bringen Menschen \u2013 Schulkolleg\/innen, Nachbarn \u2013 mit, die aus anderen L\u00e4ndern zu uns kommen?\u00a0Dieses Buch, mit seinem verst\u00e4ndnisstiftenden Fokus, sensibilisiert und r\u00fcttelt auf \u2013 und ist deshalb gerade f\u00fcr Schulen dringend empfohlen!<\/p>\n<ul>\n<li>Ein famoses St\u00fcck Jugendliteratur \u2013 von einer Jugendlichen f\u00fcr Jugendliche<br \/>\ngeschrieben.<\/li>\n<li>Die 18-j\u00e4hrige Jana Tsybrovskyy \u00fcberzeugt mit hoher erz\u00e4hlerischer Begabung und psychologischem Einf\u00fchlungsverm\u00f6gen.<\/li>\n<li>Neuerlich ein \u00fcberzeugender Titel aus unserer Reihe \u201eJugend schreibt\u201c!<\/li>\n<\/ul>\n","protected":false},"featured_media":9884,"comment_status":"closed","ping_status":"closed","template":"","meta":[],"etheme_brands":[],"product_brand":[],"product_cat":[4648,4629,3690],"product_tag":[4033,4037,582,4032,113,275,241,3054,137,2571,382,4034,4035,4031,599,930,4036],"yst_prominent_words":[],"class_list":{"0":"post-9637","1":"product","2":"type-product","3":"status-publish","4":"has-post-thumbnail","6":"product_cat-jugend","7":"product_cat-jugend-schreibt","8":"product_cat-jugendromane","9":"product_tag-abschied","10":"product_tag-chancen","11":"product_tag-drogen","12":"product_tag-fluechtling","13":"product_tag-freundschaft","14":"product_tag-gewalt","15":"product_tag-graz","16":"product_tag-jugend-schreibt","17":"product_tag-jugendliteratur","18":"product_tag-jugendroman","19":"product_tag-liebe","20":"product_tag-neuorientierung","21":"product_tag-trennung","22":"product_tag-ukraine","23":"product_tag-verlust","24":"product_tag-zukunft","25":"product_tag-zukunftssorgen","27":"first","28":"instock","29":"shipping-taxable","30":"purchasable","31":"product-type-simple"},"_links":{"self":[{"href":"https:\/\/www.editionkeiper.at\/shop\/wp-json\/wp\/v2\/product\/9637","targetHints":{"allow":["GET"]}}],"collection":[{"href":"https:\/\/www.editionkeiper.at\/shop\/wp-json\/wp\/v2\/product"}],"about":[{"href":"https:\/\/www.editionkeiper.at\/shop\/wp-json\/wp\/v2\/types\/product"}],"replies":[{"embeddable":true,"href":"https:\/\/www.editionkeiper.at\/shop\/wp-json\/wp\/v2\/comments?post=9637"}],"wp:featuredmedia":[{"embeddable":true,"href":"https:\/\/www.editionkeiper.at\/shop\/wp-json\/wp\/v2\/media\/9884"}],"wp:attachment":[{"href":"https:\/\/www.editionkeiper.at\/shop\/wp-json\/wp\/v2\/media?parent=9637"}],"wp:term":[{"taxonomy":"brand","embeddable":true,"href":"https:\/\/www.editionkeiper.at\/shop\/wp-json\/wp\/v2\/etheme_brands?post=9637"},{"taxonomy":"product_brand","embeddable":true,"href":"https:\/\/www.editionkeiper.at\/shop\/wp-json\/wp\/v2\/product_brand?post=9637"},{"taxonomy":"product_cat","embeddable":true,"href":"https:\/\/www.editionkeiper.at\/shop\/wp-json\/wp\/v2\/product_cat?post=9637"},{"taxonomy":"product_tag","embeddable":true,"href":"https:\/\/www.editionkeiper.at\/shop\/wp-json\/wp\/v2\/product_tag?post=9637"},{"taxonomy":"yst_prominent_words","embeddable":true,"href":"https:\/\/www.editionkeiper.at\/shop\/wp-json\/wp\/v2\/yst_prominent_words?post=9637"}],"curies":[{"name":"wp","href":"https:\/\/api.w.org\/{rel}","templated":true}]}}