{"id":941,"date":"2014-11-25T14:19:54","date_gmt":"2014-11-25T13:19:54","guid":{"rendered":"https:\/\/www.editionkeiper.at\/shop\/produkt\/k-u-l-m-mitteilungen-2\/"},"modified":"2021-03-08T21:39:48","modified_gmt":"2021-03-08T20:39:48","slug":"k-u-l-m-mitteilungen-2","status":"publish","type":"product","link":"https:\/\/www.editionkeiper.at\/shop\/produkt\/k-u-l-m-mitteilungen-2\/","title":{"rendered":"K.U.L.M. Mitteilungen 2"},"content":{"rendered":"<h2>K.U.L.M. Mitteilungen 2<\/h2>\n<p><strong>(Ver)Wandel(n) 2014<\/strong><\/p>\n<p>Herausgegeben von\u00a0 <a href=\"https:\/\/www.editionkeiper.at\/shop\/frankenberger-richard\/\">Richard Frankenberger<\/a><\/p>\n<p>\u201eK\u00f6nnen B\u00e4ume auch sterben?\u201c Natur ist, sie war (scheinbar) immer und es wird sie (scheinbar) immer geben. Umso unvorstellbarer ist dementsprechend auch die Vorstellung des Todes der Natur selbst oder einzelner Naturph\u00e4nomene. Aber der Tod, das unaufh\u00f6rliche Vergehen, Absterben und Verschwinden geh\u00f6rt der Natur vollkommen \u201enat\u00fcrlich\u201c an \u2013 er ist Teil des (Ver)Wandel(n)s, der unabl\u00e4ssigen Ver\u00e4nderungen, ohne die Natur eben nicht Natur w\u00e4re. In Frage steht also nicht, ob sich Natur (auch zum Tode hin) \u201everwandelt\u201c, sondern vielmehr wie! In Frage steht, ob Natur nat\u00fcrlich stirbt oder durch Menschenhand! (Erwin Fiala)<\/p>\n<p>&nbsp;<\/p>\n<p><strong>Preis:<\/strong> AT \u20ac 24,50 \/ DE \u20ac 23.83<\/p>\n<p><strong>Seiten:<\/strong>\u00a0168<\/p>\n<p><strong>ISBN13:<\/strong>\u00a0978-3-902901-66-8<\/p>\n<p><strong>Erscheinungsdatum:<\/strong>\u00a025.11.2014<\/p>\n<p><strong>Sprache:<\/strong>\u00a0Deutsch<\/p>\n<p><strong>Format:<\/strong>\u00a021,0 x 14,8 cm;\u00a0Englische Broschur; flexibler Einband (Paperback)<\/p>\n","protected":false},"excerpt":{"rendered":"<p>\u201eK\u00f6nnen B\u00e4ume auch sterben?\u201c Natur ist, sie war (scheinbar) immer und es wird sie (scheinbar) immer geben. Umso unvorstellbarer ist dementsprechend auch die Vorstellung des Todes der Natur selbst oder einzelner Naturph\u00e4nomene.<\/p>\n","protected":false},"featured_media":1424,"comment_status":"closed","ping_status":"closed","template":"","meta":[],"etheme_brands":[],"product_brand":[],"product_cat":[1364],"product_tag":[775,769,774,241,772,770,117,119,773,209,121],"yst_prominent_words":[],"class_list":{"0":"post-941","1":"product","2":"type-product","3":"status-publish","4":"has-post-thumbnail","6":"product_cat-kunst-und-fotografie","7":"product_tag-verwandeln-2014","8":"product_tag-erwin-fiala","9":"product_tag-frankenberger","10":"product_tag-graz","11":"product_tag-k-u-l-m","12":"product_tag-k-u-l-m-mitteilungen-2","13":"product_tag-keiper","14":"product_tag-kunst","15":"product_tag-richard","16":"product_tag-steiermark","17":"product_tag-verlag","19":"first","20":"instock","21":"shipping-taxable","22":"purchasable","23":"product-type-simple"},"_links":{"self":[{"href":"https:\/\/www.editionkeiper.at\/shop\/wp-json\/wp\/v2\/product\/941","targetHints":{"allow":["GET"]}}],"collection":[{"href":"https:\/\/www.editionkeiper.at\/shop\/wp-json\/wp\/v2\/product"}],"about":[{"href":"https:\/\/www.editionkeiper.at\/shop\/wp-json\/wp\/v2\/types\/product"}],"replies":[{"embeddable":true,"href":"https:\/\/www.editionkeiper.at\/shop\/wp-json\/wp\/v2\/comments?post=941"}],"wp:featuredmedia":[{"embeddable":true,"href":"https:\/\/www.editionkeiper.at\/shop\/wp-json\/wp\/v2\/media\/1424"}],"wp:attachment":[{"href":"https:\/\/www.editionkeiper.at\/shop\/wp-json\/wp\/v2\/media?parent=941"}],"wp:term":[{"taxonomy":"brand","embeddable":true,"href":"https:\/\/www.editionkeiper.at\/shop\/wp-json\/wp\/v2\/etheme_brands?post=941"},{"taxonomy":"product_brand","embeddable":true,"href":"https:\/\/www.editionkeiper.at\/shop\/wp-json\/wp\/v2\/product_brand?post=941"},{"taxonomy":"product_cat","embeddable":true,"href":"https:\/\/www.editionkeiper.at\/shop\/wp-json\/wp\/v2\/product_cat?post=941"},{"taxonomy":"product_tag","embeddable":true,"href":"https:\/\/www.editionkeiper.at\/shop\/wp-json\/wp\/v2\/product_tag?post=941"},{"taxonomy":"yst_prominent_words","embeddable":true,"href":"https:\/\/www.editionkeiper.at\/shop\/wp-json\/wp\/v2\/yst_prominent_words?post=941"}],"curies":[{"name":"wp","href":"https:\/\/api.w.org\/{rel}","templated":true}]}}

<h2>K.U.L.M. Mitteilungen 2</h2>
<p><strong>(Ver)Wandel(n) 2014</strong></p>
<p>Herausgegeben von  <a href="https://www.editionkeiper.at/shop/frankenberger-richard/">Richard Frankenberger</a></p>
<p>„Können Bäume auch sterben?“ Natur ist, sie war (scheinbar) immer und es wird sie (scheinbar) immer geben. Umso unvorstellbarer ist dementsprechend auch die Vorstellung des Todes der Natur selbst oder einzelner Naturphänomene. Aber der Tod, das unaufhörliche Vergehen, Absterben und Verschwinden gehört der Natur vollkommen „natürlich“ an – er ist Teil des (Ver)Wandel(n)s, der unablässigen Veränderungen, ohne die Natur eben nicht Natur wäre. In Frage steht also nicht, ob sich Natur (auch zum Tode hin) „verwandelt“, sondern vielmehr wie! In Frage steht, ob Natur natürlich stirbt oder durch Menschenhand! (Erwin Fiala)</p>
<p>&nbsp;</p>
<p><strong>Preis:</strong> AT € 24,50 / DE € 23.83</p>
<p><strong>Seiten:</strong> 168</p>
<p><strong>ISBN13:</strong> 978-3-902901-66-8</p>
<p><strong>Erscheinungsdatum:</strong> 25.11.2014</p>
<p><strong>Sprache:</strong> Deutsch</p>
<p><strong>Format:</strong> 21,0 x 14,8 cm; Englische Broschur; flexibler Einband (Paperback)</p>

<p>„Können Bäume auch sterben?“ Natur ist, sie war (scheinbar) immer und es wird sie (scheinbar) immer geben. Umso unvorstellbarer ist dementsprechend auch die Vorstellung des Todes der Natur selbst oder einzelner Naturphänomene.</p>
