{"id":927,"date":"2015-10-28T14:19:54","date_gmt":"2015-10-28T13:19:54","guid":{"rendered":"https:\/\/www.editionkeiper.at\/shop\/produkt\/tote-musik\/"},"modified":"2021-11-08T20:48:33","modified_gmt":"2021-11-08T19:48:33","slug":"tote-musik","status":"publish","type":"product","link":"https:\/\/www.editionkeiper.at\/shop\/produkt\/tote-musik\/","title":{"rendered":"Tote Musik"},"content":{"rendered":"<h2>Tote Musik<\/h2>\n<p><strong>und andere Erz\u00e4hlungen<\/strong><\/p>\n<p>von\u00a0<strong><a href=\"https:\/\/www.editionkeiper.at\/shop\/mixner-manfred\/\" rel=\"noopener\">Manfred Mixner<\/a><br \/>\n<\/strong><\/p>\n<p>Manfred Mixner zu seinem Erz\u00e4hlband: \u201eDie Erz\u00e4hlungen in diesem Buch sind in der Einsamkeit des s\u00fcdschwedischen Waldes entstanden. Die Figuren tauchten unvermutet auf, leisteten mir an langen Winterabenden und Regentagen Gesellschaft, betrachteten mich als immer anderen Gespr\u00e4chspartner. Sie brachten ihre Geschichten und ihre Landschaften mit, schufen eine festliche Gleichzeitigkeit von hier und dort, von damals und jetzt, dass es mir, der ich ja trotz aller Wandlungen als Erz\u00e4hler immer der Gleiche bleibe, zu viel zu werden drohte. Ich war jedes Mal froh, wenn sie mich wieder verlassen hatten. Verheimatet in der Fremde ist es ein Leichtes, Bilder schwerelos kommen und wieder verschwinden zu lassen. Du trittst heraus aus deiner Lebensgeschichte, aufgeregt oder still, um zu erz\u00e4hlen, f\u00fcr keinen Verrat und keine Niedertracht musst du dich dabei r\u00e4chen. Die Geschichten sind an ihrem Horizont miteinander verkn\u00fcpft. Sie haben ihren Ort, ihre Zeit \u2013 nie und nirgendwo.\u201c<\/p>\n<p>&nbsp;<\/p>\n<p><strong>Preis:<\/strong> AT \u20ac 17,60 \/ DE \u20ac 17.12<\/p>\n<p><strong>Seiten:<\/strong>\u00a0192<\/p>\n<p><strong>ISBN13:<\/strong>\u00a0978-3-902901-78-1<\/p>\n<p><strong>Erscheinungsdatum:<\/strong>\u00a028.10.2015<\/p>\n<p><strong>Sprache:<\/strong>\u00a0Deutsch<\/p>\n<p><strong>Format:<\/strong>\u00a020,0 x 12,0 cm; flexibler Einband (Paperback)<\/p>\n","protected":false},"excerpt":{"rendered":"<p>Manfred Mixner zu seinem Erz\u00e4hlband: \u201eDie Erz\u00e4hlungen in diesem Buch sind in der Einsamkeit des s\u00fcdschwedischen Waldes entstanden. Die Figuren tauchten unvermutet auf, leisteten mir an langen Winterabenden und Regentagen Gesellschaft, betrachteten mich als immer anderen Gespr\u00e4chspartner &#8230;\u00a0Die Geschichten sind an ihrem Horizont miteinander verkn\u00fcpft. Sie haben ihren Ort, ihre Zeit \u2013 nie und nirgendwo.\u201c<\/p>\n","protected":false},"featured_media":1509,"comment_status":"closed","ping_status":"closed","template":"","meta":[],"etheme_brands":[],"product_brand":[],"product_cat":[3685],"product_tag":[336,661,356,577,660,1384,241,117,348,247,663,323,662,218,499,209,121,480,109],"yst_prominent_words":[3476,3474,3477],"class_list":{"0":"post-927","1":"product","2":"type-product","3":"status-publish","4":"has-post-thumbnail","6":"product_cat-erzaehlungen","7":"product_tag-belletristik","8":"product_tag-der-ziegenkopf","9":"product_tag-edition-keiper","10":"product_tag-erzaehlungen","11":"product_tag-gegenwartsliteratur","12":"product_tag-geschichten-von-anderen","13":"product_tag-graz","14":"product_tag-keiper","15":"product_tag-literatur","16":"product_tag-mixner","17":"product_tag-oe1","18":"product_tag-oesterreich","19":"product_tag-reise-nach-abydos","20":"product_tag-roman","21":"product_tag-schweden","22":"product_tag-steiermark","23":"product_tag-verlag","24":"product_tag-verstrickt-in-geschichten","25":"product_tag-www-editionkeiper-at","27":"first","28":"instock","29":"shipping-taxable","30":"purchasable","31":"product-type-simple"},"_links":{"self":[{"href":"https:\/\/www.editionkeiper.at\/shop\/wp-json\/wp\/v2\/product\/927","targetHints":{"allow":["GET"]}}],"collection":[{"href":"https:\/\/www.editionkeiper.at\/shop\/wp-json\/wp\/v2\/product"}],"about":[{"href":"https:\/\/www.editionkeiper.at\/shop\/wp-json\/wp\/v2\/types\/product"}],"replies":[{"embeddable":true,"href":"https:\/\/www.editionkeiper.at\/shop\/wp-json\/wp\/v2\/comments?post=927"}],"wp:featuredmedia":[{"embeddable":true,"href":"https:\/\/www.editionkeiper.at\/shop\/wp-json\/wp\/v2\/media\/1509"}],"wp:attachment":[{"href":"https:\/\/www.editionkeiper.at\/shop\/wp-json\/wp\/v2\/media?parent=927"}],"wp:term":[{"taxonomy":"brand","embeddable":true,"href":"https:\/\/www.editionkeiper.at\/shop\/wp-json\/wp\/v2\/etheme_brands?post=927"},{"taxonomy":"product_brand","embeddable":true,"href":"https:\/\/www.editionkeiper.at\/shop\/wp-json\/wp\/v2\/product_brand?post=927"},{"taxonomy":"product_cat","embeddable":true,"href":"https:\/\/www.editionkeiper.at\/shop\/wp-json\/wp\/v2\/product_cat?post=927"},{"taxonomy":"product_tag","embeddable":true,"href":"https:\/\/www.editionkeiper.at\/shop\/wp-json\/wp\/v2\/product_tag?post=927"},{"taxonomy":"yst_prominent_words","embeddable":true,"href":"https:\/\/www.editionkeiper.at\/shop\/wp-json\/wp\/v2\/yst_prominent_words?post=927"}],"curies":[{"name":"wp","href":"https:\/\/api.w.org\/{rel}","templated":true}]}}

<h2>Tote Musik</h2>
<p><strong>und andere Erzählungen</strong></p>
<p>von <strong><a href="https://www.editionkeiper.at/shop/mixner-manfred/" rel="noopener">Manfred Mixner</a><br />
</strong></p>
<p>Manfred Mixner zu seinem Erzählband: „Die Erzählungen in diesem Buch sind in der Einsamkeit des südschwedischen Waldes entstanden. Die Figuren tauchten unvermutet auf, leisteten mir an langen Winterabenden und Regentagen Gesellschaft, betrachteten mich als immer anderen Gesprächspartner. Sie brachten ihre Geschichten und ihre Landschaften mit, schufen eine festliche Gleichzeitigkeit von hier und dort, von damals und jetzt, dass es mir, der ich ja trotz aller Wandlungen als Erzähler immer der Gleiche bleibe, zu viel zu werden drohte. Ich war jedes Mal froh, wenn sie mich wieder verlassen hatten. Verheimatet in der Fremde ist es ein Leichtes, Bilder schwerelos kommen und wieder verschwinden zu lassen. Du trittst heraus aus deiner Lebensgeschichte, aufgeregt oder still, um zu erzählen, für keinen Verrat und keine Niedertracht musst du dich dabei rächen. Die Geschichten sind an ihrem Horizont miteinander verknüpft. Sie haben ihren Ort, ihre Zeit – nie und nirgendwo.“</p>
<p>&nbsp;</p>
<p><strong>Preis:</strong> AT € 17,60 / DE € 17.12</p>
<p><strong>Seiten:</strong> 192</p>
<p><strong>ISBN13:</strong> 978-3-902901-78-1</p>
<p><strong>Erscheinungsdatum:</strong> 28.10.2015</p>
<p><strong>Sprache:</strong> Deutsch</p>
<p><strong>Format:</strong> 20,0 x 12,0 cm; flexibler Einband (Paperback)</p>

<p>Manfred Mixner zu seinem Erzählband: „Die Erzählungen in diesem Buch sind in der Einsamkeit des südschwedischen Waldes entstanden. Die Figuren tauchten unvermutet auf, leisteten mir an langen Winterabenden und Regentagen Gesellschaft, betrachteten mich als immer anderen Gesprächspartner &#8230; Die Geschichten sind an ihrem Horizont miteinander verknüpft. Sie haben ihren Ort, ihre Zeit – nie und nirgendwo.“</p>
