{"id":900,"date":"2016-06-02T14:19:34","date_gmt":"2016-06-02T12:19:34","guid":{"rendered":"https:\/\/www.editionkeiper.at\/shop\/produkt\/v-power-die-konsequente-veraenderung\/"},"modified":"2026-03-18T14:08:35","modified_gmt":"2026-03-18T13:08:35","slug":"v-power-die-konsequente-veraenderung","status":"publish","type":"product","link":"https:\/\/www.editionkeiper.at\/shop\/produkt\/v-power-die-konsequente-veraenderung\/","title":{"rendered":"V-Power: Die konsequente Ver\u00e4nderung"},"content":{"rendered":"<h2>V-Power: Die konsequente Ver\u00e4nderung<\/h2>\n<p><strong>Durch spirituelle Psychologie und ver\u00e4nderte Sichtweisen zu einem erf\u00fcllten und befreiten Leben.<\/strong><\/p>\n<p>von\u00a0<strong> <a href=\"https:\/\/www.editionkeiper.at\/shop\/heimgartner-werner\/\">Werner Heimgartner<\/a><br \/>\n<\/strong><\/p>\n<p>Viele Menschen streben nach Gesundheit, Gl\u00fccksmomenten und Zufriedenheit, nach Erfolg, Freiheit, Kraft, Lebensfreude und Liebe. Um diesen Bed\u00fcrfnissen und Sehns\u00fcchten n\u00e4herzukommen, m\u00fcssen Menschen Ver\u00e4nderungen in ihrem Leben vornehmen. Werner Heimgartner betrachtet Ver\u00e4nderung aus verschiedenen Perspektiven und bietet Strategien, damit umzugehen. Wie erfahren wir, was die beste Ver\u00e4nderung f\u00fcr uns ist? Was oder wer hindert uns, Ver\u00e4nderungen zuzulassen? Wie kommen wir zu mehr Lebenskraft, um unsere Ziele zu erreichen? Dieses Buch verbindet Methoden der klassischen Psychologie mit tiefster Spiritualit\u00e4t. Die Unterschiede zwischen Spiritualit\u00e4t und Religion werden erl\u00e4utert. Wenn wir erkennen, wer wir wirklich sind und welche Bed\u00fcrfnisse unsere Seele hat, werden wir Ver\u00e4nderungen bejahen und selbst initiieren, unser Potenzial n\u00fctzen, unser Selbstwertgef\u00fchl steigern, die Verantwortung f\u00fcr unser Leben \u00fcbernehmen und unsere Ziele erreichen.<\/p>\n<p>&nbsp;<\/p>\n<p><strong>Preis:<\/strong> AT \u20ac 25,00 \/ DE \u20ac 24.32<\/p>\n<p><strong>Seiten:<\/strong>\u00a0408<\/p>\n<p><strong>ISBN13:<\/strong>\u00a0978-3-903144-06-4<\/p>\n<p><strong>Erscheinungsdatum:<\/strong>\u00a009.2016<\/p>\n<p><strong>Sprache:<\/strong>\u00a0Deutsch<\/p>\n<p><strong>Format:<\/strong>\u00a0flexibler Einband (Paperback)<\/p>\n","protected":false},"excerpt":{"rendered":"<p>Viele Menschen streben nach Gesundheit, Gl\u00fccksmomenten und Zufriedenheit, nach Erfolg, Freiheit, Kraft, Lebensfreude und Liebe. Um diesen Bed\u00fcrfnissen und Sehns\u00fcchten n\u00e4herzukommen, m\u00fcssen Menschen Ver\u00e4nderungen in ihrem Leben vornehmen. Werner Heimgartner betrachtet Ver\u00e4nderung aus verschiedenen Perspektiven und bietet Strategien, damit umzugehen.<\/p>\n","protected":false},"featured_media":1444,"comment_status":"closed","ping_status":"closed","template":"","meta":[],"etheme_brands":[],"product_brand":[],"product_cat":[1398],"product_tag":[356,384,376,373,387,383,241,117,381,385,378,286,382,323,372,388,371,377,209,375,370,386,379,121,380,109,374],"yst_prominent_words":[3449,3208,3182,3446],"class_list":{"0":"post-900","1":"product","2":"type-product","3":"status-publish","4":"has-post-thumbnail","6":"product_cat-ratgeber","7":"product_tag-edition-keiper","8":"product_tag-erfolg","9":"product_tag-freiheit","10":"product_tag-gesundheit","11":"product_tag-glueck","12":"product_tag-gluecksmoment","13":"product_tag-graz","14":"product_tag-keiper","15":"product_tag-klassische-psychologie","16":"product_tag-kraft","17":"product_tag-lebensfreude","18":"product_tag-lebenshilfe","19":"product_tag-liebe","20":"product_tag-oesterreich","21":"product_tag-psychologie","22":"product_tag-psychologisch-spiritueller-ratgeber","23":"product_tag-ratgeber","24":"product_tag-sichtweisen","25":"product_tag-steiermark","26":"product_tag-tiefster-spiritualitaet","27":"product_tag-v-power","28":"product_tag-veraenderungen","29":"product_tag-verantwortung","30":"product_tag-verlag","31":"product_tag-vortrag","32":"product_tag-www-editionkeiper-at","33":"product_tag-zufriedenheit","35":"first","36":"outofstock","37":"shipping-taxable","38":"purchasable","39":"product-type-simple"},"_links":{"self":[{"href":"https:\/\/www.editionkeiper.at\/shop\/wp-json\/wp\/v2\/product\/900","targetHints":{"allow":["GET"]}}],"collection":[{"href":"https:\/\/www.editionkeiper.at\/shop\/wp-json\/wp\/v2\/product"}],"about":[{"href":"https:\/\/www.editionkeiper.at\/shop\/wp-json\/wp\/v2\/types\/product"}],"replies":[{"embeddable":true,"href":"https:\/\/www.editionkeiper.at\/shop\/wp-json\/wp\/v2\/comments?post=900"}],"wp:featuredmedia":[{"embeddable":true,"href":"https:\/\/www.editionkeiper.at\/shop\/wp-json\/wp\/v2\/media\/1444"}],"wp:attachment":[{"href":"https:\/\/www.editionkeiper.at\/shop\/wp-json\/wp\/v2\/media?parent=900"}],"wp:term":[{"taxonomy":"brand","embeddable":true,"href":"https:\/\/www.editionkeiper.at\/shop\/wp-json\/wp\/v2\/etheme_brands?post=900"},{"taxonomy":"product_brand","embeddable":true,"href":"https:\/\/www.editionkeiper.at\/shop\/wp-json\/wp\/v2\/product_brand?post=900"},{"taxonomy":"product_cat","embeddable":true,"href":"https:\/\/www.editionkeiper.at\/shop\/wp-json\/wp\/v2\/product_cat?post=900"},{"taxonomy":"product_tag","embeddable":true,"href":"https:\/\/www.editionkeiper.at\/shop\/wp-json\/wp\/v2\/product_tag?post=900"},{"taxonomy":"yst_prominent_words","embeddable":true,"href":"https:\/\/www.editionkeiper.at\/shop\/wp-json\/wp\/v2\/yst_prominent_words?post=900"}],"curies":[{"name":"wp","href":"https:\/\/api.w.org\/{rel}","templated":true}]}}