{"id":895,"date":"2017-03-15T11:19:34","date_gmt":"2017-03-15T10:19:34","guid":{"rendered":"https:\/\/www.editionkeiper.at\/shop\/produkt\/beichte-eines-alten-narren\/"},"modified":"2021-03-09T10:03:07","modified_gmt":"2021-03-09T09:03:07","slug":"beichte-eines-alten-narren","status":"publish","type":"product","link":"https:\/\/www.editionkeiper.at\/shop\/produkt\/beichte-eines-alten-narren\/","title":{"rendered":"Beichte eines alten Narren"},"content":{"rendered":"<h2>Beichte eines alten Narren<\/h2>\n<p>von\u00a0<strong><a href=\"https:\/\/www.editionkeiper.at\/shop\/huettenegger-bernhard\/\">Bernhard H\u00fcttenegger<\/a><br \/>\n<\/strong><\/p>\n<p>Bernhard H\u00fctteneggers neuer Roman ist die Geschichte eines Dichterlebens, verwoben mit der spannungsvollen Beziehung zweier schwieriger Partner. In der Ich-Form gehalten, entwirft dieser K\u00fcnstlerroman zugleich ein vielschichtiges, provokantes Panorama \u00d6sterreichs ab den 1960er-Jahren, mit Schwerpunkt auf Graz, der Steiermark und Wien. All dies ist illusionslos beobachtet und in pr\u00e4gnant-pointierter Sprache, die den Leser\/die Leserin in ihren Bann schl\u00e4gt, gl\u00e4nzend erz\u00e4hlt. Nicht zuf\u00e4llig tr\u00e4gt der Roman seinen Titel, denn der Erz\u00e4hler \u2013 ein Schriftsteller und K\u00fcnstler der widerst\u00e4ndigen Sorte, der sein Leben in schonungsloser Offenheit Revue passieren l\u00e4sst \u2013 sieht sich selbst unverkennbar als &#8222;alten Narren&#8220;.<\/p>\n<p><strong>Preis:<\/strong> AT \u20ac 20,00 \/ DE \u20ac 19.45<\/p>\n<p><strong>Seiten:<\/strong>\u00a0160<\/p>\n<p><strong>ISBN13:<\/strong>\u00a0978-3-903144-09-5<\/p>\n<p><strong>Erscheinungsdatum:<\/strong>\u00a015.03.2017<\/p>\n<p><strong>Sprache:<\/strong>\u00a0Deutsch<\/p>\n<p><strong>Format:<\/strong>\u00a020,0 x 12,0 cm;\u00a0Gebunden; fester Einband (Hardcover)<\/p>\n","protected":false},"excerpt":{"rendered":"<p>Bernhard H\u00fctteneggers neuer Roman ist die Geschichte eines Dichterlebens, verwoben mit der spannungsvollen Beziehung zweier schwieriger Partner. In der Ich-Form gehalten, entwirft dieser K\u00fcnstlerroman zugleich ein vielschichtiges, provokantes Panorama \u00d6sterreichs ab den 1960er-Jahren, mit Schwerpunkt auf Graz, der Steiermark und Wien.<\/p>\n","protected":false},"featured_media":1457,"comment_status":"closed","ping_status":"closed","template":"","meta":[],"etheme_brands":[],"product_brand":[],"product_cat":[3687],"product_tag":[219,352,117,348,349,350,218,351],"yst_prominent_words":[3193,3360,3186],"class_list":{"0":"post-895","1":"product","2":"type-product","3":"status-publish","4":"has-post-thumbnail","6":"product_cat-romane","7":"product_tag-entwicklungsroman","8":"product_tag-huettenegger","9":"product_tag-keiper","10":"product_tag-literatur","11":"product_tag-pointiert","12":"product_tag-praegnant-pointiert","13":"product_tag-roman","14":"product_tag-sprache","16":"first","17":"instock","18":"shipping-taxable","19":"purchasable","20":"product-type-simple"},"_links":{"self":[{"href":"https:\/\/www.editionkeiper.at\/shop\/wp-json\/wp\/v2\/product\/895","targetHints":{"allow":["GET"]}}],"collection":[{"href":"https:\/\/www.editionkeiper.at\/shop\/wp-json\/wp\/v2\/product"}],"about":[{"href":"https:\/\/www.editionkeiper.at\/shop\/wp-json\/wp\/v2\/types\/product"}],"replies":[{"embeddable":true,"href":"https:\/\/www.editionkeiper.at\/shop\/wp-json\/wp\/v2\/comments?post=895"}],"wp:featuredmedia":[{"embeddable":true,"href":"https:\/\/www.editionkeiper.at\/shop\/wp-json\/wp\/v2\/media\/1457"}],"wp:attachment":[{"href":"https:\/\/www.editionkeiper.at\/shop\/wp-json\/wp\/v2\/media?parent=895"}],"wp:term":[{"taxonomy":"brand","embeddable":true,"href":"https:\/\/www.editionkeiper.at\/shop\/wp-json\/wp\/v2\/etheme_brands?post=895"},{"taxonomy":"product_brand","embeddable":true,"href":"https:\/\/www.editionkeiper.at\/shop\/wp-json\/wp\/v2\/product_brand?post=895"},{"taxonomy":"product_cat","embeddable":true,"href":"https:\/\/www.editionkeiper.at\/shop\/wp-json\/wp\/v2\/product_cat?post=895"},{"taxonomy":"product_tag","embeddable":true,"href":"https:\/\/www.editionkeiper.at\/shop\/wp-json\/wp\/v2\/product_tag?post=895"},{"taxonomy":"yst_prominent_words","embeddable":true,"href":"https:\/\/www.editionkeiper.at\/shop\/wp-json\/wp\/v2\/yst_prominent_words?post=895"}],"curies":[{"name":"wp","href":"https:\/\/api.w.org\/{rel}","templated":true}]}}