{"id":888,"date":"2017-03-09T14:19:34","date_gmt":"2017-03-09T13:19:34","guid":{"rendered":"https:\/\/www.editionkeiper.at\/shop\/produkt\/maennerschlussverkauf\/"},"modified":"2021-03-08T22:08:45","modified_gmt":"2021-03-08T21:08:45","slug":"maennerschlussverkauf","status":"publish","type":"product","link":"https:\/\/www.editionkeiper.at\/shop\/produkt\/maennerschlussverkauf\/","title":{"rendered":"M\u00e4nnerschlussverkauf"},"content":{"rendered":"<h2>M\u00e4nnerschlussverkauf<\/h2>\n<p>von <strong><a href=\"https:\/\/www.editionkeiper.at\/shop\/rieser-und-veit-fuchs\/\">Esther Rieser und Tina Veit-Fuchs<\/a><br \/>\n<\/strong><\/p>\n<p>Esther Rieser sieht BHs als Metapher f\u00fcr alle Arten der Einengung und tr\u00e4gt erst gar keinen mehr, weil ihr Busen dank Beauty-OP ohnehin von alleine steht. F\u00fcr Tina Veit-Fuchs ist die Freiheit auch mit BH gegeben, aber ebenso essenzielle Quelle der Inspiration \u2013 wenn auch vergleichsweise nicht ganz so z\u00fcgel- und b\u00fcgellos. Seit Jahren verbindet das Ex-Playmate und die Journalistin eine regelm\u00e4\u00dfige Kolumne \u00fcber die Irrfahrten und Einbahnstra\u00dfen zwischen M\u00e4nnern und Frauen, stets gew\u00fcrzt mit pikanten Episoden aus Riesers bewegtem Liebesleben. Diese finden nun im Buch <em>M\u00e4nnerschlussverkauf<\/em> ihre Fortsetzung. Mit einem immerw\u00e4hrenden Augenzwinkern und pointierter Schnoddrigkeit geht es darin beispielsweise um m\u00e4nnliche K\u00f6rperlichkeiten wie #morgenlatten und #l\u00fcmmellocken, um #haarscharfe Begegnungen mit #peterpan oder das #wirtschaftswunderehering.<\/p>\n<p>Mit Farbfoto-Teil von Christian Jungwirth.<\/p>\n<p><strong>Preis:<\/strong> AT \u20ac 16,50 \/ DE \u20ac 16.05<\/p>\n<p><strong>Seiten:<\/strong>\u00a0100<\/p>\n<p><strong>ISBN13:<\/strong>\u00a0978-3-903144-69-9<\/p>\n<p><strong>Erscheinungsdatum:<\/strong>\u00a009.03.2017<\/p>\n<p><strong>Sprache:<\/strong>\u00a0Deutsch<\/p>\n<p><strong>Format:<\/strong>\u00a021,0 x 11,0 cm;\u00a0Paperback; flexibler Einband<\/p>\n","protected":false},"excerpt":{"rendered":"<p>Esther Rieser sieht BHs als Metapher f\u00fcr alle Arten der Einengung und tr\u00e4gt erst gar keinen mehr, weil ihr Busen dank Beauty-OP ohnehin von alleine steht. F\u00fcr Tina Veit-Fuchs ist die Freiheit auch mit BH gegeben, aber ebenso essenzielle Quelle der Inspiration \u2013 wenn auch vergleichsweise nicht ganz so z\u00fcgel- und b\u00fcgellos.<\/p>\n","protected":false},"featured_media":1544,"comment_status":"closed","ping_status":"closed","template":"","meta":[],"etheme_brands":[],"product_brand":[],"product_cat":[3696],"product_tag":[309,317,308,311,307,306,305,313,315,312,314,310,304,316],"yst_prominent_words":[],"class_list":{"0":"post-888","1":"product","2":"type-product","3":"status-publish","4":"has-post-thumbnail","6":"product_cat-humor","7":"product_tag-amuesant","8":"product_tag-beziehung","9":"product_tag-esther","10":"product_tag-frauen","11":"product_tag-humor","12":"product_tag-kurzgeschichten","13":"product_tag-maenner","14":"product_tag-playmate","15":"product_tag-rieser","16":"product_tag-sex","17":"product_tag-sexappeal","18":"product_tag-sexbombe","19":"product_tag-tina","20":"product_tag-veit-fuchs","22":"first","23":"instock","24":"shipping-taxable","25":"purchasable","26":"product-type-simple"},"_links":{"self":[{"href":"https:\/\/www.editionkeiper.at\/shop\/wp-json\/wp\/v2\/product\/888","targetHints":{"allow":["GET"]}}],"collection":[{"href":"https:\/\/www.editionkeiper.at\/shop\/wp-json\/wp\/v2\/product"}],"about":[{"href":"https:\/\/www.editionkeiper.at\/shop\/wp-json\/wp\/v2\/types\/product"}],"replies":[{"embeddable":true,"href":"https:\/\/www.editionkeiper.at\/shop\/wp-json\/wp\/v2\/comments?post=888"}],"wp:featuredmedia":[{"embeddable":true,"href":"https:\/\/www.editionkeiper.at\/shop\/wp-json\/wp\/v2\/media\/1544"}],"wp:attachment":[{"href":"https:\/\/www.editionkeiper.at\/shop\/wp-json\/wp\/v2\/media?parent=888"}],"wp:term":[{"taxonomy":"brand","embeddable":true,"href":"https:\/\/www.editionkeiper.at\/shop\/wp-json\/wp\/v2\/etheme_brands?post=888"},{"taxonomy":"product_brand","embeddable":true,"href":"https:\/\/www.editionkeiper.at\/shop\/wp-json\/wp\/v2\/product_brand?post=888"},{"taxonomy":"product_cat","embeddable":true,"href":"https:\/\/www.editionkeiper.at\/shop\/wp-json\/wp\/v2\/product_cat?post=888"},{"taxonomy":"product_tag","embeddable":true,"href":"https:\/\/www.editionkeiper.at\/shop\/wp-json\/wp\/v2\/product_tag?post=888"},{"taxonomy":"yst_prominent_words","embeddable":true,"href":"https:\/\/www.editionkeiper.at\/shop\/wp-json\/wp\/v2\/yst_prominent_words?post=888"}],"curies":[{"name":"wp","href":"https:\/\/api.w.org\/{rel}","templated":true}]}}