{"id":876,"date":"2017-09-26T14:19:25","date_gmt":"2017-09-26T12:19:25","guid":{"rendered":"https:\/\/www.editionkeiper.at\/shop\/produkt\/im-ueberfluss-klar-daneben\/"},"modified":"2021-03-09T11:50:16","modified_gmt":"2021-03-09T10:50:16","slug":"im-ueberfluss-klar-daneben","status":"publish","type":"product","link":"https:\/\/www.editionkeiper.at\/shop\/produkt\/im-ueberfluss-klar-daneben\/","title":{"rendered":"Im \u00dcberfluss klar daneben"},"content":{"rendered":"<h2>Im \u00dcberfluss klar daneben<\/h2>\n<p><strong>Ein Klangkristall<\/strong><\/p>\n<p>von <a href=\"https:\/\/www.editionkeiper.at\/shop\/schmidt-alfred-paul\/\"><strong>Alfred Paul Schmidt<\/strong><\/a><\/p>\n<p>Gewohnt schr\u00e4g, mit funkelnden Aphorismen und tiefgr\u00fcndigen Sentenzen an allen Ecken und Enden, entfaltet Alfred Paul Schmidts neuer Roman die Geschichte des (scheiternden) Lehrers Leo Kovacs und seiner blonden, an Marilyn Monroe erinnernden &#8222;Zufallsbekanntschaft&#8220; im Wechsel zwischen diversen Schaupl\u00e4tzen im Burgenland und Wien. Dazu kommen die vertraut schrulligen, gleichwohl liebenswerten Charakterk\u00f6pfe aus Schmidts imagin\u00e4rem Universum, wie etwa der so skurrile wie r\u00e4tselhafte Dr. Leidenfrost (welche Rolle der wohl spielt?); oder die seltsame Wirtin und Verlegerin Rosie Liebeneiner (die an Virginia Woolf erinnert), sowie die reichlich bemerkenswerten Eltern des Protagonisten, einige englisch parlierende Migranten usw. Selbst der realen Verlegerin Anita Keiper ist ein Cameo-Auftritt verg\u00f6nnt.<\/p>\n<p>&nbsp;<\/p>\n<p><strong>Preis:<\/strong> AT \u20ac 18,00 \/ DE \u20ac 17.51<\/p>\n<p><strong>Seiten:<\/strong>\u00a0110<\/p>\n<p><strong>ISBN13:<\/strong>\u00a0978-3-903144-28-6<\/p>\n<p><strong>Erscheinungsdatum:<\/strong>\u00a013.10.2017<\/p>\n<p><strong>Sprache:<\/strong>\u00a0Deutsch<\/p>\n<p><strong>Format:<\/strong>\u00a020,0 x 12,0 cm; fester Einband (Hardcover)<\/p>\n","protected":false},"excerpt":{"rendered":"<p><strong>Ein Klangkristall<\/strong><\/p>\n<p>Gewohnt schr\u00e4g, mit funkelnden Aphorismen und tiefgr\u00fcndigen Sentenzen an allen Ecken und Enden, entfaltet Alfred Paul Schmidts neuer Roman die Geschichte des (scheiternden) Lehrers Leo Kovacs und seiner blonden, an Marilyn Monroe erinnernden &#8222;Zufallsbekanntschaft&#8220; im Wechsel zwischen diversen Schaupl\u00e4tzen im Burgenland und Wien.<\/p>\n","protected":false},"featured_media":1552,"comment_status":"closed","ping_status":"closed","template":"","meta":[],"etheme_brands":[],"product_brand":[],"product_cat":[3687],"product_tag":[226,233,230,232,224,231,227,117,221,222,223,228,121,229,225,109],"yst_prominent_words":[3473,3471],"class_list":{"0":"post-876","1":"product","2":"type-product","3":"status-publish","4":"has-post-thumbnail","6":"product_cat-romane","7":"product_tag-brilliant","8":"product_tag-burgenland","9":"product_tag-drehbuchschreiber","10":"product_tag-drehbuchschreiber-soko-kitzbuehl","11":"product_tag-drehbuchschreiber-stockinger","12":"product_tag-drehbuchschreiber-tatort","13":"product_tag-gewohnt-schraeg","14":"product_tag-keiper","15":"product_tag-leherer","16":"product_tag-meisterhaft","17":"product_tag-schmidt","18":"product_tag-typischer-schmidt","19":"product_tag-verlag","20":"product_tag-weingarten","21":"product_tag-wien","22":"product_tag-www-editionkeiper-at","24":"first","25":"instock","26":"shipping-taxable","27":"purchasable","28":"product-type-simple"},"_links":{"self":[{"href":"https:\/\/www.editionkeiper.at\/shop\/wp-json\/wp\/v2\/product\/876","targetHints":{"allow":["GET"]}}],"collection":[{"href":"https:\/\/www.editionkeiper.at\/shop\/wp-json\/wp\/v2\/product"}],"about":[{"href":"https:\/\/www.editionkeiper.at\/shop\/wp-json\/wp\/v2\/types\/product"}],"replies":[{"embeddable":true,"href":"https:\/\/www.editionkeiper.at\/shop\/wp-json\/wp\/v2\/comments?post=876"}],"wp:featuredmedia":[{"embeddable":true,"href":"https:\/\/www.editionkeiper.at\/shop\/wp-json\/wp\/v2\/media\/1552"}],"wp:attachment":[{"href":"https:\/\/www.editionkeiper.at\/shop\/wp-json\/wp\/v2\/media?parent=876"}],"wp:term":[{"taxonomy":"brand","embeddable":true,"href":"https:\/\/www.editionkeiper.at\/shop\/wp-json\/wp\/v2\/etheme_brands?post=876"},{"taxonomy":"product_brand","embeddable":true,"href":"https:\/\/www.editionkeiper.at\/shop\/wp-json\/wp\/v2\/product_brand?post=876"},{"taxonomy":"product_cat","embeddable":true,"href":"https:\/\/www.editionkeiper.at\/shop\/wp-json\/wp\/v2\/product_cat?post=876"},{"taxonomy":"product_tag","embeddable":true,"href":"https:\/\/www.editionkeiper.at\/shop\/wp-json\/wp\/v2\/product_tag?post=876"},{"taxonomy":"yst_prominent_words","embeddable":true,"href":"https:\/\/www.editionkeiper.at\/shop\/wp-json\/wp\/v2\/yst_prominent_words?post=876"}],"curies":[{"name":"wp","href":"https:\/\/api.w.org\/{rel}","templated":true}]}}