{"id":6210,"date":"2020-09-02T10:18:01","date_gmt":"2020-09-02T08:18:01","guid":{"rendered":"https:\/\/www.editionkeiper.at\/shop\/produkt\/das-neunte-land\/"},"modified":"2021-03-09T16:44:27","modified_gmt":"2021-03-09T15:44:27","slug":"das-neunte-land","status":"publish","type":"product","link":"https:\/\/www.editionkeiper.at\/shop\/produkt\/das-neunte-land\/","title":{"rendered":"Das neunte Land"},"content":{"rendered":"<p><strong>Das neunte Land<\/strong><\/p>\n<p>von<strong>\u00a0<a href=\"https:\/\/www.editionkeiper.at\/shop\/lorenz-evelyne\/\">Evelyne Lorenz<\/a><\/strong><\/p>\n<p>1924 erwirbt der junge Johann Martin eine M\u00fchle an der Feistritz und gr\u00fcndet mit der Bauerntochter Elisabeth eine Familie. Er versucht mit Flei\u00df und handwerklichem K\u00f6nnen, seiner Familie und den auf seinem Hof lebenden M\u00fchlenarbeitern eine sichere Zukunft zu gew\u00e4hrleisten. Als nach dem Ende des Zweiten Weltkrieges die Demarkationslinie direkt hinter seiner M\u00fchle verl\u00e4uft, begegnet er auch den russischen Besatzungssoldaten mit W\u00fcrde und Respekt. Sein Leben ist gekennzeichnet von Schicksalsschl\u00e4gen und au\u00dfergew\u00f6hnlichen Ereignissen. Dreimal wird er zum Witwer. Er beugt sich wie die Weiden im Wind am Ufer der Feistritz, richtet sich jedoch immer wieder auf. Seine St\u00e4rke liegt in einer tiefen Verbundenheit zu seiner Heimat, dem Burgenland. Trotz des Eisernen Vorhangs, der schier un\u00fcberwindbaren Grenze zu Ungarn, glaubt er an die \u00d6ffnung der Grenzen und ein vereintes Europa. Johann Martin stirbt 1988, ein Jahr vor dem Fall der Berliner Mauer, die das Ende des kalten Krieges bedeutet.<\/p>\n<p><strong>ISBN13:<\/strong> 978-3-903322-12-7<br \/>\n<strong>Erscheinungsdatum:<\/strong>\u00a018.09.2020<br \/>\n<strong>Seiten:<\/strong> ca. 240<br \/>\n<strong>Sprache: <\/strong>Deutsch<br \/>\n<strong>Format:<\/strong> 20,0 x 12,0 cm;\u00a0Hardcover<\/p>\n<div id=\"attachment_5530\" style=\"width: 100px\" class=\"wp-caption alignleft\"><a href=\"https:\/\/www.editionkeiper.at\/shop\/wp-content\/uploads\/2020\/07\/Zusatz1_Leseprobe_Lorenz_Evelyne_neunte_Land_Keiper_Roman_Verlag.pdf\" target=\"_blank\" rel=\"noopener\"><img loading=\"lazy\" loading=\"lazy\" decoding=\"async\" aria-describedby=\"caption-attachment-5530\" class=\"wp-image-5530\" src=\"https:\/\/www.editionkeiper.at\/shop\/wp-content\/uploads\/2020\/03\/Verlag_keiper_Steiermark_Beitrag_lesen_Reden_wir_ueber_Literatur-181x300.jpg\" alt=\"\" width=\"90\" height=\"150\" srcset=\"https:\/\/www.editionkeiper.at\/shop\/wp-content\/uploads\/2020\/03\/Verlag_keiper_Steiermark_Beitrag_lesen_Reden_wir_ueber_Literatur-181x300.jpg 181w, https:\/\/www.editionkeiper.at\/shop\/wp-content\/uploads\/2020\/03\/Verlag_keiper_Steiermark_Beitrag_lesen_Reden_wir_ueber_Literatur-565x938.jpg 565w, https:\/\/www.editionkeiper.at\/shop\/wp-content\/uploads\/2020\/03\/Verlag_keiper_Steiermark_Beitrag_lesen_Reden_wir_ueber_Literatur-574x953.jpg 574w, https:\/\/www.editionkeiper.at\/shop\/wp-content\/uploads\/2020\/03\/Verlag_keiper_Steiermark_Beitrag_lesen_Reden_wir_ueber_Literatur-331x550.jpg 331w, https:\/\/www.editionkeiper.at\/shop\/wp-content\/uploads\/2020\/03\/Verlag_keiper_Steiermark_Beitrag_lesen_Reden_wir_ueber_Literatur.jpg 617w\" sizes=\"auto, (max-width: 90px) 100vw, 90px\" \/><\/a><p id=\"caption-attachment-5530\" class=\"wp-caption-text\">Leseprobe<\/p><\/div>\n<p>&nbsp;<\/p>\n<p>&nbsp;<\/p>\n<p>&nbsp;<\/p>\n<p>&nbsp;<\/p>\n<p>&nbsp;<\/p>\n<p>&nbsp;<\/p>\n","protected":false},"excerpt":{"rendered":"<div class=\"\">\n<div class=\"\" dir=\"auto\"><strong>\u00a0Ein Roman zum 100-j\u00e4hrigen Jubil\u00e4um des Burgenlandes.<\/strong><\/div>\n<\/div>\n<ul>\n<li>Ein Generationenroman, von 1921 bis zur Jetztzeit.<\/li>\n<li>Eine Liebeserkl\u00e4rung an \u00d6sterreichs j\u00fcngstes Bundesland.<\/li>\n<li>Der Roman beruht auf einer wahren Lebensgeschichte.<\/li>\n<\/ul>\n<p><a href=\"https:\/\/www.editionkeiper.at\/shop\/wp-content\/uploads\/2020\/09\/Verlag_keiper_Steiermark_Beitrag_lesen_www_PODCAST_ORF_Burgenland_LINK_Hoeren.jpg\"><img loading=\"lazy\" loading=\"lazy\" decoding=\"async\" class=\"alignleft wp-image-7213\" src=\"https:\/\/www.editionkeiper.at\/shop\/wp-content\/uploads\/2020\/09\/Verlag_keiper_Steiermark_Beitrag_lesen_www_PODCAST_ORF_Burgenland_LINK_Hoeren.jpg\" alt=\"\" width=\"50\" height=\"50\" srcset=\"https:\/\/www.editionkeiper.at\/shop\/wp-content\/uploads\/2020\/09\/Verlag_keiper_Steiermark_Beitrag_lesen_www_PODCAST_ORF_Burgenland_LINK_Hoeren.jpg 150w, https:\/\/www.editionkeiper.at\/shop\/wp-content\/uploads\/2020\/09\/Verlag_keiper_Steiermark_Beitrag_lesen_www_PODCAST_ORF_Burgenland_LINK_Hoeren-100x100.jpg 100w, https:\/\/www.editionkeiper.at\/shop\/wp-content\/uploads\/2020\/09\/Verlag_keiper_Steiermark_Beitrag_lesen_www_PODCAST_ORF_Burgenland_LINK_Hoeren-120x120.jpg 120w\" sizes=\"auto, (max-width: 50px) 100vw, 50px\" \/><\/a><br \/>\nZum <a href=\"https:\/\/static.orf.at\/podcast\/bgldmagazin\/ORF_Burgenland_Mahlzeit_Burgenland.xml#\" target=\"_blank\" rel=\"noopener\">ORF Radio Burgenland-Beitrag<\/a> &#8222;Mahlzeit Burgenland&#8220; zum Buch.<\/p>\n","protected":false},"featured_media":6242,"comment_status":"open","ping_status":"closed","template":"","meta":[],"etheme_brands":[],"product_brand":[],"product_cat":[3688],"product_tag":[3518,336,233,3517,356,3086,3504,879,2658,241,117,287,348,3515,3514,323,3513,218,209,3516,121,109,2660],"yst_prominent_words":[],"class_list":{"0":"post-6210","1":"product","2":"type-product","3":"status-publish","4":"has-post-thumbnail","6":"product_cat-familienromane","7":"product_tag-100-jahre-burgenland","8":"product_tag-belletristik","9":"product_tag-burgenland","10":"product_tag-burgenland-jubilaeum","11":"product_tag-edition-keiper","12":"product_tag-erster-weltkrieg","13":"product_tag-evelyne-lorenz","14":"product_tag-familienroman","15":"product_tag-generationenroman","16":"product_tag-graz","17":"product_tag-keiper","18":"product_tag-lebensgeschichte","19":"product_tag-literatur","20":"product_tag-muehle","21":"product_tag-mueller","22":"product_tag-oesterreich","23":"product_tag-rechnitz","24":"product_tag-roman","25":"product_tag-steiermark","26":"product_tag-suedburgenland","27":"product_tag-verlag","28":"product_tag-www-editionkeiper-at","29":"product_tag-zweiter-weltkrieg","31":"first","32":"instock","33":"shipping-taxable","34":"purchasable","35":"product-type-simple"},"_links":{"self":[{"href":"https:\/\/www.editionkeiper.at\/shop\/wp-json\/wp\/v2\/product\/6210","targetHints":{"allow":["GET"]}}],"collection":[{"href":"https:\/\/www.editionkeiper.at\/shop\/wp-json\/wp\/v2\/product"}],"about":[{"href":"https:\/\/www.editionkeiper.at\/shop\/wp-json\/wp\/v2\/types\/product"}],"replies":[{"embeddable":true,"href":"https:\/\/www.editionkeiper.at\/shop\/wp-json\/wp\/v2\/comments?post=6210"}],"wp:featuredmedia":[{"embeddable":true,"href":"https:\/\/www.editionkeiper.at\/shop\/wp-json\/wp\/v2\/media\/6242"}],"wp:attachment":[{"href":"https:\/\/www.editionkeiper.at\/shop\/wp-json\/wp\/v2\/media?parent=6210"}],"wp:term":[{"taxonomy":"brand","embeddable":true,"href":"https:\/\/www.editionkeiper.at\/shop\/wp-json\/wp\/v2\/etheme_brands?post=6210"},{"taxonomy":"product_brand","embeddable":true,"href":"https:\/\/www.editionkeiper.at\/shop\/wp-json\/wp\/v2\/product_brand?post=6210"},{"taxonomy":"product_cat","embeddable":true,"href":"https:\/\/www.editionkeiper.at\/shop\/wp-json\/wp\/v2\/product_cat?post=6210"},{"taxonomy":"product_tag","embeddable":true,"href":"https:\/\/www.editionkeiper.at\/shop\/wp-json\/wp\/v2\/product_tag?post=6210"},{"taxonomy":"yst_prominent_words","embeddable":true,"href":"https:\/\/www.editionkeiper.at\/shop\/wp-json\/wp\/v2\/yst_prominent_words?post=6210"}],"curies":[{"name":"wp","href":"https:\/\/api.w.org\/{rel}","templated":true}]}}

<p><strong>Das neunte Land</strong></p>
<p>von<strong> <a href="https://www.editionkeiper.at/shop/lorenz-evelyne/">Evelyne Lorenz</a></strong></p>
<p>1924 erwirbt der junge Johann Martin eine Mühle an der Feistritz und gründet mit der Bauerntochter Elisabeth eine Familie. Er versucht mit Fleiß und handwerklichem Können, seiner Familie und den auf seinem Hof lebenden Mühlenarbeitern eine sichere Zukunft zu gewährleisten. Als nach dem Ende des Zweiten Weltkrieges die Demarkationslinie direkt hinter seiner Mühle verläuft, begegnet er auch den russischen Besatzungssoldaten mit Würde und Respekt. Sein Leben ist gekennzeichnet von Schicksalsschlägen und außergewöhnlichen Ereignissen. Dreimal wird er zum Witwer. Er beugt sich wie die Weiden im Wind am Ufer der Feistritz, richtet sich jedoch immer wieder auf. Seine Stärke liegt in einer tiefen Verbundenheit zu seiner Heimat, dem Burgenland. Trotz des Eisernen Vorhangs, der schier unüberwindbaren Grenze zu Ungarn, glaubt er an die Öffnung der Grenzen und ein vereintes Europa. Johann Martin stirbt 1988, ein Jahr vor dem Fall der Berliner Mauer, die das Ende des kalten Krieges bedeutet.</p>
<p><strong>ISBN13:</strong> 978-3-903322-12-7<br />
<strong>Erscheinungsdatum:</strong> 18.09.2020<br />
<strong>Seiten:</strong> ca. 240<br />
<strong>Sprache: </strong>Deutsch<br />
<strong>Format:</strong> 20,0 x 12,0 cm; Hardcover</p>
<div id="attachment_5530" style="width: 100px" class="wp-caption alignleft"><a href="https://www.editionkeiper.at/shop/wp-content/uploads/2020/07/Zusatz1_Leseprobe_Lorenz_Evelyne_neunte_Land_Keiper_Roman_Verlag.pdf" target="_blank" rel="noopener"><img loading="lazy" loading="lazy" decoding="async" aria-describedby="caption-attachment-5530" class="wp-image-5530" src="https://www.editionkeiper.at/shop/wp-content/uploads/2020/03/Verlag_keiper_Steiermark_Beitrag_lesen_Reden_wir_ueber_Literatur-181x300.jpg" alt="" width="90" height="150" srcset="https://www.editionkeiper.at/shop/wp-content/uploads/2020/03/Verlag_keiper_Steiermark_Beitrag_lesen_Reden_wir_ueber_Literatur-181x300.jpg 181w, https://www.editionkeiper.at/shop/wp-content/uploads/2020/03/Verlag_keiper_Steiermark_Beitrag_lesen_Reden_wir_ueber_Literatur-565x938.jpg 565w, https://www.editionkeiper.at/shop/wp-content/uploads/2020/03/Verlag_keiper_Steiermark_Beitrag_lesen_Reden_wir_ueber_Literatur-574x953.jpg 574w, https://www.editionkeiper.at/shop/wp-content/uploads/2020/03/Verlag_keiper_Steiermark_Beitrag_lesen_Reden_wir_ueber_Literatur-331x550.jpg 331w, https://www.editionkeiper.at/shop/wp-content/uploads/2020/03/Verlag_keiper_Steiermark_Beitrag_lesen_Reden_wir_ueber_Literatur.jpg 617w" sizes="auto, (max-width: 90px) 100vw, 90px" /></a><p id="caption-attachment-5530" class="wp-caption-text">Leseprobe</p></div>
<p>&nbsp;</p>
<p>&nbsp;</p>
<p>&nbsp;</p>
<p>&nbsp;</p>
<p>&nbsp;</p>
<p>&nbsp;</p>

<div class="">
<div class="" dir="auto"><strong> Ein Roman zum 100-jährigen Jubiläum des Burgenlandes.</strong></div>
</div>
<ul>
<li>Ein Generationenroman, von 1921 bis zur Jetztzeit.</li>
<li>Eine Liebeserklärung an Österreichs jüngstes Bundesland.</li>
<li>Der Roman beruht auf einer wahren Lebensgeschichte.</li>
</ul>
<p><a href="https://www.editionkeiper.at/shop/wp-content/uploads/2020/09/Verlag_keiper_Steiermark_Beitrag_lesen_www_PODCAST_ORF_Burgenland_LINK_Hoeren.jpg"><img loading="lazy" loading="lazy" decoding="async" class="alignleft wp-image-7213" src="https://www.editionkeiper.at/shop/wp-content/uploads/2020/09/Verlag_keiper_Steiermark_Beitrag_lesen_www_PODCAST_ORF_Burgenland_LINK_Hoeren.jpg" alt="" width="50" height="50" srcset="https://www.editionkeiper.at/shop/wp-content/uploads/2020/09/Verlag_keiper_Steiermark_Beitrag_lesen_www_PODCAST_ORF_Burgenland_LINK_Hoeren.jpg 150w, https://www.editionkeiper.at/shop/wp-content/uploads/2020/09/Verlag_keiper_Steiermark_Beitrag_lesen_www_PODCAST_ORF_Burgenland_LINK_Hoeren-100x100.jpg 100w, https://www.editionkeiper.at/shop/wp-content/uploads/2020/09/Verlag_keiper_Steiermark_Beitrag_lesen_www_PODCAST_ORF_Burgenland_LINK_Hoeren-120x120.jpg 120w" sizes="auto, (max-width: 50px) 100vw, 50px" /></a><br />
Zum <a href="https://static.orf.at/podcast/bgldmagazin/ORF_Burgenland_Mahlzeit_Burgenland.xml#" target="_blank" rel="noopener">ORF Radio Burgenland-Beitrag</a> &#8222;Mahlzeit Burgenland&#8220; zum Buch.</p>
