{"id":5245,"date":"2020-01-08T16:24:43","date_gmt":"2020-01-08T15:24:43","guid":{"rendered":"https:\/\/www.editionkeiper.at\/shop\/produkt\/meine-mutter-meine-sprache\/"},"modified":"2021-03-10T15:38:34","modified_gmt":"2021-03-10T14:38:34","slug":"meine-mutter-meine-sprache","status":"publish","type":"product","link":"https:\/\/www.editionkeiper.at\/shop\/produkt\/meine-mutter-meine-sprache\/","title":{"rendered":"Meine Mutter \u2013 meine Sprache"},"content":{"rendered":"<h2>Meine Mutter \u2013 meine Sprache<\/h2>\n<p>von<strong>\u00a0<a href=\"https:\/\/www.editionkeiper.at\/shop\/huettenegger-bernhard\/\"><strong>Bernhard H\u00fcttenegger<\/strong><\/a><\/strong><\/p>\n<p>Mit <em>Meine Mutter, meine Sprache (2020),<\/em> <em>Beichte eines alten Narren (<\/em>2017), <em>Der Fisch im Wasser (<\/em>2018) und <em>Auf dem Grund des Brunnens<\/em> (2021) liegt in der edition keiper die vollst\u00e4ndige, autobiografisch angelehnte Tetralogie um einen alternden Schriftsteller vor, der sein Leben, seine Lieben, seinen Werdegang bilanziert. Die Mutter und die Sprache \u2013 das sind die beiden Zentren, die Bernhard H\u00fcttenegger mit diesem dichten und poetischen Text umkreist und denen er anl\u00e4sslich des Todes seiner Mutter an verschiedenen Orten von der Oberen Adria bis zur windischen Heimat nachsp\u00fcrt. Der Protagonist bewegt sich zwischen der Sprache der Kindheit und jener der genauen Betrachtung, zwischen famili\u00e4ren Konflikten und der Suche nach der eigenen Vergangenheit, zwischen von der Natur gepr\u00e4gten Erinnerungsbildern und Ausnahmesituationen in der menschlichen Existenz und schreibt gegen die Endg\u00fcltigkeit, das Unverstellbare und die Sprachlosigkeit an.<\/p>\n<p><strong>Preis:<\/strong> AT \u20ac 20,00 \/ DE \u20ac 19,45<\/p>\n<p><strong>ISBN13:<\/strong> 978-3-903144-41-5<\/p>\n<p><strong>Erscheinungsdatum:<\/strong>\u00a020.03.2020<\/p>\n<p><strong>Seiten:<\/strong> ca. 142<\/p>\n<p><strong>Sprache:<\/strong>\u00a0Deutsch<\/p>\n<p><strong>Format:<\/strong>\u00a020,0 x 12,0 cm;\u00a0Hardcover<\/p>\n<p>&nbsp;<\/p>\n","protected":false},"excerpt":{"rendered":"<p>Mit <em>Meine Mutter, meine Sprache (2020),<\/em> <em>Beichte eines alten Narren (<\/em>2017), <em>Der Fisch im Wasser (<\/em>2018) und <em>Auf dem Grund des Brunnens<\/em> (2021) liegt in der edition keiper die vollst\u00e4ndige, autobiografisch angelehnte Tetralogie um einen alternden Schriftsteller vor, der sein Leben, seine Lieben, seinen Werdegang bilanziert.<\/p>\n","protected":false},"featured_media":5315,"comment_status":"open","ping_status":"closed","template":"","meta":[],"etheme_brands":[],"product_brand":[],"product_cat":[3687],"product_tag":[3099,336,285,3106,3098,241,3100,3105,3096,3097,3093,586,351,917,3095,3094],"yst_prominent_words":[3193,3191,3194,3192,3186],"class_list":{"0":"post-5245","1":"product","2":"type-product","3":"status-publish","4":"has-post-thumbnail","6":"product_cat-romane","7":"product_tag-adria","8":"product_tag-belletristik","9":"product_tag-biografie","10":"product_tag-erinnerungsbilder","11":"product_tag-grado","12":"product_tag-graz","13":"product_tag-lagune","14":"product_tag-lebensbeichte","15":"product_tag-marano","16":"product_tag-mutter","17":"product_tag-obere-adria","18":"product_tag-schriftsteller","19":"product_tag-sprache","20":"product_tag-tod","21":"product_tag-trilogie","22":"product_tag-windische-heimat","24":"first","25":"instock","26":"shipping-taxable","27":"purchasable","28":"product-type-simple"},"_links":{"self":[{"href":"https:\/\/www.editionkeiper.at\/shop\/wp-json\/wp\/v2\/product\/5245","targetHints":{"allow":["GET"]}}],"collection":[{"href":"https:\/\/www.editionkeiper.at\/shop\/wp-json\/wp\/v2\/product"}],"about":[{"href":"https:\/\/www.editionkeiper.at\/shop\/wp-json\/wp\/v2\/types\/product"}],"replies":[{"embeddable":true,"href":"https:\/\/www.editionkeiper.at\/shop\/wp-json\/wp\/v2\/comments?post=5245"}],"wp:featuredmedia":[{"embeddable":true,"href":"https:\/\/www.editionkeiper.at\/shop\/wp-json\/wp\/v2\/media\/5315"}],"wp:attachment":[{"href":"https:\/\/www.editionkeiper.at\/shop\/wp-json\/wp\/v2\/media?parent=5245"}],"wp:term":[{"taxonomy":"brand","embeddable":true,"href":"https:\/\/www.editionkeiper.at\/shop\/wp-json\/wp\/v2\/etheme_brands?post=5245"},{"taxonomy":"product_brand","embeddable":true,"href":"https:\/\/www.editionkeiper.at\/shop\/wp-json\/wp\/v2\/product_brand?post=5245"},{"taxonomy":"product_cat","embeddable":true,"href":"https:\/\/www.editionkeiper.at\/shop\/wp-json\/wp\/v2\/product_cat?post=5245"},{"taxonomy":"product_tag","embeddable":true,"href":"https:\/\/www.editionkeiper.at\/shop\/wp-json\/wp\/v2\/product_tag?post=5245"},{"taxonomy":"yst_prominent_words","embeddable":true,"href":"https:\/\/www.editionkeiper.at\/shop\/wp-json\/wp\/v2\/yst_prominent_words?post=5245"}],"curies":[{"name":"wp","href":"https:\/\/api.w.org\/{rel}","templated":true}]}}

<h2>Meine Mutter – meine Sprache</h2>
<p>von<strong> <a href="https://www.editionkeiper.at/shop/huettenegger-bernhard/"><strong>Bernhard Hüttenegger</strong></a></strong></p>
<p>Mit <em>Meine Mutter, meine Sprache (2020),</em> <em>Beichte eines alten Narren (</em>2017), <em>Der Fisch im Wasser (</em>2018) und <em>Auf dem Grund des Brunnens</em> (2021) liegt in der edition keiper die vollständige, autobiografisch angelehnte Tetralogie um einen alternden Schriftsteller vor, der sein Leben, seine Lieben, seinen Werdegang bilanziert. Die Mutter und die Sprache – das sind die beiden Zentren, die Bernhard Hüttenegger mit diesem dichten und poetischen Text umkreist und denen er anlässlich des Todes seiner Mutter an verschiedenen Orten von der Oberen Adria bis zur windischen Heimat nachspürt. Der Protagonist bewegt sich zwischen der Sprache der Kindheit und jener der genauen Betrachtung, zwischen familiären Konflikten und der Suche nach der eigenen Vergangenheit, zwischen von der Natur geprägten Erinnerungsbildern und Ausnahmesituationen in der menschlichen Existenz und schreibt gegen die Endgültigkeit, das Unverstellbare und die Sprachlosigkeit an.</p>
<p><strong>Preis:</strong> AT € 20,00 / DE € 19,45</p>
<p><strong>ISBN13:</strong> 978-3-903144-41-5</p>
<p><strong>Erscheinungsdatum:</strong> 20.03.2020</p>
<p><strong>Seiten:</strong> ca. 142</p>
<p><strong>Sprache:</strong> Deutsch</p>
<p><strong>Format:</strong> 20,0 x 12,0 cm; Hardcover</p>
<p>&nbsp;</p>

<p>Mit <em>Meine Mutter, meine Sprache (2020),</em> <em>Beichte eines alten Narren (</em>2017), <em>Der Fisch im Wasser (</em>2018) und <em>Auf dem Grund des Brunnens</em> (2021) liegt in der edition keiper die vollständige, autobiografisch angelehnte Tetralogie um einen alternden Schriftsteller vor, der sein Leben, seine Lieben, seinen Werdegang bilanziert.</p>
