{"id":4839,"date":"2019-05-23T16:00:53","date_gmt":"2019-05-23T14:00:53","guid":{"rendered":"https:\/\/www.editionkeiper.at\/shop\/produkt\/ein-tal-ueber-triest\/"},"modified":"2021-03-09T11:52:37","modified_gmt":"2021-03-09T10:52:37","slug":"ein-tal-ueber-triest","status":"publish","type":"product","link":"https:\/\/www.editionkeiper.at\/shop\/produkt\/ein-tal-ueber-triest\/","title":{"rendered":"Ein Tal \u00fcber Triest"},"content":{"rendered":"<h2>Ein Tal \u00fcber Triest<\/h2>\n<p>von<strong> <strong><a href=\"https:\/\/www.editionkeiper.at\/shop\/schmidt-alfred-paul\/\">Alfred Paul Schmidt<\/a><br \/>\n<\/strong><\/strong><\/p>\n<p>Die labyrinthische Stadt Triest und ihre Eigenheiten, nicht zuletzt ihre spezifische Lage am Meer, pr\u00e4gen den Roman und dessen Geschehen in entscheidender Weise. Wir begegnen einem \u00e4lteren Herrn, Alfred Klei, und der jungen Schriftstellerin Eva T\u00e4u, die hier hofft, ihre Schreibhemmung zu \u00fcberwinden und Inspiration zu tanken. Dies geschieht auch tats\u00e4chlich, und der rasant entstehende Text der Krimiautorin T\u00e4u findet sich als eingef\u00fcgte Binnenerz\u00e4hlung innerhalb der Rahmenerz\u00e4hlung, eingebettet in die f\u00fcr Schmidt typischen Dialoge zwischen den beiden Protagonisten. Diese schrauben sich in lichteste H\u00f6hen der philosophischen Spekulation \u00fcber eine Unzahl unterschiedlichster Themen, angeregt von den Dichtergestalten und -statuen der Hafenstadt, vom \u201ekaum gelesenen, daf\u00fcr umso mythischeren James Joyce\u201d bis hin zum liebensw\u00fcrdig-verschrobenen Italo Svevo. Gl\u00e4nzend beschrieben die Topographie und Architektur der Stadt, nicht zuletzt auch inspiriert von den unterschiedlichen Stimmungen und Farben des Meeres und seiner Horizonte, die in meisterlich reflexiver Schilderung den Text im steten Rhythmus pointieren.<\/p>\n<p><strong>Preis:<\/strong> AT \u20ac 20,00 \/ DE \u20ac 19,45<\/p>\n<p><strong>ISBN13:<\/strong> 978-3-903144-95-8<\/p>\n<p><strong>Erscheinungsdatum:<\/strong> 25.09.2019<\/p>\n<p><strong>Seiten:<\/strong> ca. 210<\/p>\n<p><strong>Sprache:<\/strong>\u00a0Deutsch<\/p>\n<p><strong>Format:<\/strong>\u00a020,0 x 12,0 cm;\u00a0Hardcover<\/p>\n<p>&nbsp;<\/p>\n","protected":false},"excerpt":{"rendered":"<p>Die labyrinthische Stadt Triest und ihre Eigenheiten, nicht zuletzt ihre spezifische Lage am Meer, pr\u00e4gen den Roman und dessen Geschehen in entscheidender Weise. Wir begegnen einem \u00e4lteren Herrn, Alfred Klei, und der jungen Schriftstellerin Eva T\u00e4u, die hier hofft, ihre Schreibhemmung zu \u00fcberwinden und Inspiration zu tanken. Dies geschieht auch tats\u00e4chlich, und der rasant entstehende Text der Krimiautorin T\u00e4u findet sich als eingef\u00fcgte Binnenerz\u00e4hlung innerhalb der Rahmenerz\u00e4hlung, eingebettet in die f\u00fcr Schmidt typischen Dialoge zwischen den beiden Protagonisten, die sich in die lichtesten H\u00f6hen philosophischer Spekulation schrauben.<\/p>\n","protected":false},"featured_media":4887,"comment_status":"open","ping_status":"closed","template":"","meta":[],"etheme_brands":[],"product_brand":[],"product_cat":[3687],"product_tag":[443,336,230,232,356,241,117,2834,348,900,323,2877,218,2876,209,121,109],"yst_prominent_words":[3473],"class_list":{"0":"post-4839","1":"product","2":"type-product","3":"status-publish","4":"has-post-thumbnail","6":"product_cat-romane","7":"product_tag-alfred-paul-schmidt","8":"product_tag-belletristik","9":"product_tag-drehbuchschreiber","10":"product_tag-drehbuchschreiber-soko-kitzbuehl","11":"product_tag-edition-keiper","12":"product_tag-graz","13":"product_tag-keiper","14":"product_tag-kriminalroman-hafenstadt-schreibhemmung-james-joyce-architektur-italo-svevo-meer-triest-vortsetzungsgeschichte-philosophie","15":"product_tag-literatur","16":"product_tag-meer","17":"product_tag-oesterreich","18":"product_tag-philosophische-spekulation","19":"product_tag-roman","20":"product_tag-schreibhemmung","21":"product_tag-steiermark","22":"product_tag-verlag","23":"product_tag-www-editionkeiper-at","25":"first","26":"instock","27":"shipping-taxable","28":"purchasable","29":"product-type-simple"},"_links":{"self":[{"href":"https:\/\/www.editionkeiper.at\/shop\/wp-json\/wp\/v2\/product\/4839","targetHints":{"allow":["GET"]}}],"collection":[{"href":"https:\/\/www.editionkeiper.at\/shop\/wp-json\/wp\/v2\/product"}],"about":[{"href":"https:\/\/www.editionkeiper.at\/shop\/wp-json\/wp\/v2\/types\/product"}],"replies":[{"embeddable":true,"href":"https:\/\/www.editionkeiper.at\/shop\/wp-json\/wp\/v2\/comments?post=4839"}],"wp:featuredmedia":[{"embeddable":true,"href":"https:\/\/www.editionkeiper.at\/shop\/wp-json\/wp\/v2\/media\/4887"}],"wp:attachment":[{"href":"https:\/\/www.editionkeiper.at\/shop\/wp-json\/wp\/v2\/media?parent=4839"}],"wp:term":[{"taxonomy":"brand","embeddable":true,"href":"https:\/\/www.editionkeiper.at\/shop\/wp-json\/wp\/v2\/etheme_brands?post=4839"},{"taxonomy":"product_brand","embeddable":true,"href":"https:\/\/www.editionkeiper.at\/shop\/wp-json\/wp\/v2\/product_brand?post=4839"},{"taxonomy":"product_cat","embeddable":true,"href":"https:\/\/www.editionkeiper.at\/shop\/wp-json\/wp\/v2\/product_cat?post=4839"},{"taxonomy":"product_tag","embeddable":true,"href":"https:\/\/www.editionkeiper.at\/shop\/wp-json\/wp\/v2\/product_tag?post=4839"},{"taxonomy":"yst_prominent_words","embeddable":true,"href":"https:\/\/www.editionkeiper.at\/shop\/wp-json\/wp\/v2\/yst_prominent_words?post=4839"}],"curies":[{"name":"wp","href":"https:\/\/api.w.org\/{rel}","templated":true}]}}

Ein Tal über Triest

<h2>Ein Tal über Triest</h2>
<p>von<strong> <strong><a href="https://www.editionkeiper.at/shop/schmidt-alfred-paul/">Alfred Paul Schmidt</a><br />
</strong></strong></p>
<p>Die labyrinthische Stadt Triest und ihre Eigenheiten, nicht zuletzt ihre spezifische Lage am Meer, prägen den Roman und dessen Geschehen in entscheidender Weise. Wir begegnen einem älteren Herrn, Alfred Klei, und der jungen Schriftstellerin Eva Täu, die hier hofft, ihre Schreibhemmung zu überwinden und Inspiration zu tanken. Dies geschieht auch tatsächlich, und der rasant entstehende Text der Krimiautorin Täu findet sich als eingefügte Binnenerzählung innerhalb der Rahmenerzählung, eingebettet in die für Schmidt typischen Dialoge zwischen den beiden Protagonisten. Diese schrauben sich in lichteste Höhen der philosophischen Spekulation über eine Unzahl unterschiedlichster Themen, angeregt von den Dichtergestalten und -statuen der Hafenstadt, vom „kaum gelesenen, dafür umso mythischeren James Joyce” bis hin zum liebenswürdig-verschrobenen Italo Svevo. Glänzend beschrieben die Topographie und Architektur der Stadt, nicht zuletzt auch inspiriert von den unterschiedlichen Stimmungen und Farben des Meeres und seiner Horizonte, die in meisterlich reflexiver Schilderung den Text im steten Rhythmus pointieren.</p>
<p><strong>Preis:</strong> AT € 20,00 / DE € 19,45</p>
<p><strong>ISBN13:</strong> 978-3-903144-95-8</p>
<p><strong>Erscheinungsdatum:</strong> 25.09.2019</p>
<p><strong>Seiten:</strong> ca. 210</p>
<p><strong>Sprache:</strong> Deutsch</p>
<p><strong>Format:</strong> 20,0 x 12,0 cm; Hardcover</p>
<p>&nbsp;</p>

<p>Die labyrinthische Stadt Triest und ihre Eigenheiten, nicht zuletzt ihre spezifische Lage am Meer, prägen den Roman und dessen Geschehen in entscheidender Weise. Wir begegnen einem älteren Herrn, Alfred Klei, und der jungen Schriftstellerin Eva Täu, die hier hofft, ihre Schreibhemmung zu überwinden und Inspiration zu tanken. Dies geschieht auch tatsächlich, und der rasant entstehende Text der Krimiautorin Täu findet sich als eingefügte Binnenerzählung innerhalb der Rahmenerzählung, eingebettet in die für Schmidt typischen Dialoge zwischen den beiden Protagonisten, die sich in die lichtesten Höhen philosophischer Spekulation schrauben.</p>
