{"id":4837,"date":"2019-05-23T16:00:53","date_gmt":"2019-05-23T14:00:53","guid":{"rendered":"https:\/\/www.editionkeiper.at\/shop\/produkt\/das-schachspielende-chamaeleon\/"},"modified":"2021-03-10T15:53:54","modified_gmt":"2021-03-10T14:53:54","slug":"das-schachspielende-chamaeleon","status":"publish","type":"product","link":"https:\/\/www.editionkeiper.at\/shop\/produkt\/das-schachspielende-chamaeleon\/","title":{"rendered":"Das schachspielende Cham\u00e4leon"},"content":{"rendered":"<h2>Das schachspielende Cham\u00e4leon<\/h2>\n<p><strong>Erz\u00e4hlungen<\/strong><\/p>\n<p>von<strong> <strong><a href=\"https:\/\/www.editionkeiper.at\/shop\/messner-bettina\/\">Bettina Messner<\/a><br \/>\n<\/strong><\/strong><\/p>\n<p>Siebenschleiert\u00e4nze f\u00fcr die Leser, Weltenb\u00e4ume, die sich r\u00e4chen, eine Wanderd\u00fcne auf der Flucht, eine dreizehnte Fee mit zitternden H\u00e4nden, ein begehrendes Wohlstandsb\u00e4uchlein, ein Faustschlag in Albanien, ein Cham\u00e4leon im Kaffeehaus, K\u00f6niginnen allein im Wald, ganz normale Tage, Suizide unterm Kirschbaum, ein perfektes Paar, St\u00f6rungen im t\u00e4glichen Verkehr, dazwischen Lametta, Apokalypse schaukeln, und dann alles wieder von hinten nach vorne, und viel Meer. Das alles ist in den f\u00fcnfzehn Geschichten von Bettina Messner zu finden, die cham\u00e4leongleich zwischen den allt\u00e4glichen Zust\u00e4nden changieren: unscheinbar einfach und gleichzeitig auff\u00e4llig variantenreich werden die Leser\/innen durch gut getarnte und doch un\u00fcbersehbare Beweg- und Abgr\u00fcnde spazieren gef\u00fchrt.<\/p>\n<p><strong>Preis:<\/strong> AT \u20ac 20,00 \/ DE \u20ac 19,45<\/p>\n<p><strong>ISBN13:<\/strong> 978-3-903144-90-3<\/p>\n<p><strong>Erscheinungsdatum:<\/strong> 03.10.2019<\/p>\n<p><strong>Seiten:<\/strong> ca. 200<\/p>\n<p><strong>Sprache:<\/strong>\u00a0Deutsch<\/p>\n<p><strong>Format:<\/strong> 12 x 20 cm, Hardcover<\/p>\n<p>&nbsp;<\/p>\n","protected":false},"excerpt":{"rendered":"<h2>Das schachspielende Cham\u00e4leon<\/h2>\n<p><strong>Erz\u00e4hlungen<\/strong><\/p>\n<p>Siebenschleiert\u00e4nze f\u00fcr die Leser, Weltenb\u00e4ume, die sich r\u00e4chen, eine Wanderd\u00fcne auf der Flucht, eine dreizehnte Fee mit zitternden H\u00e4nden, ein begehrendes Wohlstandsb\u00e4uchlein, ein Faustschlag in Albanien, ein Cham\u00e4leon im Kaffeehaus, K\u00f6niginnen allein im Wald, ganz normale Tage, Suizide unterm Kirschbaum, ein perfektes Paar, St\u00f6rungen im t\u00e4glichen Verkehr, dazwischen Lametta, und viel Meer &#8211; das alles und noch mehr ist in Bettina Messner 15 Erz\u00e4hlungen zu finden.<\/p>\n","protected":false},"featured_media":4886,"comment_status":"closed","ping_status":"closed","template":"","meta":[],"etheme_brands":[],"product_brand":[],"product_cat":[3685],"product_tag":[356,577,241,117,348,323,209,121,2831,109],"yst_prominent_words":[3279,3267,3280],"class_list":{"0":"post-4837","1":"product","2":"type-product","3":"status-publish","4":"has-post-thumbnail","6":"product_cat-erzaehlungen","7":"product_tag-edition-keiper","8":"product_tag-erzaehlungen","9":"product_tag-graz","10":"product_tag-keiper","11":"product_tag-literatur","12":"product_tag-oesterreich","13":"product_tag-steiermark","14":"product_tag-verlag","15":"product_tag-wanderduene-graz-verlag-koeniginnen-suizid-senta-bremst-ein-chamaeleon-wirklichkeit-abgruende-senta-gibt-gas-keiper-souveraen","16":"product_tag-www-editionkeiper-at","18":"first","19":"instock","20":"shipping-taxable","21":"purchasable","22":"product-type-simple"},"_links":{"self":[{"href":"https:\/\/www.editionkeiper.at\/shop\/wp-json\/wp\/v2\/product\/4837","targetHints":{"allow":["GET"]}}],"collection":[{"href":"https:\/\/www.editionkeiper.at\/shop\/wp-json\/wp\/v2\/product"}],"about":[{"href":"https:\/\/www.editionkeiper.at\/shop\/wp-json\/wp\/v2\/types\/product"}],"replies":[{"embeddable":true,"href":"https:\/\/www.editionkeiper.at\/shop\/wp-json\/wp\/v2\/comments?post=4837"}],"wp:featuredmedia":[{"embeddable":true,"href":"https:\/\/www.editionkeiper.at\/shop\/wp-json\/wp\/v2\/media\/4886"}],"wp:attachment":[{"href":"https:\/\/www.editionkeiper.at\/shop\/wp-json\/wp\/v2\/media?parent=4837"}],"wp:term":[{"taxonomy":"brand","embeddable":true,"href":"https:\/\/www.editionkeiper.at\/shop\/wp-json\/wp\/v2\/etheme_brands?post=4837"},{"taxonomy":"product_brand","embeddable":true,"href":"https:\/\/www.editionkeiper.at\/shop\/wp-json\/wp\/v2\/product_brand?post=4837"},{"taxonomy":"product_cat","embeddable":true,"href":"https:\/\/www.editionkeiper.at\/shop\/wp-json\/wp\/v2\/product_cat?post=4837"},{"taxonomy":"product_tag","embeddable":true,"href":"https:\/\/www.editionkeiper.at\/shop\/wp-json\/wp\/v2\/product_tag?post=4837"},{"taxonomy":"yst_prominent_words","embeddable":true,"href":"https:\/\/www.editionkeiper.at\/shop\/wp-json\/wp\/v2\/yst_prominent_words?post=4837"}],"curies":[{"name":"wp","href":"https:\/\/api.w.org\/{rel}","templated":true}]}}