{"id":4834,"date":"2019-05-23T16:00:53","date_gmt":"2019-05-23T14:00:53","guid":{"rendered":"https:\/\/www.editionkeiper.at\/shop\/produkt\/melichar-oder-von-der-kunst-keinen-roman-zu-schreiben\/"},"modified":"2021-03-10T16:04:05","modified_gmt":"2021-03-10T15:04:05","slug":"melichar-oder-von-der-kunst-keinen-roman-zu-schreiben","status":"publish","type":"product","link":"https:\/\/www.editionkeiper.at\/shop\/produkt\/melichar-oder-von-der-kunst-keinen-roman-zu-schreiben\/","title":{"rendered":"Melichar oder Von der Kunst, keinen Roman zu schreiben"},"content":{"rendered":"<h2>Melichar oder Von der Kunst, keinen Roman zu schreiben<\/h2>\n<p>von<strong><strong><a href=\"https:\/\/www.editionkeiper.at\/shop\/hahn-friedrich\/\"> Friedrich Hahn<\/a><br \/>\n<\/strong><\/strong><\/p>\n<p>Da war dieser Holzkoffer. Voll mit Zetteln, Bl\u00f6cken, voll mit Notizen, handschriftlichen Texten. Konrad Schramm hatte sie l\u00e4ngst vergessen. Erst als er nach \u00fcber 30 Jahren wieder mit seiner Ex zusammenkommt, st\u00f6\u00dft er in der Abstellkammer auf diesen Holzkoffer.<br \/>\nKonrad Schramm verlebte seine ersten Jahre im Haus Wassergasse 10 im dritten Wiener Gemeindebezirk. Der Hof war sein Spielplatz, sein Kinderzimmer, seine Welt. Eines Tages wird er mit dem komischen Kauz, der dort haust und den alle Melichar nennen, bekannt. Langsam n\u00e4hern sich Melichar und Konrad an. Und fast h\u00e4tte man das, was mit den Jahren daraus entstand, Freundschaft nennen k\u00f6nnen. Als Konrad mit 19 aus der elterlichen Wohnung auszieht, \u00fcberreicht Melichar ihm den Holzkoffer. Als Abschiedsgeschenk. Als Verm\u00e4chtnis. Der Holzkoffer interessierte Konrad Schramm damals nicht wirklich. Er hatte andere Priorit\u00e4ten. Das M\u00e4dchen Margot, die Liebe, die eigene Wohnung, seine Ausbildung zum Polizisten. Die Liebe, die Ehe mit Margot, hielt nur zehn Jahre. Nun \u2013 Konrad Schramm ist inzwischen 65 \u2013 laufen sie sich erneut \u00fcber den Weg. Ziehen wieder zusammen. Und so st\u00f6\u00dft Konrad Schramm wieder auf den Holzkoffer. Und er taucht ein in seine Kindheit, erinnert seine Begegnung mit Melichar, diesem Schriftsteller ohne Werk.<\/p>\n<p><strong>Preis:<\/strong> AT \u20ac 19,00 \/ DE \u20ac 18,48<\/p>\n<p><strong>ISBN13:<\/strong> 978-3-903144-92-7<\/p>\n<p><strong>Erscheinungsdatum:<\/strong> 03.10.2019<\/p>\n<p><strong>Seiten:<\/strong> ca. 160<\/p>\n<p><strong>Sprache:<\/strong>\u00a0Deutsch<\/p>\n<p><strong>Format:<\/strong>\u00a020,0 x 12,0 cm;\u00a0Hardcover<\/p>\n<p>&nbsp;<\/p>\n","protected":false},"excerpt":{"rendered":"<p>Da war dieser Holzkoffer. Voll mit Zetteln, Bl\u00f6cken, voll mit Notizen, handschriftlichen Texten. Konrad Schramm hatte sie l\u00e4ngst vergessen. Erst als er nach \u00fcber 30 Jahren wieder mit seiner Ex zusammenkommt, st\u00f6\u00dft er in der Abstellkammer auf diesen Holzkoffer.<\/p>\n<p>Und er taucht ein in seine Kindheit, erinnert seine Begegnung mit Melichar, diesem Schriftsteller ohne Werk.<\/p>\n","protected":false},"featured_media":4883,"comment_status":"open","ping_status":"closed","template":"","meta":[],"etheme_brands":[],"product_brand":[],"product_cat":[3687],"product_tag":[2862,336,356,241,2830,117,348,323,218,209,121,109],"yst_prominent_words":[],"class_list":{"0":"post-4834","1":"product","2":"type-product","3":"status-publish","4":"has-post-thumbnail","6":"product_cat-romane","7":"product_tag-alte-schmiede","8":"product_tag-belletristik","9":"product_tag-edition-keiper","10":"product_tag-graz","11":"product_tag-holzkoffer-freundschaft-migraenemaske-beziehung-keiper-verlag-schriftsteller-schreiben-literatur-kindheit-notizzettel-wien","12":"product_tag-keiper","13":"product_tag-literatur","14":"product_tag-oesterreich","15":"product_tag-roman","16":"product_tag-steiermark","17":"product_tag-verlag","18":"product_tag-www-editionkeiper-at","20":"first","21":"instock","22":"shipping-taxable","23":"purchasable","24":"product-type-simple"},"_links":{"self":[{"href":"https:\/\/www.editionkeiper.at\/shop\/wp-json\/wp\/v2\/product\/4834","targetHints":{"allow":["GET"]}}],"collection":[{"href":"https:\/\/www.editionkeiper.at\/shop\/wp-json\/wp\/v2\/product"}],"about":[{"href":"https:\/\/www.editionkeiper.at\/shop\/wp-json\/wp\/v2\/types\/product"}],"replies":[{"embeddable":true,"href":"https:\/\/www.editionkeiper.at\/shop\/wp-json\/wp\/v2\/comments?post=4834"}],"wp:featuredmedia":[{"embeddable":true,"href":"https:\/\/www.editionkeiper.at\/shop\/wp-json\/wp\/v2\/media\/4883"}],"wp:attachment":[{"href":"https:\/\/www.editionkeiper.at\/shop\/wp-json\/wp\/v2\/media?parent=4834"}],"wp:term":[{"taxonomy":"brand","embeddable":true,"href":"https:\/\/www.editionkeiper.at\/shop\/wp-json\/wp\/v2\/etheme_brands?post=4834"},{"taxonomy":"product_brand","embeddable":true,"href":"https:\/\/www.editionkeiper.at\/shop\/wp-json\/wp\/v2\/product_brand?post=4834"},{"taxonomy":"product_cat","embeddable":true,"href":"https:\/\/www.editionkeiper.at\/shop\/wp-json\/wp\/v2\/product_cat?post=4834"},{"taxonomy":"product_tag","embeddable":true,"href":"https:\/\/www.editionkeiper.at\/shop\/wp-json\/wp\/v2\/product_tag?post=4834"},{"taxonomy":"yst_prominent_words","embeddable":true,"href":"https:\/\/www.editionkeiper.at\/shop\/wp-json\/wp\/v2\/yst_prominent_words?post=4834"}],"curies":[{"name":"wp","href":"https:\/\/api.w.org\/{rel}","templated":true}]}}

<h2>Melichar oder Von der Kunst, keinen Roman zu schreiben</h2>
<p>von<strong><strong><a href="https://www.editionkeiper.at/shop/hahn-friedrich/"> Friedrich Hahn</a><br />
</strong></strong></p>
<p>Da war dieser Holzkoffer. Voll mit Zetteln, Blöcken, voll mit Notizen, handschriftlichen Texten. Konrad Schramm hatte sie längst vergessen. Erst als er nach über 30 Jahren wieder mit seiner Ex zusammenkommt, stößt er in der Abstellkammer auf diesen Holzkoffer.<br />
Konrad Schramm verlebte seine ersten Jahre im Haus Wassergasse 10 im dritten Wiener Gemeindebezirk. Der Hof war sein Spielplatz, sein Kinderzimmer, seine Welt. Eines Tages wird er mit dem komischen Kauz, der dort haust und den alle Melichar nennen, bekannt. Langsam nähern sich Melichar und Konrad an. Und fast hätte man das, was mit den Jahren daraus entstand, Freundschaft nennen können. Als Konrad mit 19 aus der elterlichen Wohnung auszieht, überreicht Melichar ihm den Holzkoffer. Als Abschiedsgeschenk. Als Vermächtnis. Der Holzkoffer interessierte Konrad Schramm damals nicht wirklich. Er hatte andere Prioritäten. Das Mädchen Margot, die Liebe, die eigene Wohnung, seine Ausbildung zum Polizisten. Die Liebe, die Ehe mit Margot, hielt nur zehn Jahre. Nun – Konrad Schramm ist inzwischen 65 – laufen sie sich erneut über den Weg. Ziehen wieder zusammen. Und so stößt Konrad Schramm wieder auf den Holzkoffer. Und er taucht ein in seine Kindheit, erinnert seine Begegnung mit Melichar, diesem Schriftsteller ohne Werk.</p>
<p><strong>Preis:</strong> AT € 19,00 / DE € 18,48</p>
<p><strong>ISBN13:</strong> 978-3-903144-92-7</p>
<p><strong>Erscheinungsdatum:</strong> 03.10.2019</p>
<p><strong>Seiten:</strong> ca. 160</p>
<p><strong>Sprache:</strong> Deutsch</p>
<p><strong>Format:</strong> 20,0 x 12,0 cm; Hardcover</p>
<p>&nbsp;</p>

<p>Da war dieser Holzkoffer. Voll mit Zetteln, Blöcken, voll mit Notizen, handschriftlichen Texten. Konrad Schramm hatte sie längst vergessen. Erst als er nach über 30 Jahren wieder mit seiner Ex zusammenkommt, stößt er in der Abstellkammer auf diesen Holzkoffer.</p>
<p>Und er taucht ein in seine Kindheit, erinnert seine Begegnung mit Melichar, diesem Schriftsteller ohne Werk.</p>
