{"id":4597,"date":"2019-01-18T16:23:52","date_gmt":"2019-01-18T15:23:52","guid":{"rendered":"https:\/\/www.editionkeiper.at\/shop\/produkt\/das-grazer-oeversee-eine-oesterreichische-schulgeschichte\/"},"modified":"2021-03-09T09:22:20","modified_gmt":"2021-03-09T08:22:20","slug":"das-grazer-oeversee-eine-oesterreichische-schulgeschichte","status":"publish","type":"product","link":"https:\/\/www.editionkeiper.at\/shop\/produkt\/das-grazer-oeversee-eine-oesterreichische-schulgeschichte\/","title":{"rendered":"Das Grazer Oeversee \u2013 eine \u00f6sterreichische Schulgeschichte"},"content":{"rendered":"<h2>Das Grazer Oeversee \u2013 eine \u00f6sterreichische Schulgeschichte<\/h2>\n<p><strong>Vom k. k. Staatsgymnasium zur modernen Bildungseinrichtung<\/strong><\/p>\n<p><strong><strong><a href=\"https:\/\/www.editionkeiper.at\/shop\/dragaric-dietmar\/\">Dietmar Dragari\u0107<\/a> (Hrsg.)<br \/>\n<\/strong><\/strong><\/p>\n<p>Unter Mitarbeit von Helena Kahr, Gernot Saringer und Jutta Weiker-Schwarz.<\/p>\n<p>Das BG\/BRG Oeverseegasse in Graz wurde 1902 als einziges Gymnasium am rechten Murufer gegr\u00fcndet. Die Bewohner der Arbeiter- und Zuwandererbezirke hatten sich dazu eigens an den Kaiser gewandt. Im Herbst erfolgte der Schulbeginn in der Schulgasse, das heutige Schulgeb\u00e4ude wurde 1910 bezogen. Schon in der Monarchie gab es vereinzelt auch Sch\u00fclerinnen, diese Tradition setzte sich bis zur Macht\u00fcbernahme durch die Nationalsozialisten fort. J\u00e4hrliche Jahresberichte (ab 1902) und erhaltene Konferenzprotokolle spiegeln die Geschichte der Schule wider, hervorzuheben ist dabei die Zeit der Ersten Republik und das Jahr 1938 mit der Vertreibung aller j\u00fcdischen Sch\u00fcler. Um Lehrer und Sch\u00fcler vor den Bombenangriffen zu sch\u00fctzen, wurde das Gymnasium 1944 nach Admont verlegt. Ab Oktober 1945 wird das Gymnasium wieder am alten Standort in der Grazer Oeverseegasse weitergef\u00fchrt. In der Zweiten Republik wird der rechteckige Anfangs- und Zentralbau der Schule insgesamt f\u00fcnfmal vergr\u00f6\u00dfert. Das urspr\u00fcnglich auch f\u00fcr Sch\u00fcler aus sozial schw\u00e4cheren Schichten gegr\u00fcndete Gymnasium kommt seinem Auftrag, f\u00fcr alle da zu sein, die h\u00f6here Bildung anstreben, bis zum heutigen Tag in vorbildlicher Weise nach.<\/p>\n<p>&nbsp;<\/p>\n<p><strong>Preis:<\/strong> AT \u20ac 20,00 \/ DE \u20ac 19,45<\/p>\n<p><strong>ISBN13:<\/strong> 978-3-903144-83-5<\/p>\n<p><strong>Erscheinungsdatum:<\/strong>\u00a017.01.2019<\/p>\n<p><strong>Seiten:<\/strong> 344<\/p>\n<p><strong>Sprache:<\/strong>\u00a0Deutsch<\/p>\n<p><strong>Format:<\/strong>\u00a024,0 x 17,0 cm;\u00a0Softcover; 80 Seiten Fototeil<\/p>\n<p>&nbsp;<\/p>\n","protected":false},"excerpt":{"rendered":"<p>Das BG\/BRG Oeverseegasse in Graz wurde 1902 als einziges Gymnasium am rechten Murufer gegr\u00fcndet. Die Bewohner der Arbeiter- und Zuwandererbezirke hatten sich dazu eigens an den Kaiser gewandt. Im Herbst erfolgte der Schulbeginn in der Schulgasse, das heutige Schulgeb\u00e4ude wurde 1910 bezogen. Schon in der Monarchie gab es vereinzelt auch Sch\u00fclerinnen, diese Tradition setzte sich bis zur Macht\u00fcbernahme durch die Nationalsozialisten fort. J\u00e4hrliche Jahresberichte (ab 1902) und erhaltene Konferenzprotokolle spiegeln die Geschichte der Schule wider, hervorzuheben ist dabei die Zeit der Ersten Republik und das Jahr 1938 mit der Vertreibung aller j\u00fcdischen Sch\u00fcler.<\/p>\n","protected":false},"featured_media":4709,"comment_status":"open","ping_status":"closed","template":"","meta":[],"etheme_brands":[],"product_brand":[],"product_cat":[1400,3682],"product_tag":[356,2715,241,2712,2711,117,2713,323,2714,209,121,109],"yst_prominent_words":[],"class_list":{"0":"post-4597","1":"product","2":"type-product","3":"status-publish","4":"has-post-thumbnail","6":"product_cat-sachbuch","7":"product_cat-zeitgeschichte","8":"product_tag-edition-keiper","9":"product_tag-geschichte-einer-schule","10":"product_tag-graz","11":"product_tag-gymnasium","12":"product_tag-k-und-k-schule","13":"product_tag-keiper","14":"product_tag-oeversee","15":"product_tag-oesterreich","16":"product_tag-schulchronik","17":"product_tag-steiermark","18":"product_tag-verlag","19":"product_tag-www-editionkeiper-at","21":"first","22":"instock","23":"shipping-taxable","24":"purchasable","25":"product-type-simple"},"_links":{"self":[{"href":"https:\/\/www.editionkeiper.at\/shop\/wp-json\/wp\/v2\/product\/4597","targetHints":{"allow":["GET"]}}],"collection":[{"href":"https:\/\/www.editionkeiper.at\/shop\/wp-json\/wp\/v2\/product"}],"about":[{"href":"https:\/\/www.editionkeiper.at\/shop\/wp-json\/wp\/v2\/types\/product"}],"replies":[{"embeddable":true,"href":"https:\/\/www.editionkeiper.at\/shop\/wp-json\/wp\/v2\/comments?post=4597"}],"wp:featuredmedia":[{"embeddable":true,"href":"https:\/\/www.editionkeiper.at\/shop\/wp-json\/wp\/v2\/media\/4709"}],"wp:attachment":[{"href":"https:\/\/www.editionkeiper.at\/shop\/wp-json\/wp\/v2\/media?parent=4597"}],"wp:term":[{"taxonomy":"brand","embeddable":true,"href":"https:\/\/www.editionkeiper.at\/shop\/wp-json\/wp\/v2\/etheme_brands?post=4597"},{"taxonomy":"product_brand","embeddable":true,"href":"https:\/\/www.editionkeiper.at\/shop\/wp-json\/wp\/v2\/product_brand?post=4597"},{"taxonomy":"product_cat","embeddable":true,"href":"https:\/\/www.editionkeiper.at\/shop\/wp-json\/wp\/v2\/product_cat?post=4597"},{"taxonomy":"product_tag","embeddable":true,"href":"https:\/\/www.editionkeiper.at\/shop\/wp-json\/wp\/v2\/product_tag?post=4597"},{"taxonomy":"yst_prominent_words","embeddable":true,"href":"https:\/\/www.editionkeiper.at\/shop\/wp-json\/wp\/v2\/yst_prominent_words?post=4597"}],"curies":[{"name":"wp","href":"https:\/\/api.w.org\/{rel}","templated":true}]}}

Das Grazer Oeversee – eine österreichische Schulgeschichte

<h2>Das Grazer Oeversee – eine österreichische Schulgeschichte</h2>
<p><strong>Vom k. k. Staatsgymnasium zur modernen Bildungseinrichtung</strong></p>
<p><strong><strong><a href="https://www.editionkeiper.at/shop/dragaric-dietmar/">Dietmar Dragarić</a> (Hrsg.)<br />
</strong></strong></p>
<p>Unter Mitarbeit von Helena Kahr, Gernot Saringer und Jutta Weiker-Schwarz.</p>
<p>Das BG/BRG Oeverseegasse in Graz wurde 1902 als einziges Gymnasium am rechten Murufer gegründet. Die Bewohner der Arbeiter- und Zuwandererbezirke hatten sich dazu eigens an den Kaiser gewandt. Im Herbst erfolgte der Schulbeginn in der Schulgasse, das heutige Schulgebäude wurde 1910 bezogen. Schon in der Monarchie gab es vereinzelt auch Schülerinnen, diese Tradition setzte sich bis zur Machtübernahme durch die Nationalsozialisten fort. Jährliche Jahresberichte (ab 1902) und erhaltene Konferenzprotokolle spiegeln die Geschichte der Schule wider, hervorzuheben ist dabei die Zeit der Ersten Republik und das Jahr 1938 mit der Vertreibung aller jüdischen Schüler. Um Lehrer und Schüler vor den Bombenangriffen zu schützen, wurde das Gymnasium 1944 nach Admont verlegt. Ab Oktober 1945 wird das Gymnasium wieder am alten Standort in der Grazer Oeverseegasse weitergeführt. In der Zweiten Republik wird der rechteckige Anfangs- und Zentralbau der Schule insgesamt fünfmal vergrößert. Das ursprünglich auch für Schüler aus sozial schwächeren Schichten gegründete Gymnasium kommt seinem Auftrag, für alle da zu sein, die höhere Bildung anstreben, bis zum heutigen Tag in vorbildlicher Weise nach.</p>
<p>&nbsp;</p>
<p><strong>Preis:</strong> AT € 20,00 / DE € 19,45</p>
<p><strong>ISBN13:</strong> 978-3-903144-83-5</p>
<p><strong>Erscheinungsdatum:</strong> 17.01.2019</p>
<p><strong>Seiten:</strong> 344</p>
<p><strong>Sprache:</strong> Deutsch</p>
<p><strong>Format:</strong> 24,0 x 17,0 cm; Softcover; 80 Seiten Fototeil</p>
<p>&nbsp;</p>

<p>Das BG/BRG Oeverseegasse in Graz wurde 1902 als einziges Gymnasium am rechten Murufer gegründet. Die Bewohner der Arbeiter- und Zuwandererbezirke hatten sich dazu eigens an den Kaiser gewandt. Im Herbst erfolgte der Schulbeginn in der Schulgasse, das heutige Schulgebäude wurde 1910 bezogen. Schon in der Monarchie gab es vereinzelt auch Schülerinnen, diese Tradition setzte sich bis zur Machtübernahme durch die Nationalsozialisten fort. Jährliche Jahresberichte (ab 1902) und erhaltene Konferenzprotokolle spiegeln die Geschichte der Schule wider, hervorzuheben ist dabei die Zeit der Ersten Republik und das Jahr 1938 mit der Vertreibung aller jüdischen Schüler.</p>
