{"id":4490,"date":"2019-01-07T16:13:42","date_gmt":"2019-01-07T15:13:42","guid":{"rendered":"https:\/\/www.editionkeiper.at\/shop\/produkt\/gruen-weisse-geschichten-aus-der-steiermark\/"},"modified":"2021-03-09T09:12:23","modified_gmt":"2021-03-09T08:12:23","slug":"gruen-weisse-geschichten-aus-der-steiermark","status":"publish","type":"product","link":"https:\/\/www.editionkeiper.at\/shop\/produkt\/gruen-weisse-geschichten-aus-der-steiermark\/","title":{"rendered":"Gr\u00fcn-wei\u00dfe Geschichten aus der Steiermark"},"content":{"rendered":"<h2>Gr\u00fcn-wei\u00dfe Geschichten aus der Steiermark<\/h2>\n<p>von<a href=\"https:\/\/www.editionkeiper.at\/shop\/hartl-harald\/\"><strong> Harald Hartl<\/strong><\/a><\/p>\n<p><em>Gr\u00fcn-wei\u00dfe Geschichten aus der Steiermark<\/em> ist ein bunt zusammengew\u00fcrfeltes Potpourri von dreizehn Kurzgeschichten, die das Leben schrieb. Die Vielfalt des Individuums Mensch wird beleuchtet. Schreckliche Albtr\u00e4ume, Sehns\u00fcchte nach l\u00e4ngst Vergangenem, Omas Weisheitsspr\u00fcche, Standesd\u00fcnkel und menschliche Vorurteile, schicksalhafte Begegnungen, die Akzeptanz des Alterns und die damit verbundene Frage, zu welcher Zeit man das beste Alter durchlebt, aber auch unerf\u00fcllbar scheinende Kinderw\u00fcnsche und sogar Begegnungen mit einem Engel spannen den Bogen zwischen Realit\u00e4t und Fiktion.<\/p>\n<p>&nbsp;<\/p>\n<p><strong>Preis:<\/strong> AT \u20ac 20,00 \/ DE \u20ac 19,45<\/p>\n<p><strong>ISBN13:<\/strong> 978-3-903144-79-8<\/p>\n<p><strong>Erscheinungsdatum:<\/strong>\u00a015.05.2019<\/p>\n<p><strong>Seiten:<\/strong> ca. 210<\/p>\n<p><strong>Sprache:<\/strong>\u00a0Deutsch<\/p>\n<p><strong>Format:<\/strong>\u00a020,0 x 12,0 cm;\u00a0Softcover<\/p>\n<p>&nbsp;<\/p>\n","protected":false},"excerpt":{"rendered":"<p><em>Gr\u00fcn-wei\u00dfe Geschichten<\/em> ist ein bunt zusammengew\u00fcrfeltes Potpourri von dreizehn Kurzgeschichten, die das Leben schrieb. Die Vielfalt des Individuums Mensch wird beleuchtet.<\/p>\n","protected":false},"featured_media":4510,"comment_status":"open","ping_status":"closed","template":"","meta":[],"etheme_brands":[],"product_brand":[],"product_cat":[3685],"product_tag":[],"yst_prominent_words":[3331],"class_list":{"0":"post-4490","1":"product","2":"type-product","3":"status-publish","4":"has-post-thumbnail","6":"product_cat-erzaehlungen","8":"first","9":"instock","10":"shipping-taxable","11":"purchasable","12":"product-type-simple"},"_links":{"self":[{"href":"https:\/\/www.editionkeiper.at\/shop\/wp-json\/wp\/v2\/product\/4490","targetHints":{"allow":["GET"]}}],"collection":[{"href":"https:\/\/www.editionkeiper.at\/shop\/wp-json\/wp\/v2\/product"}],"about":[{"href":"https:\/\/www.editionkeiper.at\/shop\/wp-json\/wp\/v2\/types\/product"}],"replies":[{"embeddable":true,"href":"https:\/\/www.editionkeiper.at\/shop\/wp-json\/wp\/v2\/comments?post=4490"}],"wp:featuredmedia":[{"embeddable":true,"href":"https:\/\/www.editionkeiper.at\/shop\/wp-json\/wp\/v2\/media\/4510"}],"wp:attachment":[{"href":"https:\/\/www.editionkeiper.at\/shop\/wp-json\/wp\/v2\/media?parent=4490"}],"wp:term":[{"taxonomy":"brand","embeddable":true,"href":"https:\/\/www.editionkeiper.at\/shop\/wp-json\/wp\/v2\/etheme_brands?post=4490"},{"taxonomy":"product_brand","embeddable":true,"href":"https:\/\/www.editionkeiper.at\/shop\/wp-json\/wp\/v2\/product_brand?post=4490"},{"taxonomy":"product_cat","embeddable":true,"href":"https:\/\/www.editionkeiper.at\/shop\/wp-json\/wp\/v2\/product_cat?post=4490"},{"taxonomy":"product_tag","embeddable":true,"href":"https:\/\/www.editionkeiper.at\/shop\/wp-json\/wp\/v2\/product_tag?post=4490"},{"taxonomy":"yst_prominent_words","embeddable":true,"href":"https:\/\/www.editionkeiper.at\/shop\/wp-json\/wp\/v2\/yst_prominent_words?post=4490"}],"curies":[{"name":"wp","href":"https:\/\/api.w.org\/{rel}","templated":true}]}}

Grün-weiße Geschichten aus der Steiermark

<h2>Grün-weiße Geschichten aus der Steiermark</h2>
<p>von<a href="https://www.editionkeiper.at/shop/hartl-harald/"><strong> Harald Hartl</strong></a></p>
<p><em>Grün-weiße Geschichten aus der Steiermark</em> ist ein bunt zusammengewürfeltes Potpourri von dreizehn Kurzgeschichten, die das Leben schrieb. Die Vielfalt des Individuums Mensch wird beleuchtet. Schreckliche Albträume, Sehnsüchte nach längst Vergangenem, Omas Weisheitssprüche, Standesdünkel und menschliche Vorurteile, schicksalhafte Begegnungen, die Akzeptanz des Alterns und die damit verbundene Frage, zu welcher Zeit man das beste Alter durchlebt, aber auch unerfüllbar scheinende Kinderwünsche und sogar Begegnungen mit einem Engel spannen den Bogen zwischen Realität und Fiktion.</p>
<p>&nbsp;</p>
<p><strong>Preis:</strong> AT € 20,00 / DE € 19,45</p>
<p><strong>ISBN13:</strong> 978-3-903144-79-8</p>
<p><strong>Erscheinungsdatum:</strong> 15.05.2019</p>
<p><strong>Seiten:</strong> ca. 210</p>
<p><strong>Sprache:</strong> Deutsch</p>
<p><strong>Format:</strong> 20,0 x 12,0 cm; Softcover</p>
<p>&nbsp;</p>

<p><em>Grün-weiße Geschichten</em> ist ein bunt zusammengewürfeltes Potpourri von dreizehn Kurzgeschichten, die das Leben schrieb. Die Vielfalt des Individuums Mensch wird beleuchtet.</p>
