{"id":4009,"date":"2018-06-14T15:48:57","date_gmt":"2018-06-14T13:48:57","guid":{"rendered":"https:\/\/www.editionkeiper.at\/shop\/?post_type=product&#038;p=4009"},"modified":"2021-03-09T09:04:49","modified_gmt":"2021-03-09T08:04:49","slug":"switch-misch-einfach-mit","status":"publish","type":"product","link":"https:\/\/www.editionkeiper.at\/shop\/produkt\/switch-misch-einfach-mit\/","title":{"rendered":"SWITCH \u2013 Misch einfach mit"},"content":{"rendered":"<h2>SWITCH \u2013 Misch einfach mit<\/h2>\n<p><strong>Ein Reader zur sprachlichen, kulturellen und politischen Bildung an Neuen Mittelschulen in der Steiermark<\/strong><\/p>\n<p>Herausgegeben von <a href=\"https:\/\/www.editionkeiper.at\/shop\/kury-astrid\/\">Astrid Kury<\/a> und <a href=\"https:\/\/www.editionkeiper.at\/shop\/schrammel-leber-barbara\/\">Barbara Schrammel-Leber<\/a><\/p>\n<p>Bei \u201eSWITCH \u2013 Misch einfach mit\u201c handelt es sich um die Entwicklung von Referenz-Kunstprojekten \u2028zur Schnittstelle von Kunst und Bildung am Beispiel der Mehrsprachigkeit an sieben Neuen Mittelschulen in der Steiermark. Ziel war, mit den Mitteln der bildenden Kunst das kreative Moment im Umgang mit Sprache(n) sichtbar zu machen und zu f\u00f6rdern.<\/p>\n<p>Das Projekt wurde von der Akademie Graz auf Initiative des Bildungsressorts Land Steiermark entwickelt und durchgef\u00fchrt und fand in Kooperation mit der P\u00e4dagogischen Hochschule Steiermark \/ Institut f\u00fcr Diversit\u00e4t und Internationales und dem Landesschulrat f\u00fcr Steiermark statt.<\/p>\n<p>Inhalte:<\/p>\n<ul>\n<li>Methoden von Performance und Installation sowie \u00dcberschneidung von Kunst und Literatur (Daily Rhymes Collective)<\/li>\n<li>Schnittbereiche von bildender Kunst und Literatur, am Beispiel von grafischen Arbeiten und Texten (Petra Sterry)<\/li>\n<li>Erforschung des \u00f6ffentlichen Raums und der wissenschaftlichen wie k\u00fcnstlerischen Methode des Mental Mapping (Judith Laister und Robin Klengel)<\/li>\n<li>Konzeptuelle Zug\u00e4ngen zur Bildhauerei (Wolfgang Becksteiner)<\/li>\n<li>Analytischer Umgang mit analogen und digitalen Methoden der Fotografie sowie die Auseinandersetzung mit R\u00e4umen der Vorstellung und der realen Welt (Lea Titz)<\/li>\n<\/ul>\n<p>Das Ergebnis dieser vielschichten Zusammenarbeit wurde zu diesem Reader und einer interdisziplin\u00e4ren Ausstellung verdichtet, die im SS 2018 und im WS 2018\/19 durch die Steiermark tourt. N\u00e4heres dazu auf der Website der <a href=\"https:\/\/www.akademie-graz.at\/cms\/cms.php?pageName=2&amp;terminId=490\">Akademie Graz<\/a>.<\/p>\n<p><strong>ISBN13:<\/strong> 978-3-903144-56-9<\/p>\n<p><strong>Erscheinungsdatum:<\/strong>\u00a005.2018<\/p>\n<p><strong>Seiten:<\/strong> 148<\/p>\n<p><strong>Sprache:<\/strong>\u00a0Deutsch<\/p>\n<p><strong>Format:<\/strong> 22,0 x 17,0 cm; spiralisiert;\u00a0Hardcover, durchgehend Farbdruck<\/p>\n","protected":false},"excerpt":{"rendered":"<p><strong>Ein Reader zur sprachlichen, kulturellen und politischen Bildung an Neuen Mittelschulen in der Steiermark<\/strong><\/p>\n<p>Bei \u201eSWITCH \u2013 Misch einfach mit\u201c handelt es sich um die Entwicklung von Referenz-Kunstprojekten \u2028zur Schnittstelle von Kunst und Bildung am Beispiel der Mehrsprachigkeit an sieben Neuen Mittelschulen in der Steiermark. Ziel war, mit den Mitteln der bildenden Kunst das kreative Moment im Umgang mit Sprache und Sprachen sichtbar zu machen und zu f\u00f6rdern.<\/p>\n","protected":false},"featured_media":4016,"comment_status":"open","ping_status":"closed","template":"","meta":[],"etheme_brands":[],"product_brand":[],"product_cat":[1364],"product_tag":[1263,114,2402,2394,2405,124,864,707,2400,2397,2399,2403,2401,2395,2503,2396,2393,2504,351],"yst_prominent_words":[3185,3322,3391,3331],"class_list":{"0":"post-4009","1":"product","2":"type-product","3":"status-publish","4":"has-post-thumbnail","6":"product_cat-kunst-und-fotografie","7":"product_tag-akademie-graz","8":"product_tag-bildende-kunst","9":"product_tag-bildhauerei","10":"product_tag-bildung","11":"product_tag-daily-rhymes-collective","12":"product_tag-fotografie","13":"product_tag-kreativitaet","14":"product_tag-kultur","15":"product_tag-kunst-und-literatur","16":"product_tag-kunstprojekte","17":"product_tag-kunstworkshop","18":"product_tag-lea-titz","19":"product_tag-mental-mapping","20":"product_tag-neue-mittelschule","21":"product_tag-petra-sterry","22":"product_tag-politik","23":"product_tag-reader","24":"product_tag-sprachbewusstheit","25":"product_tag-sprache","27":"first","28":"instock","29":"shipping-taxable","30":"purchasable","31":"product-type-simple"},"_links":{"self":[{"href":"https:\/\/www.editionkeiper.at\/shop\/wp-json\/wp\/v2\/product\/4009","targetHints":{"allow":["GET"]}}],"collection":[{"href":"https:\/\/www.editionkeiper.at\/shop\/wp-json\/wp\/v2\/product"}],"about":[{"href":"https:\/\/www.editionkeiper.at\/shop\/wp-json\/wp\/v2\/types\/product"}],"replies":[{"embeddable":true,"href":"https:\/\/www.editionkeiper.at\/shop\/wp-json\/wp\/v2\/comments?post=4009"}],"wp:featuredmedia":[{"embeddable":true,"href":"https:\/\/www.editionkeiper.at\/shop\/wp-json\/wp\/v2\/media\/4016"}],"wp:attachment":[{"href":"https:\/\/www.editionkeiper.at\/shop\/wp-json\/wp\/v2\/media?parent=4009"}],"wp:term":[{"taxonomy":"brand","embeddable":true,"href":"https:\/\/www.editionkeiper.at\/shop\/wp-json\/wp\/v2\/etheme_brands?post=4009"},{"taxonomy":"product_brand","embeddable":true,"href":"https:\/\/www.editionkeiper.at\/shop\/wp-json\/wp\/v2\/product_brand?post=4009"},{"taxonomy":"product_cat","embeddable":true,"href":"https:\/\/www.editionkeiper.at\/shop\/wp-json\/wp\/v2\/product_cat?post=4009"},{"taxonomy":"product_tag","embeddable":true,"href":"https:\/\/www.editionkeiper.at\/shop\/wp-json\/wp\/v2\/product_tag?post=4009"},{"taxonomy":"yst_prominent_words","embeddable":true,"href":"https:\/\/www.editionkeiper.at\/shop\/wp-json\/wp\/v2\/yst_prominent_words?post=4009"}],"curies":[{"name":"wp","href":"https:\/\/api.w.org\/{rel}","templated":true}]}}

<h2>SWITCH – Misch einfach mit</h2>
<p><strong>Ein Reader zur sprachlichen, kulturellen und politischen Bildung an Neuen Mittelschulen in der Steiermark</strong></p>
<p>Herausgegeben von <a href="https://www.editionkeiper.at/shop/kury-astrid/">Astrid Kury</a> und <a href="https://www.editionkeiper.at/shop/schrammel-leber-barbara/">Barbara Schrammel-Leber</a></p>
<p>Bei „SWITCH – Misch einfach mit“ handelt es sich um die Entwicklung von Referenz-Kunstprojekten  zur Schnittstelle von Kunst und Bildung am Beispiel der Mehrsprachigkeit an sieben Neuen Mittelschulen in der Steiermark. Ziel war, mit den Mitteln der bildenden Kunst das kreative Moment im Umgang mit Sprache(n) sichtbar zu machen und zu fördern.</p>
<p>Das Projekt wurde von der Akademie Graz auf Initiative des Bildungsressorts Land Steiermark entwickelt und durchgeführt und fand in Kooperation mit der Pädagogischen Hochschule Steiermark / Institut für Diversität und Internationales und dem Landesschulrat für Steiermark statt.</p>
<p>Inhalte:</p>
<ul>
<li>Methoden von Performance und Installation sowie Überschneidung von Kunst und Literatur (Daily Rhymes Collective)</li>
<li>Schnittbereiche von bildender Kunst und Literatur, am Beispiel von grafischen Arbeiten und Texten (Petra Sterry)</li>
<li>Erforschung des öffentlichen Raums und der wissenschaftlichen wie künstlerischen Methode des Mental Mapping (Judith Laister und Robin Klengel)</li>
<li>Konzeptuelle Zugängen zur Bildhauerei (Wolfgang Becksteiner)</li>
<li>Analytischer Umgang mit analogen und digitalen Methoden der Fotografie sowie die Auseinandersetzung mit Räumen der Vorstellung und der realen Welt (Lea Titz)</li>
</ul>
<p>Das Ergebnis dieser vielschichten Zusammenarbeit wurde zu diesem Reader und einer interdisziplinären Ausstellung verdichtet, die im SS 2018 und im WS 2018/19 durch die Steiermark tourt. Näheres dazu auf der Website der <a href="https://www.akademie-graz.at/cms/cms.php?pageName=2&amp;terminId=490">Akademie Graz</a>.</p>
<p><strong>ISBN13:</strong> 978-3-903144-56-9</p>
<p><strong>Erscheinungsdatum:</strong> 05.2018</p>
<p><strong>Seiten:</strong> 148</p>
<p><strong>Sprache:</strong> Deutsch</p>
<p><strong>Format:</strong> 22,0 x 17,0 cm; spiralisiert; Hardcover, durchgehend Farbdruck</p>

<p><strong>Ein Reader zur sprachlichen, kulturellen und politischen Bildung an Neuen Mittelschulen in der Steiermark</strong></p>
<p>Bei „SWITCH – Misch einfach mit“ handelt es sich um die Entwicklung von Referenz-Kunstprojekten  zur Schnittstelle von Kunst und Bildung am Beispiel der Mehrsprachigkeit an sieben Neuen Mittelschulen in der Steiermark. Ziel war, mit den Mitteln der bildenden Kunst das kreative Moment im Umgang mit Sprache und Sprachen sichtbar zu machen und zu fördern.</p>
