{"id":3839,"date":"2018-06-01T10:40:39","date_gmt":"2018-06-01T08:40:39","guid":{"rendered":"https:\/\/www.editionkeiper.at\/shop\/produkt\/ueber-das-licht-gedreht\/"},"modified":"2021-06-24T13:02:13","modified_gmt":"2021-06-24T11:02:13","slug":"ueber-das-licht-gedreht","status":"publish","type":"product","link":"https:\/\/www.editionkeiper.at\/shop\/produkt\/ueber-das-licht-gedreht\/","title":{"rendered":"\u00dcber das Licht gedreht"},"content":{"rendered":"<h2>\u00dcber das Licht gedreht<\/h2>\n<p><strong>Roman<\/strong><\/p>\n<p>von<strong>\u00a0<strong><a href=\"https:\/\/www.editionkeiper.at\/shop\/steiner-elke\/\"> Elke Steiner<\/a><br \/>\n<\/strong><\/strong><\/p>\n<p>Hanna, Ehefrau des eloquenten Immobilienmaklers Bruno Behringer, ist mit ihrem Baby alleine im Auto unterwegs, als sie sich, von Dunkelheit und Regen \u00fcberrascht, von Ersch\u00f6pfung \u00fcbermannt, ein Zimmer in einem kleinen Landhotel nimmt. Warum ist sie seit Tagen ungewaschen und tr\u00e4gt dieselbe schmutzige Jogginghose? Und warum l\u00e4sst sie ihre Kleine \u00fcber Nacht alleine im Auto? Wohin ist sie unterwegs und was hat sie vor?<\/p>\n<p>Von Beginn an werden wir in den Sog einer leidenschaftlichen, aber br\u00fcchigen Beziehung gezogen und fragen uns, wie es m\u00f6glich ist, sich so nahe zu sein und dennoch so viel voreinander zu verbergen.<\/p>\n<p>Und dann geschieht alles auf einmal. Die Welt von Hanna und Bruno braucht nur wenige Tage \u2013 und nichts ist mehr wie es war. Als wenn ein Damm br\u00e4che, birst das fragile Konstrukt. Wir erleben, wie sich das vermeintlich Perfekte ver\u00e4ndert, St\u00fcck f\u00fcr St\u00fcck aufl\u00f6st, und schlie\u00dflich in alle Feinteile zerbr\u00f6selt. Brunos selbstische Sicht auf sein Leben, sein Lavieren und seine Zweigleisigkeiten rasen genauso schnell dem Nichts entgegen wie Hannas heile Welt \u2026<\/p>\n<p>&nbsp;<\/p>\n<p><strong>ISBN13:<\/strong> 978-3-903144-63-7<\/p>\n<p><strong>Erscheinungsdatum:<\/strong>\u00a010.2018<\/p>\n<p><strong>Seiten:<\/strong> ca 230<\/p>\n<p><strong>Sprache:<\/strong>\u00a0Deutsch<\/p>\n<p><strong>Format:<\/strong>\u00a020,0 x 12,0 cm;\u00a0gebunden;\u00a0Hardcover<\/p>\n<p><iframe loading=\"lazy\" title=\"Roman &quot;\u00dcber das Licht gedreht&quot; Roman von Elke Steiner. Verlag edition keiper \u2013 Gulasch-Daham-Lesung\" width=\"1170\" height=\"658\" src=\"https:\/\/www.youtube.com\/embed\/M_tCDRfzU1c?feature=oembed\" frameborder=\"0\" allow=\"accelerometer; autoplay; clipboard-write; encrypted-media; gyroscope; picture-in-picture\" allowfullscreen><\/iframe><\/p>\n","protected":false},"excerpt":{"rendered":"<h2>\u00dcber das Licht gedreht<\/h2>\n<p><strong>Roman<\/strong><\/p>\n<p>Hanna, Ehefrau des eloquenten Immobilienmaklers Bruno Behringer, ist mit ihrem Baby alleine im Auto unterwegs, als sie sich, von Dunkelheit und Regen \u00fcberrascht, von Ersch\u00f6pfung \u00fcbermannt, ein Zimmer in einem kleinen Landhotel nimmt. Warum ist sie seit Tagen ungewaschen und tr\u00e4gt dieselbe schmutzige Jogginghose? Und warum l\u00e4sst sie ihre Kleine \u00fcber Nacht alleine im Auto? Wohin ist sie unterwegs und was hat sie vor? Von Beginn an werden wir in den Sog einer leidenschaftlichen, aber br\u00fcchigen Beziehung gezogen und fragen uns, wie es m\u00f6glich ist, sich so nahe zu sein und dennoch so viel voreinander zu verbergen.<\/p>\n<p>Ein Roman \u00fcber konstruierte Wahrheit und Realit\u00e4tsverweigerung. Ein Beziehungskrimi ohne Mord \u2013 eindringlich, ber\u00fchrend, mysteri\u00f6s. Ein origineller Plot, spannend bis zur letzten Seite.<\/p>\n<p><strong>\u00a0<\/strong><\/p>\n","protected":false},"featured_media":3860,"comment_status":"closed","ping_status":"closed","template":"","meta":[],"etheme_brands":[],"product_brand":[],"product_cat":[3687],"product_tag":[336,356,241,117,558,348,563,2229,323,2228,218,589,209,121,109],"yst_prominent_words":[3183],"class_list":{"0":"post-3839","1":"product","2":"type-product","3":"status-publish","4":"has-post-thumbnail","6":"product_cat-romane","7":"product_tag-belletristik","8":"product_tag-edition-keiper","9":"product_tag-graz","10":"product_tag-keiper","11":"product_tag-krimi","12":"product_tag-literatur","13":"product_tag-mord","14":"product_tag-mysterioes","15":"product_tag-oesterreich","16":"product_tag-realitaetsverweigerung","17":"product_tag-roman","18":"product_tag-spannung","19":"product_tag-steiermark","20":"product_tag-verlag","21":"product_tag-www-editionkeiper-at","23":"first","24":"instock","25":"shipping-taxable","26":"purchasable","27":"product-type-simple"},"_links":{"self":[{"href":"https:\/\/www.editionkeiper.at\/shop\/wp-json\/wp\/v2\/product\/3839","targetHints":{"allow":["GET"]}}],"collection":[{"href":"https:\/\/www.editionkeiper.at\/shop\/wp-json\/wp\/v2\/product"}],"about":[{"href":"https:\/\/www.editionkeiper.at\/shop\/wp-json\/wp\/v2\/types\/product"}],"replies":[{"embeddable":true,"href":"https:\/\/www.editionkeiper.at\/shop\/wp-json\/wp\/v2\/comments?post=3839"}],"wp:featuredmedia":[{"embeddable":true,"href":"https:\/\/www.editionkeiper.at\/shop\/wp-json\/wp\/v2\/media\/3860"}],"wp:attachment":[{"href":"https:\/\/www.editionkeiper.at\/shop\/wp-json\/wp\/v2\/media?parent=3839"}],"wp:term":[{"taxonomy":"brand","embeddable":true,"href":"https:\/\/www.editionkeiper.at\/shop\/wp-json\/wp\/v2\/etheme_brands?post=3839"},{"taxonomy":"product_brand","embeddable":true,"href":"https:\/\/www.editionkeiper.at\/shop\/wp-json\/wp\/v2\/product_brand?post=3839"},{"taxonomy":"product_cat","embeddable":true,"href":"https:\/\/www.editionkeiper.at\/shop\/wp-json\/wp\/v2\/product_cat?post=3839"},{"taxonomy":"product_tag","embeddable":true,"href":"https:\/\/www.editionkeiper.at\/shop\/wp-json\/wp\/v2\/product_tag?post=3839"},{"taxonomy":"yst_prominent_words","embeddable":true,"href":"https:\/\/www.editionkeiper.at\/shop\/wp-json\/wp\/v2\/yst_prominent_words?post=3839"}],"curies":[{"name":"wp","href":"https:\/\/api.w.org\/{rel}","templated":true}]}}