{"id":3837,"date":"2018-06-01T10:40:39","date_gmt":"2018-06-01T08:40:39","guid":{"rendered":"https:\/\/www.editionkeiper.at\/shop\/produkt\/vampyrella\/"},"modified":"2021-03-09T12:49:13","modified_gmt":"2021-03-09T11:49:13","slug":"vampyrella","status":"publish","type":"product","link":"https:\/\/www.editionkeiper.at\/shop\/produkt\/vampyrella\/","title":{"rendered":"Vampyrella"},"content":{"rendered":"<h2>Vampyrella<\/h2>\n<p><strong>Eine Untotologie<\/strong><\/p>\n<p>von<strong> <strong><a href=\"https:\/\/www.editionkeiper.at\/shop\/reyer-sophie\/\">Sophie Reyer<\/a><br \/>\n<\/strong><\/strong><\/p>\n<p><em>Vampyrella<\/em> schildert den Weg eines M\u00e4dchens zum Vampir, es ist eine Pubert\u00e4tsgeschichte, eine Entwicklungsgeschichte mit blutigem Hintergrund. Es geht um Kindheit, Freundschaft und Sexualit\u00e4t, um den Tod der Gro\u00dfmutter \u2013 die das einzig stabile Element gewesen war \u2013, es geht um Vergewaltigung, und um Hieronymus, den Konterpart, mit dem Vampyrella als Einzigem in wirklichen Kontakt tritt. Er ist ihre eigene Sch\u00f6pfung, der nach den \u00dcbergriffen Trost und Halt gibt. Und sie zur Killerin macht.\u00a0Im \u201eVerzehr\u201c mehrerer M\u00e4nner ersch\u00f6pft sich Vampyrella, ihr Vampir-Sein ist die Folge unentwegter Missbr\u00e4uche an ihr \u2013 ihr Vampirleben ist Rache. faszinierender Roman, an dessen Ende die Frage steht: Wie viele Leben lang kann man sich r\u00e4chen?<\/p>\n<p>Eine musikalische Romanpartitur zu drei Stimmen. Erinnerungsst\u00fccke einer jungen Frau, die das Fallen zum Lebensprinzip erhoben hat.<\/p>\n<p>&nbsp;<\/p>\n<p><strong>ISBN13:<\/strong> 978-3-903144-60-6<\/p>\n<p><strong>Erscheinungsdatum:<\/strong>\u00a009.2018<\/p>\n<p><strong>Seiten:<\/strong> ca. 136<\/p>\n<p><strong>Sprache:<\/strong>\u00a0Deutsch<\/p>\n<p><strong>Format:<\/strong>\u00a020,0 x 12,0 cm;\u00a0gebunden;\u00a0Hardcover<\/p>\n","protected":false},"excerpt":{"rendered":"<h2>Vampyrella<\/h2>\n<p><strong>Eine Untotologie<\/strong><\/p>\n<p><em>Vampyrella<\/em> schildert den Weg eines M\u00e4dchens zum Vampir, es ist eine Pubert\u00e4tsgeschichte, eine Entwicklungsgeschichte mit blutigem Hintergrund. Es geht um Kindheit, Freundschaft und Sexualit\u00e4t, es geht um Vergewaltigung und um Hieronymus, den Konterpart, mit dem Vampyrella als Einzigem in wirklichen Kontakt tritt. Er ist ihre eigene Sch\u00f6pfung, der nach den \u00dcbergriffen Trost und Halt gibt. Und sie zur Killerin macht.<\/p>\n<p>Ein faszinierender Roman, an dessen Ende die Frage steht: Wie viele Leben lang kann man sich r\u00e4chen? Eine musikalische Romanpartitur zu drei Stimmen. Erinnerungsst\u00fccke einer jungen Frau, die das Fallen zum Lebensprinzip erhoben hat.<\/p>\n","protected":false},"featured_media":3855,"comment_status":"closed","ping_status":"closed","template":"","meta":[],"etheme_brands":[],"product_brand":[],"product_cat":[3687],"product_tag":[336,356,241,117,1027,2208,348,323,2209,218,2207,209,2210,121,109],"yst_prominent_words":[],"class_list":{"0":"post-3837","1":"product","2":"type-product","3":"status-publish","4":"has-post-thumbnail","6":"product_cat-romane","7":"product_tag-belletristik","8":"product_tag-edition-keiper","9":"product_tag-graz","10":"product_tag-keiper","11":"product_tag-kindheit","12":"product_tag-lebensprinzip","13":"product_tag-literatur","14":"product_tag-oesterreich","15":"product_tag-pubertaetsgeschichte","16":"product_tag-roman","17":"product_tag-romanpartitiur","18":"product_tag-steiermark","19":"product_tag-vergewaltigung","20":"product_tag-verlag","21":"product_tag-www-editionkeiper-at","23":"first","24":"instock","25":"shipping-taxable","26":"purchasable","27":"product-type-simple"},"_links":{"self":[{"href":"https:\/\/www.editionkeiper.at\/shop\/wp-json\/wp\/v2\/product\/3837","targetHints":{"allow":["GET"]}}],"collection":[{"href":"https:\/\/www.editionkeiper.at\/shop\/wp-json\/wp\/v2\/product"}],"about":[{"href":"https:\/\/www.editionkeiper.at\/shop\/wp-json\/wp\/v2\/types\/product"}],"replies":[{"embeddable":true,"href":"https:\/\/www.editionkeiper.at\/shop\/wp-json\/wp\/v2\/comments?post=3837"}],"wp:featuredmedia":[{"embeddable":true,"href":"https:\/\/www.editionkeiper.at\/shop\/wp-json\/wp\/v2\/media\/3855"}],"wp:attachment":[{"href":"https:\/\/www.editionkeiper.at\/shop\/wp-json\/wp\/v2\/media?parent=3837"}],"wp:term":[{"taxonomy":"brand","embeddable":true,"href":"https:\/\/www.editionkeiper.at\/shop\/wp-json\/wp\/v2\/etheme_brands?post=3837"},{"taxonomy":"product_brand","embeddable":true,"href":"https:\/\/www.editionkeiper.at\/shop\/wp-json\/wp\/v2\/product_brand?post=3837"},{"taxonomy":"product_cat","embeddable":true,"href":"https:\/\/www.editionkeiper.at\/shop\/wp-json\/wp\/v2\/product_cat?post=3837"},{"taxonomy":"product_tag","embeddable":true,"href":"https:\/\/www.editionkeiper.at\/shop\/wp-json\/wp\/v2\/product_tag?post=3837"},{"taxonomy":"yst_prominent_words","embeddable":true,"href":"https:\/\/www.editionkeiper.at\/shop\/wp-json\/wp\/v2\/yst_prominent_words?post=3837"}],"curies":[{"name":"wp","href":"https:\/\/api.w.org\/{rel}","templated":true}]}}