{"id":3276,"date":"2018-01-12T16:21:41","date_gmt":"2018-01-12T15:21:41","guid":{"rendered":"https:\/\/www.editionkeiper.at\/shop\/produkt\/sonja-und-die-wie%c2%a7en-schatten\/"},"modified":"2021-03-08T22:20:19","modified_gmt":"2021-03-08T21:20:19","slug":"sonja-und-die-weissen-schatten","status":"publish","type":"product","link":"https:\/\/www.editionkeiper.at\/shop\/produkt\/sonja-und-die-weissen-schatten\/","title":{"rendered":"Sonja und die wei\u00dfen Schatten"},"content":{"rendered":"<h2>Sonja und die wei\u00dfen Schatten<\/h2>\n<p>von <strong><a href=\"https:\/\/www.editionkeiper.at\/shop\/hahn-friedrich\/\">Friedrich Hahn<\/a><br \/>\n<\/strong><\/p>\n<p>&nbsp;<\/p>\n<p>Sonja ist ein sp\u00e4tes Kind. Und das, was man ein stilles Kind nennt. Meist sieht Sonja aus, als sei sie gerade mit Nachdenken besch\u00e4ftigt. Ihre Mutter, Erna, war 35 bei Sonjas Geburt. \u00a0\u00dcber das Leben ihrer Mutter, bevor sie zur Welt kam, wei\u00df Sonja nichts. Erna macht daraus ein Geheimnis. Erna will, dass Sonja Tennis spielt. Jonas, ein Schul- und Sportkamerad, der auch im gleichen Tennisverein ist, wird Sonjas \u008bbeste Freundin. Der neue Trainer ist \u00fcber Sonjas \u00c4hnlichkeit mit einem M\u00e4dchen, das er vor etlichen Jahren trainierte, verbl\u00fcfft. Sonja recherchiert. Da war ein M\u00e4dchen, die Tochter aus Ernas erster Ehe, ein anderer Mann, eine Scheidung. Das M\u00e4dchen mit Namen Lena war ein hoffnungsvolles Tennistalent gewesen, -zigfache Jugendmeisterin. Und am Sprung auf ein amerikanisches College. Sonja ist verst\u00f6rt. Diese \u00c4hnlichkeit mit ihrer Halbschwester. Die Frisur. Die Klamotten. Sonja erf\u00e4hrt: Lena ist mit 16 ums Leben gekommen. Sie lief in einen Lastwagen. Sonja erkennt: Ihre Mutter wollte aus ihr eine zweite Lena machen. Erna hat Sonja voll und ganz auf Lena getrimmt. Sonja wei\u00df, sie braucht ein neues Leben. Ein zweites. Ihr eigenes.<\/p>\n<p>&nbsp;<\/p>\n<p><strong>Preis:<\/strong> AT \u20ac 18,00 \/ DE \u20ac 17,51<\/p>\n<p><strong>Seiten:<\/strong>\u00a0ca. 100<\/p>\n<p><strong>ISBN13:<\/strong>\u00a0978-3-903144-48-4<\/p>\n<p><strong>Erscheinungsdatum:<\/strong>\u00a002.05.2018<\/p>\n<p><strong>Sprache:<\/strong>\u00a0Deutsch<\/p>\n<p><strong>Format:<\/strong>\u00a020,0 x 12,0 cm; Hardcover<\/p>\n","protected":false},"excerpt":{"rendered":"<p>Sonja ist ein sp\u00e4tes Kind. Und das, was man ein stilles Kind nennt. Meist sieht Sonja aus, als sei sie gerade mit Nachdenken besch\u00e4ftigt. \u00dcber das Leben ihrer Mutter, bevor sie zur Welt kam, wei\u00df Sonja nichts. Doch da war ein M\u00e4dchen, Lena, die Tochter aus Ernas erster Ehe. Sonja erkennt: Ihre Mutter wollte aus ihr eine zweite Lena machen. Sie wei\u00df, sie braucht ein neues Leben. Ein zweites. Ihr eigenes.<\/p>\n","protected":false},"featured_media":3308,"comment_status":"open","ping_status":"closed","template":"","meta":[],"etheme_brands":[],"product_brand":[],"product_cat":[3687],"product_tag":[336,356,1283,113,2044,660,241,117,348,2042,668,323,218,209,2043,121,109],"yst_prominent_words":[3208,3192],"class_list":{"0":"post-3276","1":"product","2":"type-product","3":"status-publish","4":"has-post-thumbnail","6":"product_cat-romane","7":"product_tag-belletristik","8":"product_tag-edition-keiper","9":"product_tag-familiengeschichte","10":"product_tag-freundschaft","11":"product_tag-friedrich-hahn","12":"product_tag-gegenwartsliteratur","13":"product_tag-graz","14":"product_tag-keiper","15":"product_tag-literatur","16":"product_tag-mutter-tochter-konflikt","17":"product_tag-neuerscheinung","18":"product_tag-oesterreich","19":"product_tag-roman","20":"product_tag-steiermark","21":"product_tag-tennis","22":"product_tag-verlag","23":"product_tag-www-editionkeiper-at","25":"first","26":"instock","27":"shipping-taxable","28":"purchasable","29":"product-type-simple"},"_links":{"self":[{"href":"https:\/\/www.editionkeiper.at\/shop\/wp-json\/wp\/v2\/product\/3276","targetHints":{"allow":["GET"]}}],"collection":[{"href":"https:\/\/www.editionkeiper.at\/shop\/wp-json\/wp\/v2\/product"}],"about":[{"href":"https:\/\/www.editionkeiper.at\/shop\/wp-json\/wp\/v2\/types\/product"}],"replies":[{"embeddable":true,"href":"https:\/\/www.editionkeiper.at\/shop\/wp-json\/wp\/v2\/comments?post=3276"}],"wp:featuredmedia":[{"embeddable":true,"href":"https:\/\/www.editionkeiper.at\/shop\/wp-json\/wp\/v2\/media\/3308"}],"wp:attachment":[{"href":"https:\/\/www.editionkeiper.at\/shop\/wp-json\/wp\/v2\/media?parent=3276"}],"wp:term":[{"taxonomy":"brand","embeddable":true,"href":"https:\/\/www.editionkeiper.at\/shop\/wp-json\/wp\/v2\/etheme_brands?post=3276"},{"taxonomy":"product_brand","embeddable":true,"href":"https:\/\/www.editionkeiper.at\/shop\/wp-json\/wp\/v2\/product_brand?post=3276"},{"taxonomy":"product_cat","embeddable":true,"href":"https:\/\/www.editionkeiper.at\/shop\/wp-json\/wp\/v2\/product_cat?post=3276"},{"taxonomy":"product_tag","embeddable":true,"href":"https:\/\/www.editionkeiper.at\/shop\/wp-json\/wp\/v2\/product_tag?post=3276"},{"taxonomy":"yst_prominent_words","embeddable":true,"href":"https:\/\/www.editionkeiper.at\/shop\/wp-json\/wp\/v2\/yst_prominent_words?post=3276"}],"curies":[{"name":"wp","href":"https:\/\/api.w.org\/{rel}","templated":true}]}}