{"id":3272,"date":"2018-01-16T16:21:41","date_gmt":"2018-01-16T15:21:41","guid":{"rendered":"https:\/\/www.editionkeiper.at\/shop\/produkt\/und-das-leben-f%c2%9fhrt-regie\/"},"modified":"2021-03-08T22:22:33","modified_gmt":"2021-03-08T21:22:33","slug":"und-das-leben-fuehrt-regie","status":"publish","type":"product","link":"https:\/\/www.editionkeiper.at\/shop\/produkt\/und-das-leben-fuehrt-regie\/","title":{"rendered":"Und das Leben f\u00fchrt Regie"},"content":{"rendered":"<h2>Und das Leben f\u00fchrt Regie<\/h2>\n<p><strong>Besondere Lebensgeschichten<\/strong><\/p>\n<p>von\u00a0<strong><a href=\"https:\/\/www.editionkeiper.at\/shop\/hartl-harald\/\">Harald Hartl<\/a><br \/>\n<\/strong><\/p>\n<p>&nbsp;<\/p>\n<p>Wenn das Leben Regie f\u00fchrt, kann der Mensch nur akzeptieren. Annehmen, was es bereith\u00e4lt \u2013 auch wenn es nicht das ist, was man sich ertr\u00e4umt, gew\u00fcnscht, erhofft hatte. Eine k\u00f6rperliche oder\/und geistige Beeintr\u00e4chtigung, ein folgenschwerer Unfall, eine psychische Erkrankung oder eine Diagnose, die im schlimmsten Fall das eigene Leben bedroht \u2013 auch das h\u00e4lt das Schicksal oft bereit, und diese Dinge ver\u00e4ndern das Leben der Betroffenen, aber auch jenes von (betreuenden) Angeh\u00f6rigen nachhaltig. Harald Hartl hat Gespr\u00e4che mit Menschen gef\u00fchrt, die mit bemerkenswerter Offenheit aus ihrem Leben erz\u00e4hlten. Sie alle hatten sich anderes vorgestellt, ihr Lebensplan hatte anders ausgesehen \u2013 und doch haben sie die Gegebenheiten angenommen und zu einem erf\u00fcllten, freudvollen Dasein gefunden. <em>Und das Leben f\u00fchrt Regie<\/em> ist kein Ratgeber \u2013 es ist ein Buch, das nachdenklich macht und uns vor Augen f\u00fchrt, dass nichts in unserem Leben selbstverst\u00e4ndlich ist und sich alles jederzeit \u00e4ndern kann. Im Buch finden sich Zeichnungen von K\u00fcnstlerinnen und K\u00fcnstlern mit Handicap sowie deren Betreuerinnen und Betreuern, die im Sim-Atelier \u2013 einem Ort der Kreativit\u00e4t und k\u00fcnstlerischen Integration \u2013 entstanden sind.<\/p>\n<p>&nbsp;<\/p>\n<p><strong>Preis:<\/strong> AT \u20ac 18,00 \/ DE \u20ac 17,51<\/p>\n<p><strong>Seiten:<\/strong>\u00a0ca. 110<\/p>\n<p><strong>ISBN13:<\/strong>\u00a0978-3-903144-51-4<\/p>\n<p><strong>Erscheinungsdatum:<\/strong>\u00a012.03.2018<\/p>\n<p><strong>Sprache:<\/strong>\u00a0Deutsch<\/p>\n<p><strong>Format:<\/strong>\u00a020,0 x 12,0 cm; Hardcover<\/p>\n","protected":false},"excerpt":{"rendered":"<p><strong>Besondere Lebensgeschichten<\/strong><\/p>\n<p>Harald Hartl hat Gespr\u00e4che mit Menschen gef\u00fchrt, die mit bemerkenswerter Offenheit aus ihrem Leben erz\u00e4hlten. Sie alle hatten sich anderes vorgestellt, ihr Lebensplan hatte anders ausgesehen \u2013 und doch haben sie die Gegebenheiten angenommen und zu einem erf\u00fcllten, freudvollen Dasein gefunden. <em>Und das Leben f\u00fchrt Regie<\/em> ist kein Ratgeber \u2013 es ist ein Buch, das nachdenklich macht und uns vor Augen f\u00fchrt, dass sich alles jederzeit \u00e4ndern kann.<\/p>\n","protected":false},"featured_media":3219,"comment_status":"open","ping_status":"closed","template":"","meta":[],"etheme_brands":[],"product_brand":[],"product_cat":[3685],"product_tag":[336,356,577,113,117,668,323,209,121,109],"yst_prominent_words":[],"class_list":{"0":"post-3272","1":"product","2":"type-product","3":"status-publish","4":"has-post-thumbnail","6":"product_cat-erzaehlungen","7":"product_tag-belletristik","8":"product_tag-edition-keiper","9":"product_tag-erzaehlungen","10":"product_tag-freundschaft","11":"product_tag-keiper","12":"product_tag-neuerscheinung","13":"product_tag-oesterreich","14":"product_tag-steiermark","15":"product_tag-verlag","16":"product_tag-www-editionkeiper-at","18":"first","19":"instock","20":"shipping-taxable","21":"purchasable","22":"product-type-simple"},"_links":{"self":[{"href":"https:\/\/www.editionkeiper.at\/shop\/wp-json\/wp\/v2\/product\/3272","targetHints":{"allow":["GET"]}}],"collection":[{"href":"https:\/\/www.editionkeiper.at\/shop\/wp-json\/wp\/v2\/product"}],"about":[{"href":"https:\/\/www.editionkeiper.at\/shop\/wp-json\/wp\/v2\/types\/product"}],"replies":[{"embeddable":true,"href":"https:\/\/www.editionkeiper.at\/shop\/wp-json\/wp\/v2\/comments?post=3272"}],"wp:featuredmedia":[{"embeddable":true,"href":"https:\/\/www.editionkeiper.at\/shop\/wp-json\/wp\/v2\/media\/3219"}],"wp:attachment":[{"href":"https:\/\/www.editionkeiper.at\/shop\/wp-json\/wp\/v2\/media?parent=3272"}],"wp:term":[{"taxonomy":"brand","embeddable":true,"href":"https:\/\/www.editionkeiper.at\/shop\/wp-json\/wp\/v2\/etheme_brands?post=3272"},{"taxonomy":"product_brand","embeddable":true,"href":"https:\/\/www.editionkeiper.at\/shop\/wp-json\/wp\/v2\/product_brand?post=3272"},{"taxonomy":"product_cat","embeddable":true,"href":"https:\/\/www.editionkeiper.at\/shop\/wp-json\/wp\/v2\/product_cat?post=3272"},{"taxonomy":"product_tag","embeddable":true,"href":"https:\/\/www.editionkeiper.at\/shop\/wp-json\/wp\/v2\/product_tag?post=3272"},{"taxonomy":"yst_prominent_words","embeddable":true,"href":"https:\/\/www.editionkeiper.at\/shop\/wp-json\/wp\/v2\/yst_prominent_words?post=3272"}],"curies":[{"name":"wp","href":"https:\/\/api.w.org\/{rel}","templated":true}]}}