{"id":16474,"date":"2026-05-08T13:44:45","date_gmt":"2026-05-08T11:44:45","guid":{"rendered":"https:\/\/www.editionkeiper.at\/shop\/?post_type=product&#038;p=16474"},"modified":"2026-05-12T12:12:39","modified_gmt":"2026-05-12T10:12:39","slug":"florian-neuner-lyrik-erinnerung-demenz-sprache","status":"publish","type":"product","link":"https:\/\/www.editionkeiper.at\/shop\/produkt\/florian-neuner-lyrik-erinnerung-demenz-sprache\/","title":{"rendered":"am rande ihrer welt \u2013 keiper lyrik 37"},"content":{"rendered":"<h2 data-start=\"364\" data-end=\"637\">am rande ihrer welt \u2013 keiper lyrik 37<\/h2>\n<p><strong>keiper lyrik 37 von <a href=\"https:\/\/www.editionkeiper.at\/shop\/neuner-florian\/\"><span style=\"color: #993366;\">Florian Neuner<\/span><\/a><\/strong><\/p>\n<p data-start=\"364\" data-end=\"637\">Florian Neuner legt mit diesem Band sein lyrisches Deb\u00fct vor \u2013 und doch ist er kein Anf\u00e4nger. Seit Jahren ver\u00f6ffentlicht er Gedichte in Zeitschriften und Anthologien, unter anderem im renommierten <em data-start=\"561\" data-end=\"581\">Jahrbuch der Lyrik<\/em>. Nun versammelt er erstmals eigene Texte in einem Buch.<\/p>\n<p data-start=\"639\" data-end=\"998\">Im Zentrum steht die Demenzerkrankung seiner Mutter. Neuner schreibt dar\u00fcber nicht als abgeschlossenes Thema, sondern als Erfahrung, die viele Fragen ber\u00fchrt: Erinnerung und Vergessen, N\u00e4he und Verlust, Sprache und Sprachlosigkeit. Die Mutter, die ihm die Sprache mitgegeben hat, entgleitet in eine Welt, die mit herk\u00f6mmlichen Worten kaum mehr erreichbar ist.<\/p>\n<p data-start=\"1000\" data-end=\"1346\">Gerade darin findet diese Lyrik ihre Kraft. Sie bleibt zur\u00fcckhaltend, genau und frei von Pathos. Ihre Bilder sind eigenst\u00e4ndig, ihre sprachlichen Br\u00fcche fein gesetzt. Florian Neuner tastet sich an jene R\u00e4nder heran, an denen das Verstehen unsicher wird \u2013 und an denen Gedichte etwas sichtbar machen k\u00f6nnen, das sich der direkten Aussage entzieht.<\/p>\n<p><strong>Preis:<\/strong> AT \u20ac 16,50 \/ DE \u20ac 16,05<br \/>\n<strong>Seiten:<\/strong> 140<br \/>\n<strong>ISBN13:<\/strong> 978-3-903575-92-9<br \/>\n<strong>Erscheinungsdatum:<\/strong> 1. Oktober 2026<br \/>\n<strong>Sprache:<\/strong>\u00a0Deutsch<br \/>\n<strong>Format:<\/strong> 11 x 18,6 cm; Broschur<\/p>\n","protected":false},"excerpt":{"rendered":"<p>Florian Neuner schreibt in seinem ersten Lyrikband \u00fcber Demenz, Erinnerung und Verlust. Die Gedichte kreisen um Sprache, Sprachlosigkeit und das Entgleiten eines vertrauten Menschen. Ein leiser, genauer und eindringlicher Band der Reihe <strong data-start=\"1611\" data-end=\"1627\">keiper lyrik<\/strong>.<\/p>\n<ul>\n<li data-start=\"78\" data-end=\"158\"><strong data-start=\"78\" data-end=\"158\">Ein lyrisches Deb\u00fct \u00fcber Erinnerung, Verlust und das Entgleiten der Sprache.<\/strong><\/li>\n<li data-start=\"160\" data-end=\"242\"><strong data-start=\"160\" data-end=\"242\">Gedichte an den R\u00e4ndern des Verstehens \u2013 klischeefrei, leise und eindringlich.<\/strong><\/li>\n<li data-start=\"244\" data-end=\"335\"><strong data-start=\"244\" data-end=\"335\">Florian Neuner schreibt \u00fcber Demenz, Abschied und das fragile Zweitdasein der Wahrheit.<\/strong><\/li>\n<\/ul>\n<p><span style=\"color: #800080;\"><strong>Das Buch erscheint am 1. Oktober 2026. Es kann bereits vorbestellt werden.<\/strong><\/span><\/p>\n","protected":false},"featured_media":16539,"comment_status":"open","ping_status":"closed","template":"","meta":[],"etheme_brands":[],"product_brand":[],"product_cat":[2604,3686,1395,3680],"product_tag":[4033,522,1327,5489,289,655,5492,557,5020,744,351,5491,5490,599,653],"yst_prominent_words":[3285,3345,3306,3192,3186,3183],"class_list":{"0":"post-16474","1":"product","2":"type-product","3":"status-publish","4":"has-post-thumbnail","6":"product_cat-die-reihe-keiper-lyrik","7":"product_cat-gedichte","8":"product_cat-lyrik","9":"product_cat-novitaet","10":"product_tag-abschied","11":"product_tag-demenz","12":"product_tag-erinnerung","13":"product_tag-florian-neuner","14":"product_tag-gedichte","15":"product_tag-helwig-brunner","16":"product_tag-jahrbuch-der-lyrik","17":"product_tag-keiper-lyrik","18":"product_tag-literarisches-debuet","19":"product_tag-oesterreichische-lyrik","20":"product_tag-sprache","21":"product_tag-sprachlosigkeit","22":"product_tag-vergessen","23":"product_tag-verlust","24":"product_tag-zeitgenoessische-lyrik","26":"first","27":"instock","28":"shipping-taxable","29":"purchasable","30":"product-type-simple"},"_links":{"self":[{"href":"https:\/\/www.editionkeiper.at\/shop\/wp-json\/wp\/v2\/product\/16474","targetHints":{"allow":["GET"]}}],"collection":[{"href":"https:\/\/www.editionkeiper.at\/shop\/wp-json\/wp\/v2\/product"}],"about":[{"href":"https:\/\/www.editionkeiper.at\/shop\/wp-json\/wp\/v2\/types\/product"}],"replies":[{"embeddable":true,"href":"https:\/\/www.editionkeiper.at\/shop\/wp-json\/wp\/v2\/comments?post=16474"}],"wp:featuredmedia":[{"embeddable":true,"href":"https:\/\/www.editionkeiper.at\/shop\/wp-json\/wp\/v2\/media\/16539"}],"wp:attachment":[{"href":"https:\/\/www.editionkeiper.at\/shop\/wp-json\/wp\/v2\/media?parent=16474"}],"wp:term":[{"taxonomy":"brand","embeddable":true,"href":"https:\/\/www.editionkeiper.at\/shop\/wp-json\/wp\/v2\/etheme_brands?post=16474"},{"taxonomy":"product_brand","embeddable":true,"href":"https:\/\/www.editionkeiper.at\/shop\/wp-json\/wp\/v2\/product_brand?post=16474"},{"taxonomy":"product_cat","embeddable":true,"href":"https:\/\/www.editionkeiper.at\/shop\/wp-json\/wp\/v2\/product_cat?post=16474"},{"taxonomy":"product_tag","embeddable":true,"href":"https:\/\/www.editionkeiper.at\/shop\/wp-json\/wp\/v2\/product_tag?post=16474"},{"taxonomy":"yst_prominent_words","embeddable":true,"href":"https:\/\/www.editionkeiper.at\/shop\/wp-json\/wp\/v2\/yst_prominent_words?post=16474"}],"curies":[{"name":"wp","href":"https:\/\/api.w.org\/{rel}","templated":true}]}}