{"id":16465,"date":"2026-05-06T14:52:42","date_gmt":"2026-05-06T12:52:42","guid":{"rendered":"https:\/\/www.editionkeiper.at\/shop\/?post_type=product&#038;p=16465"},"modified":"2026-05-06T15:35:59","modified_gmt":"2026-05-06T13:35:59","slug":"die-welt-in-zwei-jahren-martin-g-wanko-wanko-style","status":"publish","type":"product","link":"https:\/\/www.editionkeiper.at\/shop\/produkt\/die-welt-in-zwei-jahren-martin-g-wanko-wanko-style\/","title":{"rendered":"Die Welt in zwei Jahren"},"content":{"rendered":"<h2 data-start=\"298\" data-end=\"484\">Die Welt in zwei Jahren<\/h2>\n<p data-start=\"298\" data-end=\"484\"><strong>Stories von <a href=\"https:\/\/www.editionkeiper.at\/shop\/wanko-martin-g-2\/\"><span style=\"color: #993366;\">Martin G. Wanko<\/span><\/a><\/strong><\/p>\n<p data-start=\"298\" data-end=\"484\">Martin G. Wanko blickt auf das, was uns umgibt: auf Gegenwart, Alltag, Zeitgeist und jene Absurdit\u00e4ten, die oft erst dann sichtbar werden, wenn jemand sie in die richtige Sprache bringt.\u00a0In seinen Notizen und Stories trifft Wanko einen Ton, der scharf, sarkastisch und pr\u00e4zise ist \u2013 unbarmherzig direkt, ohne je ins Banale abzugleiten. Von der gediegenen Erz\u00e4hlung bis zur bissigen Abrechnung seziert er, was l\u00e4ngst vor aller Augen liegt. Nur wird es in seinem unverwechselbaren Stil pl\u00f6tzlich klarer, sch\u00e4rfer, unausweichlicher.<\/p>\n<p data-start=\"830\" data-end=\"1017\">Erstmals sind in diesem Band auch Bilder aus seiner <strong>Insta-Sammlung<\/strong> <strong data-start=\"897\" data-end=\"913\">Superwa 1970<\/strong> abgedruckt. Ein Buch f\u00fcr alle, die Witz auf hohem Niveau sch\u00e4tzen \u2013 und Literatur, die nicht wegschaut.<\/p>\n<p><strong>Preis:<\/strong> AT \u20ac 20,00 \/ DE \u20ac 19,45<br \/>\n<strong>Seiten:<\/strong> 130<br \/>\n<strong>ISBN13:<\/strong> 978-3-903575-94-3<br \/>\n<strong>Erscheinungsdatum:<\/strong> Oktober 2026<br \/>\n<strong>Sprache:<\/strong>\u00a0Deutsch<br \/>\n<strong>Format:<\/strong> 12 x 20 cm; Broschur<\/p>\n","protected":false},"excerpt":{"rendered":"<p>Martin G. Wanko pr\u00e4sentiert Notizen und Stories zu gestern, heute und morgen: scharf, sarkastisch, hellwach. Ein Buch voller pr\u00e4ziser Beobachtungen, bissiger Abrechnungen und Witz auf hohem Niveau \u2013 inklusive Bildern aus seiner <strong>Insta-Sammlung<\/strong> <strong data-start=\"1288\" data-end=\"1304\">Superwa 1970<\/strong>.<\/p>\n<ul>\n<li data-start=\"77\" data-end=\"132\"><strong data-start=\"77\" data-end=\"132\">Der Wanko-Style: scharf, hellwach, unverwechselbar.<\/strong><\/li>\n<li data-start=\"134\" data-end=\"193\"><strong data-start=\"134\" data-end=\"193\">Witz auf hohem Niveau \u2013 und ein Blick, der in die Tiefe geht.<\/strong><\/li>\n<li data-start=\"195\" data-end=\"269\"><strong data-start=\"195\" data-end=\"269\">Notizen, Stories und Abrechnungen zu einer Welt, die immer absurder erscheint.<\/strong><\/li>\n<\/ul>\n<blockquote>\n<p class=\"p1\"><i>Ich finde es witzig, wie Donald Trump spricht. Das ganze Szenario hat Methode.<br \/>\n<\/i><span class=\"s1\">(Martin G. Wanko)<\/span><\/p>\n<\/blockquote>\n<hr \/>\n<p><span style=\"color: #993366;\"><strong>Erscheinungstermin 1. Oktober 2026.<\/strong><\/span><br \/>\n<span style=\"color: #993366;\"><strong>Buch jetzt vorbestellen!<\/strong><\/span><\/p>\n","protected":false},"featured_media":16488,"comment_status":"open","ping_status":"closed","template":"","meta":[],"etheme_brands":[],"product_brand":[],"product_cat":[3684,3680],"product_tag":[356,660,3111,5407,300,5408,1125,5405,665,2585,321,5404,5406,5403,1330],"yst_prominent_words":[3186],"class_list":{"0":"post-16465","1":"product","2":"type-product","3":"status-publish","4":"has-post-thumbnail","6":"product_cat-kurztexte","7":"product_cat-novitaet","8":"product_tag-edition-keiper","9":"product_tag-gegenwartsliteratur","10":"product_tag-gesellschaftskritik","11":"product_tag-instagram-kunst","12":"product_tag-kurzprosa","13":"product_tag-kurztexte","14":"product_tag-martin-g-wanko","15":"product_tag-notizen","16":"product_tag-oesterreichische-literatur","17":"product_tag-sarkasmus","18":"product_tag-satire","19":"product_tag-stories","20":"product_tag-superwa-1970","21":"product_tag-wanko-style","22":"product_tag-zeitgeist","24":"first","25":"instock","26":"shipping-taxable","27":"purchasable","28":"product-type-simple"},"_links":{"self":[{"href":"https:\/\/www.editionkeiper.at\/shop\/wp-json\/wp\/v2\/product\/16465","targetHints":{"allow":["GET"]}}],"collection":[{"href":"https:\/\/www.editionkeiper.at\/shop\/wp-json\/wp\/v2\/product"}],"about":[{"href":"https:\/\/www.editionkeiper.at\/shop\/wp-json\/wp\/v2\/types\/product"}],"replies":[{"embeddable":true,"href":"https:\/\/www.editionkeiper.at\/shop\/wp-json\/wp\/v2\/comments?post=16465"}],"wp:featuredmedia":[{"embeddable":true,"href":"https:\/\/www.editionkeiper.at\/shop\/wp-json\/wp\/v2\/media\/16488"}],"wp:attachment":[{"href":"https:\/\/www.editionkeiper.at\/shop\/wp-json\/wp\/v2\/media?parent=16465"}],"wp:term":[{"taxonomy":"brand","embeddable":true,"href":"https:\/\/www.editionkeiper.at\/shop\/wp-json\/wp\/v2\/etheme_brands?post=16465"},{"taxonomy":"product_brand","embeddable":true,"href":"https:\/\/www.editionkeiper.at\/shop\/wp-json\/wp\/v2\/product_brand?post=16465"},{"taxonomy":"product_cat","embeddable":true,"href":"https:\/\/www.editionkeiper.at\/shop\/wp-json\/wp\/v2\/product_cat?post=16465"},{"taxonomy":"product_tag","embeddable":true,"href":"https:\/\/www.editionkeiper.at\/shop\/wp-json\/wp\/v2\/product_tag?post=16465"},{"taxonomy":"yst_prominent_words","embeddable":true,"href":"https:\/\/www.editionkeiper.at\/shop\/wp-json\/wp\/v2\/yst_prominent_words?post=16465"}],"curies":[{"name":"wp","href":"https:\/\/api.w.org\/{rel}","templated":true}]}}