{"id":16095,"date":"2026-01-16T12:04:30","date_gmt":"2026-01-16T11:04:30","guid":{"rendered":"https:\/\/www.editionkeiper.at\/shop\/?post_type=product&#038;p=16095"},"modified":"2026-01-27T12:19:47","modified_gmt":"2026-01-27T11:19:47","slug":"barbara-pumhoesel-nature-writing-keiper-lyrik-35","status":"publish","type":"product","link":"https:\/\/www.editionkeiper.at\/shop\/produkt\/barbara-pumhoesel-nature-writing-keiper-lyrik-35\/","title":{"rendered":"Wortnester \u2013 keiper lyrik 35"},"content":{"rendered":"<h2>Wortnester \u2013 keiper lyrik 35<\/h2>\n<h3>von <a href=\"https:\/\/www.editionkeiper.at\/shop\/pumhoesel-barbara\/\"><span style=\"color: #993366;\">Barbara Pumh\u00f6sel<\/span><\/a><\/h3>\n<p>V\u00f6gel stehen im Zentrum der Gedichte von Barbara Pumh\u00f6sel \u2013 nicht als romantisierte Naturbilder, sondern als poetische Gegen\u00fcber in ihrem Anderssein. Seit ihrer Kindheit fasziniert die Dichterin die Fl\u00fcchtigkeit ihrer Flugbahnen, die sich wie verg\u00e4ngliche Schriftz\u00fcge in den Himmel schreiben. In pr\u00e4zisen, unaufgeregten Versen beobachtet sie das Naturgeschehen und entwickelt daraus ein respektvoll befragendes M\u00f6glichkeitsdenken. Ihre Lyrik dekonstruiert vertraute Bilder, entzieht sich Klischees und verwandelt Naturbeobachtung in zeitgen\u00f6ssisches <em>Nature Writing<\/em>, das Raum f\u00fcr eigene Deutungen l\u00e4sst.<br data-start=\"809\" data-end=\"812\" \/><em>(Ein Band aus der Reihe <strong data-start=\"831\" data-end=\"872\"><span class=\"hover:entity-accent entity-underline inline cursor-pointer align-baseline\"><span class=\"whitespace-normal\">keiper lyrik<\/span><\/span><\/strong>, herausgegeben von Helwig Brunner)<\/em><\/p>\n<p><strong>Preis:<\/strong> AT \u20ac 16,50 \/ DE \u20ac 16,05<br \/>\n<strong>Seiten:<\/strong> ca. 92<br \/>\n<strong>ISBN13:<\/strong> 978-3-903575-77-6<br \/>\n<strong>Erscheinungsdatum:<\/strong> 20. Februar 2026<br \/>\n<strong>Sprache:<\/strong>\u00a0Deutsch<br \/>\n<strong>Format:<\/strong> 11,0 x 17,6 cm; Broschur<\/p>\n<p><strong>Download <a href=\"https:\/\/www.editionkeiper.at\/shop\/wp-content\/uploads\/2026\/01\/Leseprobe_keiperlyrik_35_Pumhoesl_Barbara_Wortnester_Verlag_Keiper_lyrikreihe.pdf\" target=\"_blank\" rel=\"noopener\"><span style=\"color: #993366;\">&gt;&gt;&gt;Leseprobe&lt;&lt;&lt;<\/span><\/a><\/strong><\/p>\n<p><a href=\"https:\/\/www.editionkeiper.at\/shop\/wp-content\/uploads\/2026\/01\/Leseprobe_keiperlyrik_35_Pumhoesl_Barbara_Wortnester_Verlag_Keiper_lyrikreihe.pdf\" target=\"_blank\" rel=\"noopener\"><img loading=\"lazy\" loading=\"lazy\" decoding=\"async\" class=\"alignleft size-full wp-image-13777\" src=\"https:\/\/www.editionkeiper.at\/shop\/wp-content\/uploads\/2024\/01\/Leseprobe_Verlag_Keiper.png\" alt=\"\" width=\"90\" height=\"125\" srcset=\"https:\/\/www.editionkeiper.at\/shop\/wp-content\/uploads\/2024\/01\/Leseprobe_Verlag_Keiper.png 90w, https:\/\/www.editionkeiper.at\/shop\/wp-content\/uploads\/2024\/01\/Leseprobe_Verlag_Keiper-7x10.png 7w\" sizes=\"auto, (max-width: 90px) 100vw, 90px\" \/><\/a><\/p>\n","protected":false},"excerpt":{"rendered":"<p>Barbara Pumh\u00f6sels Gedichte kreisen um V\u00f6gel und andere flugf\u00e4hige Wesen als poetische Impulsgeber. Pr\u00e4zise Naturbeobachtung trifft auf zeitgen\u00f6ssisches <em>Nature Writing<\/em>, das Klischees aufl\u00f6st und neue Denk- und Wahrnehmungsr\u00e4ume er\u00f6ffnet.<\/p>\n<blockquote>\n<p class=\"p1\"><i>manchmal sitze ich<br \/>\n<\/i><i>lautlos am Nestrand<br \/>\n<\/i><i>sp\u00fcre den \u00c4quator<br \/>\n<\/i><i>in den Fl\u00fcgeln und wei\u00df<br \/>\n<\/i><i>irgendwo wartet<br \/>\n<\/i><i>ein mir noch unbekanntes<br \/>\n<\/i><b>Winterquartier<\/b><\/p>\n<\/blockquote>\n<hr \/>\n<p><strong><span style=\"color: #993366;\">Titel jetzt vorbestellen!<\/span><\/strong><br \/>\n<strong><span style=\"color: #993366;\">Erscheinungstermin ist der 20. Februar 2026<\/span><\/strong><\/p>\n","protected":false},"featured_media":16096,"comment_status":"open","ping_status":"closed","template":"","meta":[],"etheme_brands":[],"product_brand":[],"product_cat":[2604,3680],"product_tag":[5330,356,557,174,5333,5331,323,665,209,121,5332,109,5101],"yst_prominent_words":[3285,3345,3306],"class_list":{"0":"post-16095","1":"product","2":"type-product","3":"status-publish","4":"has-post-thumbnail","6":"product_cat-die-reihe-keiper-lyrik","7":"product_cat-novitaet","8":"product_tag-barbara-pumhoesel","9":"product_tag-edition-keiper","10":"product_tag-keiper-lyrik","11":"product_tag-lyrik","12":"product_tag-naturbeobachtung","13":"product_tag-nature-writing","14":"product_tag-oesterreich","15":"product_tag-oesterreichische-literatur","16":"product_tag-steiermark","17":"product_tag-verlag","18":"product_tag-voegel","19":"product_tag-www-editionkeiper-at","20":"product_tag-zeitgenoessische-poesie","22":"first","23":"instock","24":"shipping-taxable","25":"purchasable","26":"product-type-simple"},"_links":{"self":[{"href":"https:\/\/www.editionkeiper.at\/shop\/wp-json\/wp\/v2\/product\/16095","targetHints":{"allow":["GET"]}}],"collection":[{"href":"https:\/\/www.editionkeiper.at\/shop\/wp-json\/wp\/v2\/product"}],"about":[{"href":"https:\/\/www.editionkeiper.at\/shop\/wp-json\/wp\/v2\/types\/product"}],"replies":[{"embeddable":true,"href":"https:\/\/www.editionkeiper.at\/shop\/wp-json\/wp\/v2\/comments?post=16095"}],"wp:featuredmedia":[{"embeddable":true,"href":"https:\/\/www.editionkeiper.at\/shop\/wp-json\/wp\/v2\/media\/16096"}],"wp:attachment":[{"href":"https:\/\/www.editionkeiper.at\/shop\/wp-json\/wp\/v2\/media?parent=16095"}],"wp:term":[{"taxonomy":"brand","embeddable":true,"href":"https:\/\/www.editionkeiper.at\/shop\/wp-json\/wp\/v2\/etheme_brands?post=16095"},{"taxonomy":"product_brand","embeddable":true,"href":"https:\/\/www.editionkeiper.at\/shop\/wp-json\/wp\/v2\/product_brand?post=16095"},{"taxonomy":"product_cat","embeddable":true,"href":"https:\/\/www.editionkeiper.at\/shop\/wp-json\/wp\/v2\/product_cat?post=16095"},{"taxonomy":"product_tag","embeddable":true,"href":"https:\/\/www.editionkeiper.at\/shop\/wp-json\/wp\/v2\/product_tag?post=16095"},{"taxonomy":"yst_prominent_words","embeddable":true,"href":"https:\/\/www.editionkeiper.at\/shop\/wp-json\/wp\/v2\/yst_prominent_words?post=16095"}],"curies":[{"name":"wp","href":"https:\/\/api.w.org\/{rel}","templated":true}]}}