{"id":15370,"date":"2025-05-14T13:51:04","date_gmt":"2025-05-14T11:51:04","guid":{"rendered":"https:\/\/www.editionkeiper.at\/shop\/?post_type=product&#038;p=15370"},"modified":"2026-03-17T14:28:46","modified_gmt":"2026-03-17T13:28:46","slug":"die-aussenseiterin","status":"publish","type":"product","link":"https:\/\/www.editionkeiper.at\/shop\/produkt\/die-aussenseiterin\/","title":{"rendered":"Die Au\u00dfenseiterin"},"content":{"rendered":"<h2>Die Au\u00dfenseiterin<\/h2>\n<p>Roman von <a href=\"https:\/\/www.editionkeiper.at\/shop\/eichenauer-robert\/\" target=\"_blank\" rel=\"noopener\"><span style=\"color: #993366;\"><strong>Robert Eichenauer<\/strong><\/span><\/a><\/p>\n<p class=\"p1\">Die au\u00dfergew\u00f6hnliche Anna: Ohne zu wissen, was sie erwartet, reist sie nach Wien, stellt sich bei einem Verlag vor und wird zur wichtigen Mitarbeiterin \u2013 und sp\u00e4ter zur Geliebten des Verlagschefs. Dabei schien ihr Weg unm\u00f6glich: aus \u00e4rmlichen Verh\u00e4ltnissen, mit Erfahrungen von Ausgrenzung und Gewalt. Doch Anna taucht ein in die Literaturszene der sechziger und siebziger Jahre \u2013 und wird selbst Schriftstellerin. Nachts jedoch streift sie durch verrufene Viertel, wo sie eine ungew\u00f6hnliche Freundschaft mit dem letzten Gentlemangauner pflegt. Schlie\u00dflich spitzen sich die Verh\u00e4ltnisse zu und Annas Weg wird immer enger.<\/p>\n<p><strong>Preis:<\/strong> AT \u20ac 24,00 \/ DE \u20ac 23,35<br \/>\n<strong>Seiten:<\/strong> 272<br \/>\n<strong>ISBN13:<\/strong> 978-3-903575-55-4<br \/>\n<strong>Erscheinungsdatum:<\/strong> 30. September 2025<br \/>\n<strong>Sprache:<\/strong>\u00a0Deutsch<br \/>\n<strong>Format:<\/strong> 13 x 20cm; Klappenbroschur<\/p>\n<p>Zur <a href=\"https:\/\/www.editionkeiper.at\/shop\/wp-content\/uploads\/2025\/05\/Leseprobe_Eichenauer_Robert_Aussenseiterin_Roman_Verlag_Keiper.pdf\" target=\"_blank\" rel=\"noopener\"><strong><span style=\"color: #993366;\">Leseprobe<\/span><\/strong><\/a>:<\/p>\n<p><a href=\"https:\/\/www.editionkeiper.at\/shop\/wp-content\/uploads\/2025\/05\/Leseprobe_Eichenauer_Robert_Aussenseiterin_Roman_Verlag_Keiper.pdf\" target=\"_blank\" rel=\"noopener\"><img loading=\"lazy\" loading=\"lazy\" decoding=\"async\" class=\"alignleft size-full wp-image-13777\" src=\"https:\/\/www.editionkeiper.at\/shop\/wp-content\/uploads\/2024\/01\/Leseprobe_Verlag_Keiper.png\" alt=\"\" width=\"90\" height=\"125\" srcset=\"https:\/\/www.editionkeiper.at\/shop\/wp-content\/uploads\/2024\/01\/Leseprobe_Verlag_Keiper.png 90w, https:\/\/www.editionkeiper.at\/shop\/wp-content\/uploads\/2024\/01\/Leseprobe_Verlag_Keiper-7x10.png 7w\" sizes=\"auto, (max-width: 90px) 100vw, 90px\" \/><\/a><\/p>\n<p>&nbsp;<\/p>\n<p>&nbsp;<\/p>\n<p>&nbsp;<\/p>\n<p>&nbsp;<\/p>\n<p><a href=\"https:\/\/www.editionkeiper.at\/shop\/wp-content\/uploads\/2025\/05\/Autroenfoto_Eichenauer_Aussenseiterin_Roman_Verlag_keiper_Print_web.jpeg\"><img loading=\"lazy\" loading=\"lazy\" decoding=\"async\" class=\"alignleft wp-image-15387\" src=\"https:\/\/www.editionkeiper.at\/shop\/wp-content\/uploads\/2025\/05\/Autroenfoto_Eichenauer_Aussenseiterin_Roman_Verlag_keiper_Print_web-150x150.jpeg\" alt=\"\" width=\"100\" height=\"150\" srcset=\"https:\/\/www.editionkeiper.at\/shop\/wp-content\/uploads\/2025\/05\/Autroenfoto_Eichenauer_Aussenseiterin_Roman_Verlag_keiper_Print_web-200x300.jpeg 200w, https:\/\/www.editionkeiper.at\/shop\/wp-content\/uploads\/2025\/05\/Autroenfoto_Eichenauer_Aussenseiterin_Roman_Verlag_keiper_Print_web-565x847.jpeg 565w, https:\/\/www.editionkeiper.at\/shop\/wp-content\/uploads\/2025\/05\/Autroenfoto_Eichenauer_Aussenseiterin_Roman_Verlag_keiper_Print_web-574x861.jpeg 574w, https:\/\/www.editionkeiper.at\/shop\/wp-content\/uploads\/2025\/05\/Autroenfoto_Eichenauer_Aussenseiterin_Roman_Verlag_keiper_Print_web-7x10.jpeg 7w, https:\/\/www.editionkeiper.at\/shop\/wp-content\/uploads\/2025\/05\/Autroenfoto_Eichenauer_Aussenseiterin_Roman_Verlag_keiper_Print_web.jpeg 683w\" sizes=\"auto, (max-width: 100px) 100vw, 100px\" \/><\/a><\/p>\n<p>&nbsp;<\/p>\n<p>Download Autorenfoto <span style=\"color: #999999;\">(683 * 1024 ; 300dpi; 1,2 MB)<\/span><\/p>\n<p>&nbsp;<\/p>\n<p>&nbsp;<\/p>\n<p><a href=\"https:\/\/www.editionkeiper.at\/shop\/wp-content\/uploads\/2025\/05\/Cover_Eichenauer_Robert_Aussenseiterin_Roman_Verlag_keiper_web_2D.jpg\"><img loading=\"lazy\" loading=\"lazy\" decoding=\"async\" class=\"alignleft wp-image-15388\" src=\"https:\/\/www.editionkeiper.at\/shop\/wp-content\/uploads\/2025\/05\/Cover_Eichenauer_Robert_Aussenseiterin_Roman_Verlag_keiper_web_2D-150x150.jpg\" alt=\"\" width=\"100\" height=\"156\" srcset=\"https:\/\/www.editionkeiper.at\/shop\/wp-content\/uploads\/2025\/05\/Cover_Eichenauer_Robert_Aussenseiterin_Roman_Verlag_keiper_web_2D-192x300.jpg 192w, https:\/\/www.editionkeiper.at\/shop\/wp-content\/uploads\/2025\/05\/Cover_Eichenauer_Robert_Aussenseiterin_Roman_Verlag_keiper_web_2D-565x881.jpg 565w, https:\/\/www.editionkeiper.at\/shop\/wp-content\/uploads\/2025\/05\/Cover_Eichenauer_Robert_Aussenseiterin_Roman_Verlag_keiper_web_2D-574x895.jpg 574w, https:\/\/www.editionkeiper.at\/shop\/wp-content\/uploads\/2025\/05\/Cover_Eichenauer_Robert_Aussenseiterin_Roman_Verlag_keiper_web_2D-6x10.jpg 6w, https:\/\/www.editionkeiper.at\/shop\/wp-content\/uploads\/2025\/05\/Cover_Eichenauer_Robert_Aussenseiterin_Roman_Verlag_keiper_web_2D.jpg 657w\" sizes=\"auto, (max-width: 100px) 100vw, 100px\" \/><\/a><\/p>\n<p>&nbsp;<\/p>\n<p>Download Cover 2D <span style=\"color: #999999;\">(657 * 1024; 300dpi; 153 kb)<\/span><\/p>\n<p>&nbsp;<\/p>\n<p>&nbsp;<\/p>\n<p>&nbsp;<\/p>\n<p><a href=\"https:\/\/www.editionkeiper.at\/shop\/wp-content\/uploads\/2025\/05\/Cover_Eichenauer_Robert_Aussenseiterin_Roman_Verlag_keiper_3D_web.jpg\"><img loading=\"lazy\" loading=\"lazy\" decoding=\"async\" class=\"alignleft wp-image-15391\" src=\"https:\/\/www.editionkeiper.at\/shop\/wp-content\/uploads\/2025\/05\/Cover_Eichenauer_Robert_Aussenseiterin_Roman_Verlag_keiper_3D_web-150x150.jpg\" alt=\"\" width=\"100\" height=\"152\" srcset=\"https:\/\/www.editionkeiper.at\/shop\/wp-content\/uploads\/2025\/05\/Cover_Eichenauer_Robert_Aussenseiterin_Roman_Verlag_keiper_3D_web-198x300.jpg 198w, https:\/\/www.editionkeiper.at\/shop\/wp-content\/uploads\/2025\/05\/Cover_Eichenauer_Robert_Aussenseiterin_Roman_Verlag_keiper_3D_web-675x1024.jpg 675w, https:\/\/www.editionkeiper.at\/shop\/wp-content\/uploads\/2025\/05\/Cover_Eichenauer_Robert_Aussenseiterin_Roman_Verlag_keiper_3D_web-768x1166.jpg 768w, https:\/\/www.editionkeiper.at\/shop\/wp-content\/uploads\/2025\/05\/Cover_Eichenauer_Robert_Aussenseiterin_Roman_Verlag_keiper_3D_web-1012x1536.jpg 1012w, https:\/\/www.editionkeiper.at\/shop\/wp-content\/uploads\/2025\/05\/Cover_Eichenauer_Robert_Aussenseiterin_Roman_Verlag_keiper_3D_web-565x858.jpg 565w, https:\/\/www.editionkeiper.at\/shop\/wp-content\/uploads\/2025\/05\/Cover_Eichenauer_Robert_Aussenseiterin_Roman_Verlag_keiper_3D_web-574x871.jpg 574w, https:\/\/www.editionkeiper.at\/shop\/wp-content\/uploads\/2025\/05\/Cover_Eichenauer_Robert_Aussenseiterin_Roman_Verlag_keiper_3D_web-7x10.jpg 7w, https:\/\/www.editionkeiper.at\/shop\/wp-content\/uploads\/2025\/05\/Cover_Eichenauer_Robert_Aussenseiterin_Roman_Verlag_keiper_3D_web.jpg 1222w\" sizes=\"auto, (max-width: 100px) 100vw, 100px\" \/><\/a><\/p>\n<p>&nbsp;<\/p>\n<p>Download Cover 3D <span style=\"color: #999999;\">(1222*1855; 300dpi; 290 kb)<\/span><\/p>\n<p>&nbsp;<\/p>\n<p>&nbsp;<\/p>\n<p><iframe loading=\"lazy\" title=\"Roman &quot;Die Au\u00dfenseiterin&quot; von Autor Robert Eichenauer \u2013 Neuerscheinung \u2013 Verlag edition keiper\" width=\"1170\" height=\"658\" src=\"https:\/\/www.youtube.com\/embed\/4X5mLFWfM2w?feature=oembed\" frameborder=\"0\" allow=\"accelerometer; autoplay; clipboard-write; encrypted-media; gyroscope; picture-in-picture; web-share\" referrerpolicy=\"strict-origin-when-cross-origin\" allowfullscreen><\/iframe><\/p>\n","protected":false},"excerpt":{"rendered":"<p>Die Nachwirkungen des Krieges pr\u00e4gen eine kalte, intolerante Gesellschaft. In diesem Klima w\u00e4chst Anna als Au\u00dfenseiterin auf. Sie tr\u00e4umt von Wien, bricht aus der Enge aus und geht ihren Weg \u2013 kompromisslos. Ein Frauenleben, wie es gewesen sein k\u00f6nnte.<\/p>\n<blockquote>\n<p class=\"p1\">\u201eRobert Eichenauer ist ein Geschichtenerz\u00e4hler mit Tiefgang.<br \/>\n<i>Die Au\u00dfenseiterin<\/i> ist ein Pageturner, komponiert wie ein guter Song.\u201c<br \/>\n(Christian Stani, <i>Alle Achtung<\/i>)<\/p>\n<\/blockquote>\n","protected":false},"featured_media":15371,"comment_status":"open","ping_status":"closed","template":"","meta":[],"etheme_brands":[],"product_brand":[],"product_cat":[3687],"product_tag":[5135,5136,5133,336,4690,356,5137,5134,241,117,348,2759,668,323,218,225],"yst_prominent_words":[3223,3392],"class_list":{"0":"post-15370","1":"product","2":"type-product","3":"status-publish","4":"has-post-thumbnail","6":"product_cat-romane","7":"product_tag-60er-jahre","8":"product_tag-70er-jahre","9":"product_tag-aussenseiterin","10":"product_tag-belletristik","11":"product_tag-dorfleben","12":"product_tag-edition-keiper","13":"product_tag-emanzipation","14":"product_tag-frauenleben","15":"product_tag-graz","16":"product_tag-keiper","17":"product_tag-literatur","18":"product_tag-nachkriegszeit","19":"product_tag-neuerscheinung","20":"product_tag-oesterreich","21":"product_tag-roman","22":"product_tag-wien","24":"first","25":"instock","26":"shipping-taxable","27":"purchasable","28":"product-type-simple"},"_links":{"self":[{"href":"https:\/\/www.editionkeiper.at\/shop\/wp-json\/wp\/v2\/product\/15370","targetHints":{"allow":["GET"]}}],"collection":[{"href":"https:\/\/www.editionkeiper.at\/shop\/wp-json\/wp\/v2\/product"}],"about":[{"href":"https:\/\/www.editionkeiper.at\/shop\/wp-json\/wp\/v2\/types\/product"}],"replies":[{"embeddable":true,"href":"https:\/\/www.editionkeiper.at\/shop\/wp-json\/wp\/v2\/comments?post=15370"}],"wp:featuredmedia":[{"embeddable":true,"href":"https:\/\/www.editionkeiper.at\/shop\/wp-json\/wp\/v2\/media\/15371"}],"wp:attachment":[{"href":"https:\/\/www.editionkeiper.at\/shop\/wp-json\/wp\/v2\/media?parent=15370"}],"wp:term":[{"taxonomy":"brand","embeddable":true,"href":"https:\/\/www.editionkeiper.at\/shop\/wp-json\/wp\/v2\/etheme_brands?post=15370"},{"taxonomy":"product_brand","embeddable":true,"href":"https:\/\/www.editionkeiper.at\/shop\/wp-json\/wp\/v2\/product_brand?post=15370"},{"taxonomy":"product_cat","embeddable":true,"href":"https:\/\/www.editionkeiper.at\/shop\/wp-json\/wp\/v2\/product_cat?post=15370"},{"taxonomy":"product_tag","embeddable":true,"href":"https:\/\/www.editionkeiper.at\/shop\/wp-json\/wp\/v2\/product_tag?post=15370"},{"taxonomy":"yst_prominent_words","embeddable":true,"href":"https:\/\/www.editionkeiper.at\/shop\/wp-json\/wp\/v2\/yst_prominent_words?post=15370"}],"curies":[{"name":"wp","href":"https:\/\/api.w.org\/{rel}","templated":true}]}}

Die Außenseiterin

<h2>Die Außenseiterin</h2>
<p>Roman von <a href="https://www.editionkeiper.at/shop/eichenauer-robert/" target="_blank" rel="noopener"><span style="color: #993366;"><strong>Robert Eichenauer</strong></span></a></p>
<p class="p1">Die außergewöhnliche Anna: Ohne zu wissen, was sie erwartet, reist sie nach Wien, stellt sich bei einem Verlag vor und wird zur wichtigen Mitarbeiterin – und später zur Geliebten des Verlagschefs. Dabei schien ihr Weg unmöglich: aus ärmlichen Verhältnissen, mit Erfahrungen von Ausgrenzung und Gewalt. Doch Anna taucht ein in die Literaturszene der sechziger und siebziger Jahre – und wird selbst Schriftstellerin. Nachts jedoch streift sie durch verrufene Viertel, wo sie eine ungewöhnliche Freundschaft mit dem letzten Gentlemangauner pflegt. Schließlich spitzen sich die Verhältnisse zu und Annas Weg wird immer enger.</p>
<p><strong>Preis:</strong> AT € 24,00 / DE € 23,35<br />
<strong>Seiten:</strong> 272<br />
<strong>ISBN13:</strong> 978-3-903575-55-4<br />
<strong>Erscheinungsdatum:</strong> 30. September 2025<br />
<strong>Sprache:</strong> Deutsch<br />
<strong>Format:</strong> 13 x 20cm; Klappenbroschur</p>
<p>Zur <a href="https://www.editionkeiper.at/shop/wp-content/uploads/2025/05/Leseprobe_Eichenauer_Robert_Aussenseiterin_Roman_Verlag_Keiper.pdf" target="_blank" rel="noopener"><strong><span style="color: #993366;">Leseprobe</span></strong></a>:</p>
<p><a href="https://www.editionkeiper.at/shop/wp-content/uploads/2025/05/Leseprobe_Eichenauer_Robert_Aussenseiterin_Roman_Verlag_Keiper.pdf" target="_blank" rel="noopener"><img loading="lazy" loading="lazy" decoding="async" class="alignleft size-full wp-image-13777" src="https://www.editionkeiper.at/shop/wp-content/uploads/2024/01/Leseprobe_Verlag_Keiper.png" alt="" width="90" height="125" srcset="https://www.editionkeiper.at/shop/wp-content/uploads/2024/01/Leseprobe_Verlag_Keiper.png 90w, https://www.editionkeiper.at/shop/wp-content/uploads/2024/01/Leseprobe_Verlag_Keiper-7x10.png 7w" sizes="auto, (max-width: 90px) 100vw, 90px" /></a></p>
<p>&nbsp;</p>
<p>&nbsp;</p>
<p>&nbsp;</p>
<p>&nbsp;</p>
<p><a href="https://www.editionkeiper.at/shop/wp-content/uploads/2025/05/Autroenfoto_Eichenauer_Aussenseiterin_Roman_Verlag_keiper_Print_web.jpeg"><img loading="lazy" loading="lazy" decoding="async" class="alignleft wp-image-15387" src="https://www.editionkeiper.at/shop/wp-content/uploads/2025/05/Autroenfoto_Eichenauer_Aussenseiterin_Roman_Verlag_keiper_Print_web-150x150.jpeg" alt="" width="100" height="150" srcset="https://www.editionkeiper.at/shop/wp-content/uploads/2025/05/Autroenfoto_Eichenauer_Aussenseiterin_Roman_Verlag_keiper_Print_web-200x300.jpeg 200w, https://www.editionkeiper.at/shop/wp-content/uploads/2025/05/Autroenfoto_Eichenauer_Aussenseiterin_Roman_Verlag_keiper_Print_web-565x847.jpeg 565w, https://www.editionkeiper.at/shop/wp-content/uploads/2025/05/Autroenfoto_Eichenauer_Aussenseiterin_Roman_Verlag_keiper_Print_web-574x861.jpeg 574w, https://www.editionkeiper.at/shop/wp-content/uploads/2025/05/Autroenfoto_Eichenauer_Aussenseiterin_Roman_Verlag_keiper_Print_web-7x10.jpeg 7w, https://www.editionkeiper.at/shop/wp-content/uploads/2025/05/Autroenfoto_Eichenauer_Aussenseiterin_Roman_Verlag_keiper_Print_web.jpeg 683w" sizes="auto, (max-width: 100px) 100vw, 100px" /></a></p>
<p>&nbsp;</p>
<p>Download Autorenfoto <span style="color: #999999;">(683 * 1024 ; 300dpi; 1,2 MB)</span></p>
<p>&nbsp;</p>
<p>&nbsp;</p>
<p><a href="https://www.editionkeiper.at/shop/wp-content/uploads/2025/05/Cover_Eichenauer_Robert_Aussenseiterin_Roman_Verlag_keiper_web_2D.jpg"><img loading="lazy" loading="lazy" decoding="async" class="alignleft wp-image-15388" src="https://www.editionkeiper.at/shop/wp-content/uploads/2025/05/Cover_Eichenauer_Robert_Aussenseiterin_Roman_Verlag_keiper_web_2D-150x150.jpg" alt="" width="100" height="156" srcset="https://www.editionkeiper.at/shop/wp-content/uploads/2025/05/Cover_Eichenauer_Robert_Aussenseiterin_Roman_Verlag_keiper_web_2D-192x300.jpg 192w, https://www.editionkeiper.at/shop/wp-content/uploads/2025/05/Cover_Eichenauer_Robert_Aussenseiterin_Roman_Verlag_keiper_web_2D-565x881.jpg 565w, https://www.editionkeiper.at/shop/wp-content/uploads/2025/05/Cover_Eichenauer_Robert_Aussenseiterin_Roman_Verlag_keiper_web_2D-574x895.jpg 574w, https://www.editionkeiper.at/shop/wp-content/uploads/2025/05/Cover_Eichenauer_Robert_Aussenseiterin_Roman_Verlag_keiper_web_2D-6x10.jpg 6w, https://www.editionkeiper.at/shop/wp-content/uploads/2025/05/Cover_Eichenauer_Robert_Aussenseiterin_Roman_Verlag_keiper_web_2D.jpg 657w" sizes="auto, (max-width: 100px) 100vw, 100px" /></a></p>
<p>&nbsp;</p>
<p>Download Cover 2D <span style="color: #999999;">(657 * 1024; 300dpi; 153 kb)</span></p>
<p>&nbsp;</p>
<p>&nbsp;</p>
<p>&nbsp;</p>
<p><a href="https://www.editionkeiper.at/shop/wp-content/uploads/2025/05/Cover_Eichenauer_Robert_Aussenseiterin_Roman_Verlag_keiper_3D_web.jpg"><img loading="lazy" loading="lazy" decoding="async" class="alignleft wp-image-15391" src="https://www.editionkeiper.at/shop/wp-content/uploads/2025/05/Cover_Eichenauer_Robert_Aussenseiterin_Roman_Verlag_keiper_3D_web-150x150.jpg" alt="" width="100" height="152" srcset="https://www.editionkeiper.at/shop/wp-content/uploads/2025/05/Cover_Eichenauer_Robert_Aussenseiterin_Roman_Verlag_keiper_3D_web-198x300.jpg 198w, https://www.editionkeiper.at/shop/wp-content/uploads/2025/05/Cover_Eichenauer_Robert_Aussenseiterin_Roman_Verlag_keiper_3D_web-675x1024.jpg 675w, https://www.editionkeiper.at/shop/wp-content/uploads/2025/05/Cover_Eichenauer_Robert_Aussenseiterin_Roman_Verlag_keiper_3D_web-768x1166.jpg 768w, https://www.editionkeiper.at/shop/wp-content/uploads/2025/05/Cover_Eichenauer_Robert_Aussenseiterin_Roman_Verlag_keiper_3D_web-1012x1536.jpg 1012w, https://www.editionkeiper.at/shop/wp-content/uploads/2025/05/Cover_Eichenauer_Robert_Aussenseiterin_Roman_Verlag_keiper_3D_web-565x858.jpg 565w, https://www.editionkeiper.at/shop/wp-content/uploads/2025/05/Cover_Eichenauer_Robert_Aussenseiterin_Roman_Verlag_keiper_3D_web-574x871.jpg 574w, https://www.editionkeiper.at/shop/wp-content/uploads/2025/05/Cover_Eichenauer_Robert_Aussenseiterin_Roman_Verlag_keiper_3D_web-7x10.jpg 7w, https://www.editionkeiper.at/shop/wp-content/uploads/2025/05/Cover_Eichenauer_Robert_Aussenseiterin_Roman_Verlag_keiper_3D_web.jpg 1222w" sizes="auto, (max-width: 100px) 100vw, 100px" /></a></p>
<p>&nbsp;</p>
<p>Download Cover 3D <span style="color: #999999;">(1222*1855; 300dpi; 290 kb)</span></p>
<p>&nbsp;</p>
<p>&nbsp;</p>
<p><iframe loading="lazy" title="Roman &quot;Die Außenseiterin&quot; von Autor Robert Eichenauer – Neuerscheinung – Verlag edition keiper" width="1170" height="658" src="https://www.youtube.com/embed/4X5mLFWfM2w?feature=oembed" frameborder="0" allow="accelerometer; autoplay; clipboard-write; encrypted-media; gyroscope; picture-in-picture; web-share" referrerpolicy="strict-origin-when-cross-origin" allowfullscreen></iframe></p>

<p>Die Nachwirkungen des Krieges prägen eine kalte, intolerante Gesellschaft. In diesem Klima wächst Anna als Außenseiterin auf. Sie träumt von Wien, bricht aus der Enge aus und geht ihren Weg – kompromisslos. Ein Frauenleben, wie es gewesen sein könnte.</p>
<blockquote>
<p class="p1">„Robert Eichenauer ist ein Geschichtenerzähler mit Tiefgang.<br />
<i>Die Außenseiterin</i> ist ein Pageturner, komponiert wie ein guter Song.“<br />
(Christian Stani, <i>Alle Achtung</i>)</p>
</blockquote>
