{"id":14630,"date":"2025-01-20T11:33:19","date_gmt":"2025-01-20T10:33:19","guid":{"rendered":"https:\/\/www.editionkeiper.at\/shop\/?post_type=product&#038;p=14630"},"modified":"2026-01-16T13:50:51","modified_gmt":"2026-01-16T12:50:51","slug":"bleib-keiper-lyrik-33","status":"publish","type":"product","link":"https:\/\/www.editionkeiper.at\/shop\/produkt\/bleib-keiper-lyrik-33\/","title":{"rendered":"Bleib \u2013 keiper lyrik 33"},"content":{"rendered":"<h2>Bleib \u2013 keiper lyrik 33<\/h2>\n<h4>von <span style=\"color: #993366;\">Ingrid Puganigg<\/span><\/h4>\n<p class=\"p1\">\u201eEin schaurig inniges Lied\u201c habe sie geschrieben, notiert Ingrid Puganigg zu ihrem Langgedicht <i>Bleib<\/i>, und tats\u00e4chlich dr\u00fcckt sich darin beides, Schaudern wie auch Innigkeit, unmittelbar und virtuos aus. Winterk\u00e4lte, die Zumutungen prek\u00e4rer Lebensumst\u00e4nde und der Skandal des Todes sind in den Versen ebenso pr\u00e4sent wie die unverbr\u00fcchliche Verbundenheit mit dem k\u00fcrzlich verstorbenen Partner und ein reicher Erinnerungsschatz an Kindheit, Liebe und mancherlei Vorkommnisse des Lebens. Wie ein raffinierter \u00dcberlebenstrick mutet es an, wenn der poetische Wille es gegen die Trauer und die materielle Armut aufnimmt, indem er beides in unverhohlen autobiografische Verse von gro\u00dfer poetischer Kraft gie\u00dft.<\/p>\n<p class=\"p1\">Nach einem Jahrzehnt des literarischen Schweigens meldet sich Ingrid Puganigg eindrucksvoll zu Wort. Man merkt dem Text an, dass die Autorin auf h\u00f6chstem Niveau Prosa und H\u00f6rspiele geschrieben hat, die in gro\u00dfen Verlagen erschienen und im Rundfunk gesendet worden sind; der Tonfall ihrer Verse ist prosanahe, die S\u00e4tze sind lapidar und bildstark und setzen sich m\u00fchelos \u00fcber die Gattungsgrenzen hinweg. Die Autorin kehrt mit <i>Bleib<\/i> gewisserma\u00dfen zu ihren literarischen Anf\u00e4ngen zur\u00fcck, denn auch ihr erstes Buch, vor bald einem halben Jahrhundert in der (mittlerweile eingestellten) Reihe Lyrik aus \u00d6sterreich erschienen, war ein Lyrikband.<\/p>\n<p><strong>Preis: AT \u20ac 16,50 \/ DE \u20ac 16,05<br \/>\nSeiten<\/strong>206<br \/>\n<strong>ISBN13:<\/strong> 978-3-903575-44-8<br \/>\n<strong>Erscheinungsdatum:<\/strong> 10. M\u00e4rz 2025<br \/>\n<strong>Sprache:<\/strong>\u00a0Deutsch<br \/>\n<strong>Format:<\/strong> 11,6 x 18,0 cm; Broschur<\/p>\n<p><a href=\"https:\/\/www.editionkeiper.at\/shop\/wp-content\/uploads\/2024\/01\/Leseprobe_Verlag_Keiper.png\" target=\"_blank\" rel=\"noopener\"><img loading=\"lazy\" loading=\"lazy\" decoding=\"async\" class=\"alignnone size-full wp-image-13777\" src=\"https:\/\/www.editionkeiper.at\/shop\/wp-content\/uploads\/2024\/01\/Leseprobe_Verlag_Keiper.png\" alt=\"\" width=\"90\" height=\"125\" srcset=\"https:\/\/www.editionkeiper.at\/shop\/wp-content\/uploads\/2024\/01\/Leseprobe_Verlag_Keiper.png 90w, https:\/\/www.editionkeiper.at\/shop\/wp-content\/uploads\/2024\/01\/Leseprobe_Verlag_Keiper-7x10.png 7w\" sizes=\"auto, (max-width: 90px) 100vw, 90px\" \/><\/a><\/p>\n","protected":false},"excerpt":{"rendered":"<ul>\n<li>Nach einem Jahrzehnt literarischer Stille kehrt Ingrid Puganigg zur Lyrik zur\u00fcck.<\/li>\n<li>Sie pr\u00e4sentiert prosanahe, kraftvolle Verse, die Gattungsgrenzen \u00fcberschreiten.<\/li>\n<li class=\"p1\">Die Reihe \u201ekeiper lyrik\u201c pr\u00e4sentiert zeitgen\u00f6ssisches Lyrikgeschehen im<br \/>\ndeutschen Sprachraum und ist offen f\u00fcr Gedichte unterschiedlicher Stilrichtungen.<\/li>\n<\/ul>\n","protected":false},"featured_media":14782,"comment_status":"open","ping_status":"closed","template":"","meta":[],"etheme_brands":[],"product_brand":[],"product_cat":[2604],"product_tag":[566,5023,356,3114,241,5022,4623,348,174,173,323,2031,209,5024,5025,109],"yst_prominent_words":[3306],"class_list":{"0":"post-14630","1":"product","2":"type-product","3":"status-publish","4":"has-post-thumbnail","6":"product_cat-die-reihe-keiper-lyrik","7":"product_tag-autobiografisch","8":"product_tag-bleib","9":"product_tag-edition-keiper","10":"product_tag-erinnerungen","11":"product_tag-graz","12":"product_tag-ingrid-puganigg","13":"product_tag-langgedicht","14":"product_tag-literatur","15":"product_tag-lyrik","16":"product_tag-lyrikreihe","17":"product_tag-oesterreich","18":"product_tag-poesie","19":"product_tag-steiermark","20":"product_tag-trauer","21":"product_tag-winterkaelte","22":"product_tag-www-editionkeiper-at","24":"first","25":"instock","26":"shipping-taxable","27":"purchasable","28":"product-type-simple"},"_links":{"self":[{"href":"https:\/\/www.editionkeiper.at\/shop\/wp-json\/wp\/v2\/product\/14630","targetHints":{"allow":["GET"]}}],"collection":[{"href":"https:\/\/www.editionkeiper.at\/shop\/wp-json\/wp\/v2\/product"}],"about":[{"href":"https:\/\/www.editionkeiper.at\/shop\/wp-json\/wp\/v2\/types\/product"}],"replies":[{"embeddable":true,"href":"https:\/\/www.editionkeiper.at\/shop\/wp-json\/wp\/v2\/comments?post=14630"}],"wp:featuredmedia":[{"embeddable":true,"href":"https:\/\/www.editionkeiper.at\/shop\/wp-json\/wp\/v2\/media\/14782"}],"wp:attachment":[{"href":"https:\/\/www.editionkeiper.at\/shop\/wp-json\/wp\/v2\/media?parent=14630"}],"wp:term":[{"taxonomy":"brand","embeddable":true,"href":"https:\/\/www.editionkeiper.at\/shop\/wp-json\/wp\/v2\/etheme_brands?post=14630"},{"taxonomy":"product_brand","embeddable":true,"href":"https:\/\/www.editionkeiper.at\/shop\/wp-json\/wp\/v2\/product_brand?post=14630"},{"taxonomy":"product_cat","embeddable":true,"href":"https:\/\/www.editionkeiper.at\/shop\/wp-json\/wp\/v2\/product_cat?post=14630"},{"taxonomy":"product_tag","embeddable":true,"href":"https:\/\/www.editionkeiper.at\/shop\/wp-json\/wp\/v2\/product_tag?post=14630"},{"taxonomy":"yst_prominent_words","embeddable":true,"href":"https:\/\/www.editionkeiper.at\/shop\/wp-json\/wp\/v2\/yst_prominent_words?post=14630"}],"curies":[{"name":"wp","href":"https:\/\/api.w.org\/{rel}","templated":true}]}}

<h2>Bleib – keiper lyrik 33</h2>
<h4>von <span style="color: #993366;">Ingrid Puganigg</span></h4>
<p class="p1">„Ein schaurig inniges Lied“ habe sie geschrieben, notiert Ingrid Puganigg zu ihrem Langgedicht <i>Bleib</i>, und tatsächlich drückt sich darin beides, Schaudern wie auch Innigkeit, unmittelbar und virtuos aus. Winterkälte, die Zumutungen prekärer Lebensumstände und der Skandal des Todes sind in den Versen ebenso präsent wie die unverbrüchliche Verbundenheit mit dem kürzlich verstorbenen Partner und ein reicher Erinnerungsschatz an Kindheit, Liebe und mancherlei Vorkommnisse des Lebens. Wie ein raffinierter Überlebenstrick mutet es an, wenn der poetische Wille es gegen die Trauer und die materielle Armut aufnimmt, indem er beides in unverhohlen autobiografische Verse von großer poetischer Kraft gießt.</p>
<p class="p1">Nach einem Jahrzehnt des literarischen Schweigens meldet sich Ingrid Puganigg eindrucksvoll zu Wort. Man merkt dem Text an, dass die Autorin auf höchstem Niveau Prosa und Hörspiele geschrieben hat, die in großen Verlagen erschienen und im Rundfunk gesendet worden sind; der Tonfall ihrer Verse ist prosanahe, die Sätze sind lapidar und bildstark und setzen sich mühelos über die Gattungsgrenzen hinweg. Die Autorin kehrt mit <i>Bleib</i> gewissermaßen zu ihren literarischen Anfängen zurück, denn auch ihr erstes Buch, vor bald einem halben Jahrhundert in der (mittlerweile eingestellten) Reihe Lyrik aus Österreich erschienen, war ein Lyrikband.</p>
<p><strong>Preis: AT € 16,50 / DE € 16,05<br />
Seiten</strong>206<br />
<strong>ISBN13:</strong> 978-3-903575-44-8<br />
<strong>Erscheinungsdatum:</strong> 10. März 2025<br />
<strong>Sprache:</strong> Deutsch<br />
<strong>Format:</strong> 11,6 x 18,0 cm; Broschur</p>
<p><a href="https://www.editionkeiper.at/shop/wp-content/uploads/2024/01/Leseprobe_Verlag_Keiper.png" target="_blank" rel="noopener"><img loading="lazy" loading="lazy" decoding="async" class="alignnone size-full wp-image-13777" src="https://www.editionkeiper.at/shop/wp-content/uploads/2024/01/Leseprobe_Verlag_Keiper.png" alt="" width="90" height="125" srcset="https://www.editionkeiper.at/shop/wp-content/uploads/2024/01/Leseprobe_Verlag_Keiper.png 90w, https://www.editionkeiper.at/shop/wp-content/uploads/2024/01/Leseprobe_Verlag_Keiper-7x10.png 7w" sizes="auto, (max-width: 90px) 100vw, 90px" /></a></p>

<ul>
<li>Nach einem Jahrzehnt literarischer Stille kehrt Ingrid Puganigg zur Lyrik zurück.</li>
<li>Sie präsentiert prosanahe, kraftvolle Verse, die Gattungsgrenzen überschreiten.</li>
<li class="p1">Die Reihe „keiper lyrik“ präsentiert zeitgenössisches Lyrikgeschehen im<br />
deutschen Sprachraum und ist offen für Gedichte unterschiedlicher Stilrichtungen.</li>
</ul>
