{"id":14474,"date":"2024-10-07T16:12:18","date_gmt":"2024-10-07T14:12:18","guid":{"rendered":"https:\/\/www.editionkeiper.at\/shop\/?post_type=product&#038;p=14474"},"modified":"2025-04-09T11:43:48","modified_gmt":"2025-04-09T09:43:48","slug":"franz-und-seine-phantasmagorische-weltmaschine","status":"publish","type":"product","link":"https:\/\/www.editionkeiper.at\/shop\/produkt\/franz-und-seine-phantasmagorische-weltmaschine\/","title":{"rendered":"Franz und seine phantasmagorische Weltmaschine"},"content":{"rendered":"<h2>Franz und seine phantasmagorische Weltmaschine<\/h2>\n<p>von Beth Anderson. Mit Illustrationen von Caroline Hamel. \u00dcbersetzt von Elisabeth Fattinger und Jim Miller.<\/p>\n<p>Beth Andersons inspirierende Bilderbuch-Biografie bietet einen faszinierenden Einblick in das beeindruckende Leben von Franz Gsellmann aus Edelsbach in der Steiermark, der ohne jegliche formale k\u00fcnstlerische oder technische Ausbildung eine aufwendige und komplexe Maschine, die sogenannte Weltmaschine, baute.<\/p>\n<p>Seit er ein kleiner Junge ist, interessiert sich Franz f\u00fcr Maschinen und daf\u00fcr, wie sie funktionieren. Er m\u00f6chte seine eigenen Maschinen bauen. Obwohl er auf dem Bauernhof der Familie arbeiten muss und sp\u00e4ter heiratet und selbst eine Familie gr\u00fcndet, gibt Franz seinen Traum nie auf. 23 Jahre lang lernt, probiert und testet er unverdrossen seine Ideen, die heute noch als \u201eWeltmaschine\u201c in Edelsbach zu bestaunen sind.<\/p>\n<p>Die Geschichte vermittelt die Freude an der Neugierde und am Erfinden um des Erfindens willen und beleuchtet das Konzept mechanisch-kinetischer Skulpturen an der Schnittstelle von Kunst und Wissenschaft.<\/p>\n<h4><strong>\u00dcBER DIE ENTSTEHUNG DIESES KINDERBUCHS<\/strong><\/h4>\n<p>Die Amerikanerin Beth Anderson ist Autorin mehrerer Sach- und historischer Bilderb\u00fccher und stie\u00df durch Zufall auf die Geschichte von Franz Gsellmann. Sie war fasziniert von dessen Beharrlichkeit, mit der er die Idee einer Maschine verfolgte, die eigentlich keinen wirklichen Zweck hatte. Es ging ihm lediglich ums Basteln, Bauen und Erfinden, ums Erm\u00f6glichen. So wie Franz seine Maschine, baut Beth Anderson Geschichten aus W\u00f6rtern \u2013 in der Hoffnung, dass sie Freude und Inspiration bringen, wie die Weltmaschine von Franz es tut. Der kanadischen Illustratorin Caroline Hamel ist es gelungen, diese wunderbare Geschichte in fantasievollen Bildern umzusetzen. Letztendlich ist es dem Engagement des \u00dcbersetzerteams Elisabeth Fattinger und Jim Miller aus Edelsbach zu verdanken, dass es dieses Buch nun auch auf Deutsch gibt.<\/p>\n<p><strong>Preis: <\/strong>AT \u20ac 17,00 \/ DE \u20ac 16,54<strong><br \/>\nISBN13:<\/strong> 978-3-903575-45-5<strong><br \/>\nErscheinungsdatum: <\/strong>2. Dezember 2024<strong><br \/>\nSeiten: 32<\/strong><strong><br \/>\nSprache:\u00a0<\/strong>Deutsch<strong><br \/>\nFormat: <\/strong>24,0 x 22,8 cm; Pappband, durchgehend farbig illustriert<\/p>\n<p><a href=\"https:\/\/www.editionkeiper.at\/shop\/wp-content\/uploads\/2024\/10\/Leseprobe_Gsellmann_Weltmaschine_Kinderbuch_Verlag_Keiper.pdf\" target=\"_blank\" rel=\"noopener\"><img loading=\"lazy\" loading=\"lazy\" decoding=\"async\" class=\"alignnone size-full wp-image-13777\" src=\"https:\/\/www.editionkeiper.at\/shop\/wp-content\/uploads\/2024\/01\/Leseprobe_Verlag_Keiper.png\" alt=\"\" width=\"90\" height=\"125\" srcset=\"https:\/\/www.editionkeiper.at\/shop\/wp-content\/uploads\/2024\/01\/Leseprobe_Verlag_Keiper.png 90w, https:\/\/www.editionkeiper.at\/shop\/wp-content\/uploads\/2024\/01\/Leseprobe_Verlag_Keiper-7x10.png 7w\" sizes=\"auto, (max-width: 90px) 100vw, 90px\" \/><\/a><\/p>\n","protected":false},"excerpt":{"rendered":"<ul>\n<li>Die wahre Geschichte des Vision\u00e4rs Franz Gsellmann und seiner Weltmaschine.<\/li>\n<li>Eine unwiderstehliche Hommage an menschliche Neugierde und die Macht der eigenen Kreativit\u00e4t.<\/li>\n<li>Ein gelungenes Beispiel daf\u00fcr, wie Enthusiasmus, Vorstellungskraft und Beharrlichkeit neue und ungew\u00f6hnliche Wege aufzeigen k\u00f6nnen.<\/li>\n<li>Ein Buch f\u00fcr alle jene Kinder, die sich ihre Vorstellungskraft bewahren und davon tr\u00e4umen, etwas Wunderbares zu erschaffen.<\/li>\n<\/ul>\n<p>&nbsp;<\/p>\n","protected":false},"featured_media":14475,"comment_status":"open","ping_status":"closed","template":"","meta":[],"etheme_brands":[],"product_brand":[],"product_cat":[1396],"product_tag":[4933,358,4935,356,4936,4931,241,4937,148,119,4934,4932,1340],"yst_prominent_words":[3282],"class_list":{"0":"post-14474","1":"product","2":"type-product","3":"status-publish","4":"has-post-thumbnail","6":"product_cat-kinderbuch","7":"product_tag-beth-anderson","8":"product_tag-bilderbuch","9":"product_tag-edelsbach","10":"product_tag-edition-keiper","11":"product_tag-erfindergeist","12":"product_tag-franz-gsellmann","13":"product_tag-graz","14":"product_tag-inspiration","15":"product_tag-kinderbuch","16":"product_tag-kunst","17":"product_tag-mechanisch-kinetische-skulpturen","18":"product_tag-weltmaschine","19":"product_tag-wissenschaft","21":"first","22":"instock","23":"shipping-taxable","24":"purchasable","25":"product-type-simple"},"_links":{"self":[{"href":"https:\/\/www.editionkeiper.at\/shop\/wp-json\/wp\/v2\/product\/14474","targetHints":{"allow":["GET"]}}],"collection":[{"href":"https:\/\/www.editionkeiper.at\/shop\/wp-json\/wp\/v2\/product"}],"about":[{"href":"https:\/\/www.editionkeiper.at\/shop\/wp-json\/wp\/v2\/types\/product"}],"replies":[{"embeddable":true,"href":"https:\/\/www.editionkeiper.at\/shop\/wp-json\/wp\/v2\/comments?post=14474"}],"wp:featuredmedia":[{"embeddable":true,"href":"https:\/\/www.editionkeiper.at\/shop\/wp-json\/wp\/v2\/media\/14475"}],"wp:attachment":[{"href":"https:\/\/www.editionkeiper.at\/shop\/wp-json\/wp\/v2\/media?parent=14474"}],"wp:term":[{"taxonomy":"brand","embeddable":true,"href":"https:\/\/www.editionkeiper.at\/shop\/wp-json\/wp\/v2\/etheme_brands?post=14474"},{"taxonomy":"product_brand","embeddable":true,"href":"https:\/\/www.editionkeiper.at\/shop\/wp-json\/wp\/v2\/product_brand?post=14474"},{"taxonomy":"product_cat","embeddable":true,"href":"https:\/\/www.editionkeiper.at\/shop\/wp-json\/wp\/v2\/product_cat?post=14474"},{"taxonomy":"product_tag","embeddable":true,"href":"https:\/\/www.editionkeiper.at\/shop\/wp-json\/wp\/v2\/product_tag?post=14474"},{"taxonomy":"yst_prominent_words","embeddable":true,"href":"https:\/\/www.editionkeiper.at\/shop\/wp-json\/wp\/v2\/yst_prominent_words?post=14474"}],"curies":[{"name":"wp","href":"https:\/\/api.w.org\/{rel}","templated":true}]}}