{"id":13613,"date":"2024-01-19T12:37:31","date_gmt":"2024-01-19T11:37:31","guid":{"rendered":"https:\/\/www.editionkeiper.at\/shop\/?post_type=product&#038;p=13613"},"modified":"2024-09-03T16:34:12","modified_gmt":"2024-09-03T14:34:12","slug":"sandy-eine-sandbaerenstarke-geschichte-kinderbuch","status":"publish","type":"product","link":"https:\/\/www.editionkeiper.at\/shop\/produkt\/sandy-eine-sandbaerenstarke-geschichte-kinderbuch\/","title":{"rendered":"Sandy \u2013 Eine sandb\u00e4renstarke Geschichte"},"content":{"rendered":"<h2>Sandy \u2013 Eine sandb\u00e4renstarke Geschichte<\/h2>\n<p class=\"p1\"><span class=\"s1\"><b>Ein Kinderbuch von <span style=\"color: #993366;\"><a style=\"color: #993366;\" href=\"https:\/\/www.editionkeiper.at\/shop\/gschiel-gabriele\/\">Gabriele Gschiel<\/a><\/span> mit Illustrationen von<span style=\"color: #993366;\"> <a style=\"color: #993366;\" href=\"https:\/\/www.editionkeiper.at\/shop\/riedl-lisa\/\">Lisa Riedl<\/a><\/span><\/b><\/span><\/p>\n<p class=\"p1\">Einfach sandb\u00e4renstark: Der kleine Sandb\u00e4r Sandy lebt auf einer winzigen Insel mitten im Meer. Er ist am gl\u00fccklichsten, wenn er auf seiner geliebten Insel im Sand spielen und im Schatten der m\u00e4chtigen Palme sein Mittagsschl\u00e4fchen machen kann. Eines Tages ist jedoch alles anders: Birdy, ein echt schr\u00e4ger Vogel, landet auf Sandys Bauch und vorbei ist es mit der Ruhe und Beschaulichkeit. Birdy bringt n\u00e4mlich die gro\u00dfe weite Welt auf die Insel und erz\u00e4hlt von den ber\u00fchmtesten Bauwerken, die er schon gesehen hat. Gemeinsam lassen sie in dem inspirierenden Kinderbuch \u00fcber Freundschaft die Chinesische Mauer, den schiefen Turm von Pisa, das Kolosseum und viele andere Bauwerke aus Sand entstehen. Das ist der Beginn einer wunderbaren Freundschaft und l\u00e4utet eine fabelhafte Zeit der beiden auf der Insel ein.<\/p>\n<p><strong>Preis:<\/strong> AT \u20ac 18,50 \/ DE \u20ac 18,00<br \/>\n<strong>Seiten:<\/strong> ca. 32<br \/>\n<strong>ISBN13:<\/strong> 978-3-903575-19-6<br \/>\n<strong>Erscheinungsdatum:<\/strong> 22. M\u00e4rz 2024<br \/>\n<strong>Sprache:<\/strong>\u00a0Deutsch<br \/>\n<strong>Format:<\/strong> 28 x 28 cm; Pappband, durchgehend farbig illustriert<\/p>\n<p><span style=\"color: #800080;\">Sie wollen keine Neuigkeiten aus unserem Verlag mehr verpassen? Abonnieren Sie unseren <a style=\"color: #800080;\" href=\"https:\/\/www.editionkeiper.at\/shop\/newsletter\/\">Newsletter<\/a> oder folgen Sie uns auf <a style=\"color: #800080;\" href=\"https:\/\/www.facebook.com\/editionkeiper\">Facebook<\/a>, <a style=\"color: #800080;\" href=\"https:\/\/www.instagram.com\/edition_keiper\/\">Instagram<\/a> oder <a style=\"color: #800080;\" href=\"https:\/\/www.tiktok.com\/@editionkeiper\">TikTok.<\/a>\u00a0Wir freuen uns auf Sie!<\/span><\/p>\n","protected":false},"excerpt":{"rendered":"<ul>\n<li class=\"p1\">Ein liebevolles Kinderbuch \u00fcber zwei b\u00e4renstarke Freunde.<\/li>\n<li class=\"p1\">Sandy und Birdy bringen die gro\u00dfe weite Welt in unsere Kinderzimmer.<\/li>\n<li class=\"p1\">Inspirierende Ideen f\u00fcr alle kleinen Baumeister zum Buddeln und Spielen im Sand.<\/li>\n<\/ul>\n<p class=\"p1\">Die au\u00dfergew\u00f6hnliche und inspirierende Geschichte von Sandy und Birdy regt die Fantasie an, l\u00e4dt ein, selbst aktiv zu werden und zeigt, dass man gemeinsam mit Freunden noch mehr Spa\u00df haben kann als allein.<\/p>\n","protected":false},"featured_media":13731,"comment_status":"open","ping_status":"closed","template":"","meta":[],"etheme_brands":[],"product_brand":[],"product_cat":[1396],"product_tag":[4632,4640,356,4636,4643,4635,4639,116,265,148,4642,4637,668,1012,4638,4641,121],"yst_prominent_words":[],"class_list":{"0":"post-13613","1":"product","2":"type-product","3":"status-publish","4":"has-post-thumbnail","6":"product_cat-kinderbuch","7":"product_tag-4632","8":"product_tag-baer","9":"product_tag-edition-keiper","10":"product_tag-gabriele","11":"product_tag-geschichte-fuer-kinder","12":"product_tag-gschiel","13":"product_tag-illustration","14":"product_tag-illustrationen","15":"product_tag-keiperverlag","16":"product_tag-kinderbuch","17":"product_tag-kindergeschichte","18":"product_tag-lisa","19":"product_tag-neuerscheinung","20":"product_tag-neuerscheinungen","21":"product_tag-riedl","22":"product_tag-sandy","23":"product_tag-verlag","25":"first","26":"instock","27":"shipping-taxable","28":"purchasable","29":"product-type-simple"},"_links":{"self":[{"href":"https:\/\/www.editionkeiper.at\/shop\/wp-json\/wp\/v2\/product\/13613","targetHints":{"allow":["GET"]}}],"collection":[{"href":"https:\/\/www.editionkeiper.at\/shop\/wp-json\/wp\/v2\/product"}],"about":[{"href":"https:\/\/www.editionkeiper.at\/shop\/wp-json\/wp\/v2\/types\/product"}],"replies":[{"embeddable":true,"href":"https:\/\/www.editionkeiper.at\/shop\/wp-json\/wp\/v2\/comments?post=13613"}],"wp:featuredmedia":[{"embeddable":true,"href":"https:\/\/www.editionkeiper.at\/shop\/wp-json\/wp\/v2\/media\/13731"}],"wp:attachment":[{"href":"https:\/\/www.editionkeiper.at\/shop\/wp-json\/wp\/v2\/media?parent=13613"}],"wp:term":[{"taxonomy":"brand","embeddable":true,"href":"https:\/\/www.editionkeiper.at\/shop\/wp-json\/wp\/v2\/etheme_brands?post=13613"},{"taxonomy":"product_brand","embeddable":true,"href":"https:\/\/www.editionkeiper.at\/shop\/wp-json\/wp\/v2\/product_brand?post=13613"},{"taxonomy":"product_cat","embeddable":true,"href":"https:\/\/www.editionkeiper.at\/shop\/wp-json\/wp\/v2\/product_cat?post=13613"},{"taxonomy":"product_tag","embeddable":true,"href":"https:\/\/www.editionkeiper.at\/shop\/wp-json\/wp\/v2\/product_tag?post=13613"},{"taxonomy":"yst_prominent_words","embeddable":true,"href":"https:\/\/www.editionkeiper.at\/shop\/wp-json\/wp\/v2\/yst_prominent_words?post=13613"}],"curies":[{"name":"wp","href":"https:\/\/api.w.org\/{rel}","templated":true}]}}