{"id":13314,"date":"2024-05-29T15:13:51","date_gmt":"2024-05-29T13:13:51","guid":{"rendered":"https:\/\/www.editionkeiper.at\/shop\/?post_type=product&#038;p=13314"},"modified":"2025-01-20T11:47:30","modified_gmt":"2025-01-20T10:47:30","slug":"kombuesengefluester-die-abenteuer-eines-schiffskochs-der-auf-allen-weltmeeren-zuhause-ist","status":"publish","type":"product","link":"https:\/\/www.editionkeiper.at\/shop\/produkt\/kombuesengefluester-die-abenteuer-eines-schiffskochs-der-auf-allen-weltmeeren-zuhause-ist\/","title":{"rendered":"Komb\u00fcsengefl\u00fcster"},"content":{"rendered":"<h2>Komb\u00fcsengefl\u00fcster \u2013 Die Abenteuer eines Schiffskochs, der auf allen Weltmeeren zuhause ist<\/h2>\n<p><strong>von <span style=\"color: #993366;\"><a style=\"color: #993366;\" href=\"https:\/\/www.editionkeiper.at\/shop\/umfahrer-manfred-marc\/\">Manfred Marc Umfahrer<\/a><\/span><\/strong><\/p>\n<p class=\"p1\"><span class=\"s1\">Es sind tats\u00e4chlich nicht die Rezepte, die der wendige Schiffskoch beinahe wie im Vorbeigehen zaubert, die einen im Buch halten. Es sind die ganz \u201egew\u00f6hnlichen\u201c Geschichten, die unter extremsten Bedingungen auf Schiffen, die die extremsten Zonen dieses Planeten anfahren, passieren. Wie gestaltet sich der Tag auf so einem Schiff, was geht hinter geschlossenen Kaj\u00fctent\u00fcren vor sich und wann kommt der Augenblick, da man als Schmut einmal so richtig Ordnung schaffen muss? Manfred Umfahrer hat alles erlebt und aufgeschrieben. Schonungslos und mit gro\u00dfem Herzen \u2013 f\u00fcr die kleinen Gauner unter der Besatzung und die Gro\u00dfm\u00e4uler unter den Passagieren. Authentischer geht\u2019s nicht.<\/span><\/p>\n<p><strong>Preis:<\/strong> AT \u20ac 22,00 \/ DE \u20ac 21,40<br \/>\n<strong>Seiten:<\/strong> ca. 220<br \/>\n<strong>ISBN13:<\/strong> 978-3-903575-18-9<br \/>\n<strong>Erscheinungsdatum:<\/strong> 10. Juli 2024<br \/>\n<strong>Sprache:<\/strong>\u00a0Deutsch<br \/>\n<strong>Format:<\/strong> 12,00 x 20,00 cm; Broschur<\/p>\n<p><a href=\"https:\/\/www.editionkeiper.at\/shop\/wp-content\/uploads\/2024\/05\/Leseprobe_Kern_Kombuesengefluester_Umfahrer_Manfred_Verlag_edition_keiper-1.pdf\" target=\"_blank\" rel=\"noopener\"><img loading=\"lazy\" loading=\"lazy\" decoding=\"async\" class=\"alignnone size-full wp-image-13777\" src=\"https:\/\/www.editionkeiper.at\/shop\/wp-content\/uploads\/2024\/01\/Leseprobe_Verlag_Keiper.png\" alt=\"\" width=\"90\" height=\"125\" srcset=\"https:\/\/www.editionkeiper.at\/shop\/wp-content\/uploads\/2024\/01\/Leseprobe_Verlag_Keiper.png 90w, https:\/\/www.editionkeiper.at\/shop\/wp-content\/uploads\/2024\/01\/Leseprobe_Verlag_Keiper-7x10.png 7w\" sizes=\"auto, (max-width: 90px) 100vw, 90px\" \/><\/a><\/p>\n<p><iframe loading=\"lazy\" title=\"\u201eKomb\u00fcsengefl\u00fcster\u201c\" width=\"1170\" height=\"658\" src=\"https:\/\/www.youtube.com\/embed\/0kI3U91J7hs?feature=oembed\" frameborder=\"0\" allow=\"accelerometer; autoplay; clipboard-write; encrypted-media; gyroscope; picture-in-picture; web-share\" referrerpolicy=\"strict-origin-when-cross-origin\" allowfullscreen><\/iframe><\/p>\n","protected":false},"excerpt":{"rendered":"<ul>\n<li><strong>Manfred Umfahrers Background:<\/strong><br \/>\n\u00dcber zwanzig Jahre voller faszinierender Erlebnisse als Schiffskoch auf Eisbrechern, Forschungsschiffen und Privatjachten.<\/li>\n<li><strong>Manfred Umfahrer bietet:<\/strong><br \/>\nUngebrochene Spannung, Extremsituationen und Geschichten, von denen Landratten nie tr\u00e4umen w\u00fcrden.<\/li>\n<\/ul>\n<p><span style=\"color: #993366;\"><strong>Bereits erh\u00e4ltlich.<br \/>\n<\/strong><\/span><\/p>\n","protected":false},"featured_media":14173,"comment_status":"closed","ping_status":"closed","template":"","meta":[],"etheme_brands":[],"product_brand":[],"product_cat":[3685,4762],"product_tag":[4766,4771,4769,356,577,4765,4767,117,4764,668,4770,4763,4768,4772],"yst_prominent_words":[],"class_list":{"0":"post-13314","1":"product","2":"type-product","3":"status-publish","4":"has-post-thumbnail","6":"product_cat-erzaehlungen","7":"product_cat-nautik","8":"product_tag-alltag-auf-see","9":"product_tag-authentische-geschichten","10":"product_tag-besatzung","11":"product_tag-edition-keiper","12":"product_tag-erzaehlungen","13":"product_tag-extreme-zonen","14":"product_tag-kajuetentueren","15":"product_tag-keiper","16":"product_tag-manfred-umfahrer","17":"product_tag-neuerscheinung","18":"product_tag-passagiere","19":"product_tag-schiffskoch","20":"product_tag-schmut","21":"product_tag-seefahrergeschichten","23":"first","24":"instock","25":"shipping-taxable","26":"purchasable","27":"product-type-simple"},"_links":{"self":[{"href":"https:\/\/www.editionkeiper.at\/shop\/wp-json\/wp\/v2\/product\/13314","targetHints":{"allow":["GET"]}}],"collection":[{"href":"https:\/\/www.editionkeiper.at\/shop\/wp-json\/wp\/v2\/product"}],"about":[{"href":"https:\/\/www.editionkeiper.at\/shop\/wp-json\/wp\/v2\/types\/product"}],"replies":[{"embeddable":true,"href":"https:\/\/www.editionkeiper.at\/shop\/wp-json\/wp\/v2\/comments?post=13314"}],"wp:featuredmedia":[{"embeddable":true,"href":"https:\/\/www.editionkeiper.at\/shop\/wp-json\/wp\/v2\/media\/14173"}],"wp:attachment":[{"href":"https:\/\/www.editionkeiper.at\/shop\/wp-json\/wp\/v2\/media?parent=13314"}],"wp:term":[{"taxonomy":"brand","embeddable":true,"href":"https:\/\/www.editionkeiper.at\/shop\/wp-json\/wp\/v2\/etheme_brands?post=13314"},{"taxonomy":"product_brand","embeddable":true,"href":"https:\/\/www.editionkeiper.at\/shop\/wp-json\/wp\/v2\/product_brand?post=13314"},{"taxonomy":"product_cat","embeddable":true,"href":"https:\/\/www.editionkeiper.at\/shop\/wp-json\/wp\/v2\/product_cat?post=13314"},{"taxonomy":"product_tag","embeddable":true,"href":"https:\/\/www.editionkeiper.at\/shop\/wp-json\/wp\/v2\/product_tag?post=13314"},{"taxonomy":"yst_prominent_words","embeddable":true,"href":"https:\/\/www.editionkeiper.at\/shop\/wp-json\/wp\/v2\/yst_prominent_words?post=13314"}],"curies":[{"name":"wp","href":"https:\/\/api.w.org\/{rel}","templated":true}]}}