{"id":11981,"date":"2023-01-16T12:00:22","date_gmt":"2023-01-16T11:00:22","guid":{"rendered":"https:\/\/www.editionkeiper.at\/shop\/?post_type=product&#038;p=11981"},"modified":"2023-06-06T13:10:59","modified_gmt":"2023-06-06T11:10:59","slug":"die-fahrt-der-general-watutin-durch-die-freie-ukraine","status":"publish","type":"product","link":"https:\/\/www.editionkeiper.at\/shop\/produkt\/die-fahrt-der-general-watutin-durch-die-freie-ukraine\/","title":{"rendered":"Die Fahrt der General Watutin durch die freie Ukraine"},"content":{"rendered":"<h2>Die Fahrt der General Watutin durch die freie Ukraine<\/h2>\n<p>Sachbuch \/ Bildband<\/p>\n<p>von <a href=\"https:\/\/www.editionkeiper.at\/shop\/dragaric-dietmar\/\">Dietmar Dragaric<\/a><\/p>\n<p class=\"p1\">Als der Autor nach dem \u00dcberfall Putins in der Nacht vom 24. auf den 25. Februar 2022 dieses Ukraine-Buch zu schreiben begann, wusste er nicht, ob die Darstellung seiner letzten (und freien) Fahrt 2013 durch eine souver\u00e4ne Ukraine ein Art Requiem oder ein Gloria f\u00fcr dieses faszinierende Land und seine tapferen Menschen werden w\u00fcrde. Schock, Angst und Trauer erfassten das ganze Land von einem Tag auf den anderen, doch die unersch\u00fctterliche Tapferkeit der ukrainischen Armee brachten Erfolge und damit Genugtuung und Hoffnung. Frauen, M\u00e4nner und Kinder, die unter russische Milit\u00e4r- und Zwangsverwaltung geraten waren, konnten \u00fcber ihre Befreiung jubeln. Doch der Ausgang des Krieges ist zum Zeitpunkt der Entstehung dieses Buches ungewiss.<span class=\"Apple-converted-space\">\u00a0<\/span><\/p>\n<p><strong>Preis:<\/strong> AT \u20ac 22,00 \/ DE \u20ac 21,40<\/p>\n<p><strong>ISBN13: <\/strong>978-3-903322-82-0<\/p>\n<p><strong>Erscheinungsdatum:<\/strong> 24. Februar 2023<\/p>\n<p><strong>Seiten:<\/strong> ca. 140<\/p>\n<p><strong>Sprache:<\/strong>\u00a0Deutsch<\/p>\n<p><strong>Format:<\/strong> 20 x 12 cm; Broschur; Bildband mit vielen Farbfotos<\/p>\n<p><a href=\"https:\/\/www.editionkeiper.at\/shop\/wp-content\/uploads\/2023\/01\/Leseprobe_Schiff_General-Watutin_Ukraine_editiopn_keiper.pdf\" target=\"_blank\" rel=\"noopener\"><img loading=\"lazy\" loading=\"lazy\" decoding=\"async\" class=\"alignnone size-full wp-image-9320\" src=\"https:\/\/www.editionkeiper.at\/shop\/wp-content\/uploads\/2021\/06\/Leseprobe_Verlag_Keiper.png\" alt=\"\" width=\"90\" height=\"125\" srcset=\"https:\/\/www.editionkeiper.at\/shop\/wp-content\/uploads\/2021\/06\/Leseprobe_Verlag_Keiper.png 90w, https:\/\/www.editionkeiper.at\/shop\/wp-content\/uploads\/2021\/06\/Leseprobe_Verlag_Keiper-7x10.png 7w\" sizes=\"auto, (max-width: 90px) 100vw, 90px\" \/><\/a><\/p>\n","protected":false},"excerpt":{"rendered":"<p>Die Ukraine, wie sie war und nie wieder sein wird. Faszinierende Bilder einer Reise durch ein freies Land. Ein wertvolles St\u00fcck Zeitgeschichte, bewahrt von einem Historiker und Humanisten.<\/p>\n<ul>\n<li>Die Ukraine in unvergleichlichen Meer-, Fluss- und Landansichten vom Kreuzfahrtschiff General Watutin aus.<\/li>\n<li>Bilder einer friedlichen Koexistenz verschiedener Bev\u00f6lkerungsgruppen vor den russischen Besetzungen ab 2014.<\/li>\n<li>Bedrohung und Verlust von europ\u00e4ischem Kultur- und Welterbe.<\/li>\n<\/ul>\n","protected":false},"featured_media":11982,"comment_status":"open","ping_status":"closed","template":"","meta":[],"etheme_brands":[],"product_brand":[],"product_cat":[1364,1400],"product_tag":[],"yst_prominent_words":[],"class_list":{"0":"post-11981","1":"product","2":"type-product","3":"status-publish","4":"has-post-thumbnail","6":"product_cat-kunst-und-fotografie","7":"product_cat-sachbuch","9":"first","10":"instock","11":"shipping-taxable","12":"purchasable","13":"product-type-simple"},"_links":{"self":[{"href":"https:\/\/www.editionkeiper.at\/shop\/wp-json\/wp\/v2\/product\/11981","targetHints":{"allow":["GET"]}}],"collection":[{"href":"https:\/\/www.editionkeiper.at\/shop\/wp-json\/wp\/v2\/product"}],"about":[{"href":"https:\/\/www.editionkeiper.at\/shop\/wp-json\/wp\/v2\/types\/product"}],"replies":[{"embeddable":true,"href":"https:\/\/www.editionkeiper.at\/shop\/wp-json\/wp\/v2\/comments?post=11981"}],"wp:featuredmedia":[{"embeddable":true,"href":"https:\/\/www.editionkeiper.at\/shop\/wp-json\/wp\/v2\/media\/11982"}],"wp:attachment":[{"href":"https:\/\/www.editionkeiper.at\/shop\/wp-json\/wp\/v2\/media?parent=11981"}],"wp:term":[{"taxonomy":"brand","embeddable":true,"href":"https:\/\/www.editionkeiper.at\/shop\/wp-json\/wp\/v2\/etheme_brands?post=11981"},{"taxonomy":"product_brand","embeddable":true,"href":"https:\/\/www.editionkeiper.at\/shop\/wp-json\/wp\/v2\/product_brand?post=11981"},{"taxonomy":"product_cat","embeddable":true,"href":"https:\/\/www.editionkeiper.at\/shop\/wp-json\/wp\/v2\/product_cat?post=11981"},{"taxonomy":"product_tag","embeddable":true,"href":"https:\/\/www.editionkeiper.at\/shop\/wp-json\/wp\/v2\/product_tag?post=11981"},{"taxonomy":"yst_prominent_words","embeddable":true,"href":"https:\/\/www.editionkeiper.at\/shop\/wp-json\/wp\/v2\/yst_prominent_words?post=11981"}],"curies":[{"name":"wp","href":"https:\/\/api.w.org\/{rel}","templated":true}]}}