{"id":10927,"date":"2022-05-19T13:04:03","date_gmt":"2022-05-19T11:04:03","guid":{"rendered":"https:\/\/www.editionkeiper.at\/shop\/?post_type=product&#038;p=10927"},"modified":"2023-01-16T13:08:34","modified_gmt":"2023-01-16T12:08:34","slug":"wanja-und-das-kaffeehaus-der-woerter","status":"publish","type":"product","link":"https:\/\/www.editionkeiper.at\/shop\/produkt\/wanja-und-das-kaffeehaus-der-woerter\/","title":{"rendered":"Wanja und das Kaffeehaus der W\u00f6rter"},"content":{"rendered":"<h2>Wanja und das Kaffeehaus der W\u00f6rter<\/h2>\n<h4>Kinder-\/Jugendroman<\/h4>\n<p>von <a href=\"https:\/\/www.editionkeiper.at\/shop\/reyer-sophie\/\">Sophie Reyer<\/a><\/p>\n<p>Als Wanja das Bild ihres Gro\u00dfvaters entfernt, geschieht es: Frau Leuchtk\u00e4fer erstickt beinah am Zimt, das geheimnisvolle leuchtende Wesen im Glas verschwindet, ein Inspektor Selig kommt \u2013 und Kasimir, Wanjas Schildkr\u00f6te, beginnt zu sprechen. Magische Kr\u00e4fte beginnen im Kaffeehaus der W\u00f6rter zu wirken und es ist nicht gleich klar, wer zu den Guten und wer zu den Schlechten geh\u00f6rt. P.Rosa mit ihren langen Fingern\u00e4geln und der ungeschickte Student Harry Hinkemann spielen eine beinah undurchschaubare Rolle, auch Herr Blumlieb vom j\u00fcdischen Friedhof und die praktische Tante Dunja kommen ins Spiel. Aber Wanja, das tapfere schlaue M\u00e4dchen, stellt sich den Zauberk\u00fcnsten, die entfesselt wurden, und am Ende \u2026 ja, da wird alles gut.<\/p>\n<p><strong>Preis:<\/strong> AT \u20ac 22,00 \/ DE \u20ac 21,40<\/p>\n<p><strong>ISBN13: <\/strong>978-3-903322-70-7<\/p>\n<p><strong>Erscheinungsdatum:<\/strong> 21. September 2022<\/p>\n<p><strong>Seiten:<\/strong> ca. 200<\/p>\n<p><strong>Sprache:<\/strong>\u00a0Deutsch<\/p>\n<p><strong>Format:<\/strong> 12 x 20 cm; Pappband, mit Schwarz-Wei\u00df-Illusrationen.<\/p>\n<p><a href=\"https:\/\/www.editionkeiper.at\/shop\/wp-content\/uploads\/2022\/05\/Leseprobe_Reyer_Wanja_Kinderbuch_edition_keiper.pdf\" target=\"_blank\" rel=\"noopener\"><img loading=\"lazy\" loading=\"lazy\" decoding=\"async\" class=\"alignnone size-full wp-image-9320\" src=\"https:\/\/www.editionkeiper.at\/shop\/wp-content\/uploads\/2021\/06\/Leseprobe_Verlag_Keiper.png\" alt=\"\" width=\"90\" height=\"125\" srcset=\"https:\/\/www.editionkeiper.at\/shop\/wp-content\/uploads\/2021\/06\/Leseprobe_Verlag_Keiper.png 90w, https:\/\/www.editionkeiper.at\/shop\/wp-content\/uploads\/2021\/06\/Leseprobe_Verlag_Keiper-7x10.png 7w\" sizes=\"auto, (max-width: 90px) 100vw, 90px\" \/><\/a><\/p>\n","protected":false},"excerpt":{"rendered":"<p>Reyer wei\u00df, was Kinder tr\u00e4umen und wie sie tr\u00e4umen \u2013 schwungvoll und kunterbunt, mit Unsicherheiten, \u00c4ngsten und waghalsigen Wechseln in andere Welten. Wohltuend und weise geschildert: die Liebe von Kindern zu den Gro\u00dfeltern.<\/p>\n<ul>\n<li>Eine pralle Welt faltet sich auf: mit Gedichten und Spr\u00fcchen, mit lustigen Namen und poetischen Geschehnissen.<\/li>\n<li>Eine rasante Geschichte, die es nicht so genau nimmt mit Raum und Zeit, daf\u00fcr umso mehr mit der Liebe von Kindern zu ihren Gro\u00dfeltern. Bezaubernd!<\/li>\n<li>Das ist FANTASIE f\u00fcr Kinder \u2013 nicht Fantasy!<\/li>\n<\/ul>\n<p>&nbsp;<\/p>\n","protected":false},"featured_media":10954,"comment_status":"closed","ping_status":"closed","template":"","meta":[],"etheme_brands":[],"product_brand":[],"product_cat":[3690,1396],"product_tag":[4263,356,4262,4260,4266,4270,4265,668,2031,4269,4261,4267,722,4268,4264,109],"yst_prominent_words":[],"class_list":{"0":"post-10927","1":"product","2":"type-product","3":"status-publish","4":"has-post-thumbnail","6":"product_cat-jugendromane","7":"product_cat-kinderbuch","8":"product_tag-ab-10-jahren","9":"product_tag-edition-keiper","10":"product_tag-fantasie-fuer-kinder","11":"product_tag-gedichten-und-spruechen","12":"product_tag-grosseltern","13":"product_tag-grossvater","14":"product_tag-kinder-jugendbuch","15":"product_tag-neuerscheinung","16":"product_tag-poesie","17":"product_tag-poetischen-geschehnissen","18":"product_tag-schildkroete","19":"product_tag-schwungvoll","20":"product_tag-sophie-reyer","21":"product_tag-tapferkeit","22":"product_tag-traeume","23":"product_tag-www-editionkeiper-at","25":"first","26":"instock","27":"shipping-taxable","28":"purchasable","29":"product-type-simple"},"_links":{"self":[{"href":"https:\/\/www.editionkeiper.at\/shop\/wp-json\/wp\/v2\/product\/10927","targetHints":{"allow":["GET"]}}],"collection":[{"href":"https:\/\/www.editionkeiper.at\/shop\/wp-json\/wp\/v2\/product"}],"about":[{"href":"https:\/\/www.editionkeiper.at\/shop\/wp-json\/wp\/v2\/types\/product"}],"replies":[{"embeddable":true,"href":"https:\/\/www.editionkeiper.at\/shop\/wp-json\/wp\/v2\/comments?post=10927"}],"wp:featuredmedia":[{"embeddable":true,"href":"https:\/\/www.editionkeiper.at\/shop\/wp-json\/wp\/v2\/media\/10954"}],"wp:attachment":[{"href":"https:\/\/www.editionkeiper.at\/shop\/wp-json\/wp\/v2\/media?parent=10927"}],"wp:term":[{"taxonomy":"brand","embeddable":true,"href":"https:\/\/www.editionkeiper.at\/shop\/wp-json\/wp\/v2\/etheme_brands?post=10927"},{"taxonomy":"product_brand","embeddable":true,"href":"https:\/\/www.editionkeiper.at\/shop\/wp-json\/wp\/v2\/product_brand?post=10927"},{"taxonomy":"product_cat","embeddable":true,"href":"https:\/\/www.editionkeiper.at\/shop\/wp-json\/wp\/v2\/product_cat?post=10927"},{"taxonomy":"product_tag","embeddable":true,"href":"https:\/\/www.editionkeiper.at\/shop\/wp-json\/wp\/v2\/product_tag?post=10927"},{"taxonomy":"yst_prominent_words","embeddable":true,"href":"https:\/\/www.editionkeiper.at\/shop\/wp-json\/wp\/v2\/yst_prominent_words?post=10927"}],"curies":[{"name":"wp","href":"https:\/\/api.w.org\/{rel}","templated":true}]}}

Wanja und das Kaffeehaus der Wörter

<h2>Wanja und das Kaffeehaus der Wörter</h2>
<h4>Kinder-/Jugendroman</h4>
<p>von <a href="https://www.editionkeiper.at/shop/reyer-sophie/">Sophie Reyer</a></p>
<p>Als Wanja das Bild ihres Großvaters entfernt, geschieht es: Frau Leuchtkäfer erstickt beinah am Zimt, das geheimnisvolle leuchtende Wesen im Glas verschwindet, ein Inspektor Selig kommt – und Kasimir, Wanjas Schildkröte, beginnt zu sprechen. Magische Kräfte beginnen im Kaffeehaus der Wörter zu wirken und es ist nicht gleich klar, wer zu den Guten und wer zu den Schlechten gehört. P.Rosa mit ihren langen Fingernägeln und der ungeschickte Student Harry Hinkemann spielen eine beinah undurchschaubare Rolle, auch Herr Blumlieb vom jüdischen Friedhof und die praktische Tante Dunja kommen ins Spiel. Aber Wanja, das tapfere schlaue Mädchen, stellt sich den Zauberkünsten, die entfesselt wurden, und am Ende … ja, da wird alles gut.</p>
<p><strong>Preis:</strong> AT € 22,00 / DE € 21,40</p>
<p><strong>ISBN13: </strong>978-3-903322-70-7</p>
<p><strong>Erscheinungsdatum:</strong> 21. September 2022</p>
<p><strong>Seiten:</strong> ca. 200</p>
<p><strong>Sprache:</strong> Deutsch</p>
<p><strong>Format:</strong> 12 x 20 cm; Pappband, mit Schwarz-Weiß-Illusrationen.</p>
<p><a href="https://www.editionkeiper.at/shop/wp-content/uploads/2022/05/Leseprobe_Reyer_Wanja_Kinderbuch_edition_keiper.pdf" target="_blank" rel="noopener"><img loading="lazy" loading="lazy" decoding="async" class="alignnone size-full wp-image-9320" src="https://www.editionkeiper.at/shop/wp-content/uploads/2021/06/Leseprobe_Verlag_Keiper.png" alt="" width="90" height="125" srcset="https://www.editionkeiper.at/shop/wp-content/uploads/2021/06/Leseprobe_Verlag_Keiper.png 90w, https://www.editionkeiper.at/shop/wp-content/uploads/2021/06/Leseprobe_Verlag_Keiper-7x10.png 7w" sizes="auto, (max-width: 90px) 100vw, 90px" /></a></p>

<p>Reyer weiß, was Kinder träumen und wie sie träumen – schwungvoll und kunterbunt, mit Unsicherheiten, Ängsten und waghalsigen Wechseln in andere Welten. Wohltuend und weise geschildert: die Liebe von Kindern zu den Großeltern.</p>
<ul>
<li>Eine pralle Welt faltet sich auf: mit Gedichten und Sprüchen, mit lustigen Namen und poetischen Geschehnissen.</li>
<li>Eine rasante Geschichte, die es nicht so genau nimmt mit Raum und Zeit, dafür umso mehr mit der Liebe von Kindern zu ihren Großeltern. Bezaubernd!</li>
<li>Das ist FANTASIE für Kinder – nicht Fantasy!</li>
</ul>
<p>&nbsp;</p>
