{"id":10919,"date":"2022-05-13T12:30:10","date_gmt":"2022-05-13T10:30:10","guid":{"rendered":"https:\/\/www.editionkeiper.at\/shop\/?post_type=product&#038;p=10919"},"modified":"2024-05-27T12:29:08","modified_gmt":"2024-05-27T10:29:08","slug":"kaffee-mit-johnny-cash","status":"publish","type":"product","link":"https:\/\/www.editionkeiper.at\/shop\/produkt\/kaffee-mit-johnny-cash\/","title":{"rendered":"Kaffee mit Johnny Cash"},"content":{"rendered":"<h2>Kaffee mit Johnny Cash<\/h2>\n<h4>Eine faszinierende Zeitreise durch f\u00fcnf Jahrzehnte voller Musik und aufregender Medienwelt<\/h4>\n<p>von <a href=\"https:\/\/www.editionkeiper.at\/shop\/radkovic-vojo\/\">Vojo Radkovic<\/a><\/p>\n<p>Vojo Radkovic hat die Musikgeschichte der Steiermark und der Stadt Graz hautnah erlebt. Er war n\u00e4mlich zuerst Pionier und dann gr\u00f6\u00dfter Musikveranstalter des Landes. In dieser Autobiografie spielt Vojo jedoch zwei tragende Rollen: Zun\u00e4chst als Mitgestalter und Entwickler der heimischen Musikszene, dar\u00fcber hinaus aber auch als Journalist und damit Erz\u00e4hler. Bekannterma\u00dfen hat Vojo Radkovic die Medienentwicklung von der Schreibmaschine bis zum Videojournalismus beleuchtet \u2013 und damit auch die gesellschaftliche Entwicklung der zweitgr\u00f6\u00dften Stadt \u00d6sterreichs begleitet. Er erz\u00e4hlt auf charmant-launige und unterhaltsame Art von Begegnungen und Abenteuern. Des Weiteren aber versteht er es, Bilder in die K\u00f6pfe seiner Leserinnen und Leser zu projizieren, die somit zumindest f\u00fcr kurze Momente in diese vergangenen Zeiten hineintauchen k\u00f6nnen.<\/p>\n<p><strong>Preis:<\/strong> AT \u20ac 25,00 \/ DE \u20ac 24,32<\/p>\n<p><strong>ISBN13: <\/strong>978-3-903322-80-6<\/p>\n<p><strong>Erscheinungsdatum:<\/strong> 10. Oktober 2022<\/p>\n<p><strong>Seiten:<\/strong> ca. 330<\/p>\n<p><strong>Sprache:<\/strong>\u00a0Deutsch<\/p>\n<p><strong>Format:<\/strong> 12 x 20 cm; Pappband, mit Farbfotos.<\/p>\n<p><a href=\"https:\/\/www.editionkeiper.at\/shop\/wp-content\/uploads\/2022\/05\/Leseprobe_Vojo_Radkovic_Kaffee_mit_Johnny_Cash_Verlag_Keiper.pdf\" target=\"_blank\" rel=\"noopener\"><img loading=\"lazy\" loading=\"lazy\" decoding=\"async\" class=\"alignnone size-full wp-image-9320\" src=\"https:\/\/www.editionkeiper.at\/shop\/wp-content\/uploads\/2021\/06\/Leseprobe_Verlag_Keiper.png\" alt=\"\" width=\"90\" height=\"125\" srcset=\"https:\/\/www.editionkeiper.at\/shop\/wp-content\/uploads\/2021\/06\/Leseprobe_Verlag_Keiper.png 90w, https:\/\/www.editionkeiper.at\/shop\/wp-content\/uploads\/2021\/06\/Leseprobe_Verlag_Keiper-7x10.png 7w\" sizes=\"auto, (max-width: 90px) 100vw, 90px\" \/><\/a><\/p>\n","protected":false},"excerpt":{"rendered":"<p>Vojos Kindheit war voller Musik. Von Ted Herold bis zu den Babyshambles. Von der alten klappernden Schreibmaschine bis zur Produktion von Online-News. Ein langer Weg, wie in der Musik. Aufregend, turbulent, am\u00fcsant, interessant.<\/p>\n<ul>\n<li>Ein Buch zum Eintauchen in die Welt der Pop-Rock-Musik und ihrer Interpreten.<\/li>\n<li>\u201eThe Golden Age of Rock \u2019n\u2019 Roll\u201c in den Siebzigern und Achtzigern.<\/li>\n<li>\u00dcber das Leben als Journalist, \u00fcber gro\u00dfe Begegnungen und \u00fcberraschende Momente.<\/li>\n<\/ul>\n<p>&nbsp;<\/p>\n<p>&nbsp;<\/p>\n","protected":false},"featured_media":10931,"comment_status":"open","ping_status":"closed","template":"","meta":[],"etheme_brands":[],"product_brand":[],"product_cat":[3089,3685],"product_tag":[4240,336,285,356,4236,4237,4242,348,4244,4243,668,323,4241,4238,4239,121,109],"yst_prominent_words":[],"class_list":{"0":"post-10919","1":"product","2":"type-product","3":"status-publish","4":"has-post-thumbnail","6":"product_cat-biografie","7":"product_cat-erzaehlungen","8":"product_tag-austropop","9":"product_tag-belletristik","10":"product_tag-biografie","11":"product_tag-edition-keiper","12":"product_tag-internationale-stars","13":"product_tag-journalist","14":"product_tag-konzertveranstalter","15":"product_tag-literatur","16":"product_tag-musik-in-den-siebzigern-und-achtzigern","17":"product_tag-musikveranstalter","18":"product_tag-neuerscheinung","19":"product_tag-oesterreich","20":"product_tag-pop-rock-musik","21":"product_tag-the-golden-age-of-rock-n-roll","22":"product_tag-veranstalter","23":"product_tag-verlag","24":"product_tag-www-editionkeiper-at","26":"first","27":"instock","28":"shipping-taxable","29":"purchasable","30":"product-type-simple"},"_links":{"self":[{"href":"https:\/\/www.editionkeiper.at\/shop\/wp-json\/wp\/v2\/product\/10919","targetHints":{"allow":["GET"]}}],"collection":[{"href":"https:\/\/www.editionkeiper.at\/shop\/wp-json\/wp\/v2\/product"}],"about":[{"href":"https:\/\/www.editionkeiper.at\/shop\/wp-json\/wp\/v2\/types\/product"}],"replies":[{"embeddable":true,"href":"https:\/\/www.editionkeiper.at\/shop\/wp-json\/wp\/v2\/comments?post=10919"}],"wp:featuredmedia":[{"embeddable":true,"href":"https:\/\/www.editionkeiper.at\/shop\/wp-json\/wp\/v2\/media\/10931"}],"wp:attachment":[{"href":"https:\/\/www.editionkeiper.at\/shop\/wp-json\/wp\/v2\/media?parent=10919"}],"wp:term":[{"taxonomy":"brand","embeddable":true,"href":"https:\/\/www.editionkeiper.at\/shop\/wp-json\/wp\/v2\/etheme_brands?post=10919"},{"taxonomy":"product_brand","embeddable":true,"href":"https:\/\/www.editionkeiper.at\/shop\/wp-json\/wp\/v2\/product_brand?post=10919"},{"taxonomy":"product_cat","embeddable":true,"href":"https:\/\/www.editionkeiper.at\/shop\/wp-json\/wp\/v2\/product_cat?post=10919"},{"taxonomy":"product_tag","embeddable":true,"href":"https:\/\/www.editionkeiper.at\/shop\/wp-json\/wp\/v2\/product_tag?post=10919"},{"taxonomy":"yst_prominent_words","embeddable":true,"href":"https:\/\/www.editionkeiper.at\/shop\/wp-json\/wp\/v2\/yst_prominent_words?post=10919"}],"curies":[{"name":"wp","href":"https:\/\/api.w.org\/{rel}","templated":true}]}}

<h2>Kaffee mit Johnny Cash</h2>
<h4>Eine faszinierende Zeitreise durch fünf Jahrzehnte voller Musik und aufregender Medienwelt</h4>
<p>von <a href="https://www.editionkeiper.at/shop/radkovic-vojo/">Vojo Radkovic</a></p>
<p>Vojo Radkovic hat die Musikgeschichte der Steiermark und der Stadt Graz hautnah erlebt. Er war nämlich zuerst Pionier und dann größter Musikveranstalter des Landes. In dieser Autobiografie spielt Vojo jedoch zwei tragende Rollen: Zunächst als Mitgestalter und Entwickler der heimischen Musikszene, darüber hinaus aber auch als Journalist und damit Erzähler. Bekanntermaßen hat Vojo Radkovic die Medienentwicklung von der Schreibmaschine bis zum Videojournalismus beleuchtet – und damit auch die gesellschaftliche Entwicklung der zweitgrößten Stadt Österreichs begleitet. Er erzählt auf charmant-launige und unterhaltsame Art von Begegnungen und Abenteuern. Des Weiteren aber versteht er es, Bilder in die Köpfe seiner Leserinnen und Leser zu projizieren, die somit zumindest für kurze Momente in diese vergangenen Zeiten hineintauchen können.</p>
<p><strong>Preis:</strong> AT € 25,00 / DE € 24,32</p>
<p><strong>ISBN13: </strong>978-3-903322-80-6</p>
<p><strong>Erscheinungsdatum:</strong> 10. Oktober 2022</p>
<p><strong>Seiten:</strong> ca. 330</p>
<p><strong>Sprache:</strong> Deutsch</p>
<p><strong>Format:</strong> 12 x 20 cm; Pappband, mit Farbfotos.</p>
<p><a href="https://www.editionkeiper.at/shop/wp-content/uploads/2022/05/Leseprobe_Vojo_Radkovic_Kaffee_mit_Johnny_Cash_Verlag_Keiper.pdf" target="_blank" rel="noopener"><img loading="lazy" loading="lazy" decoding="async" class="alignnone size-full wp-image-9320" src="https://www.editionkeiper.at/shop/wp-content/uploads/2021/06/Leseprobe_Verlag_Keiper.png" alt="" width="90" height="125" srcset="https://www.editionkeiper.at/shop/wp-content/uploads/2021/06/Leseprobe_Verlag_Keiper.png 90w, https://www.editionkeiper.at/shop/wp-content/uploads/2021/06/Leseprobe_Verlag_Keiper-7x10.png 7w" sizes="auto, (max-width: 90px) 100vw, 90px" /></a></p>

<p>Vojos Kindheit war voller Musik. Von Ted Herold bis zu den Babyshambles. Von der alten klappernden Schreibmaschine bis zur Produktion von Online-News. Ein langer Weg, wie in der Musik. Aufregend, turbulent, amüsant, interessant.</p>
<ul>
<li>Ein Buch zum Eintauchen in die Welt der Pop-Rock-Musik und ihrer Interpreten.</li>
<li>„The Golden Age of Rock ’n’ Roll“ in den Siebzigern und Achtzigern.</li>
<li>Über das Leben als Journalist, über große Begegnungen und überraschende Momente.</li>
</ul>
<p>&nbsp;</p>
<p>&nbsp;</p>
