{"id":10447,"date":"2022-03-08T14:07:28","date_gmt":"2022-03-08T13:07:28","guid":{"rendered":"https:\/\/www.editionkeiper.at\/shop\/?post_type=product&#038;p=10447"},"modified":"2024-09-11T10:10:31","modified_gmt":"2024-09-11T08:10:31","slug":"ernsthaft-ich-sage-jetzt-wie-es-wirklich-war","status":"publish","type":"product","link":"https:\/\/www.editionkeiper.at\/shop\/produkt\/ernsthaft-ich-sage-jetzt-wie-es-wirklich-war\/","title":{"rendered":"ERNSTHAFT \u2013 Ich sage jetzt, wie es wirklich war"},"content":{"rendered":"<h2>ERNSTHAFT \u2013 Ich sage jetzt, wie es wirklich war<\/h2>\n<p>von <a href=\"https:\/\/www.editionkeiper.at\/shop\/schrems-thomas-2\/\">Burkhard Ludwig Ernst<\/a><\/p>\n<p><b>\u00bbWas ich alles erlebt habe! Ein Buch k\u00f6nnte ich schreiben!\u00ab<\/b><\/p>\n<p>Dass Senator Burkhard ERNST sich diesen Wunsch mit 92 Jahren erf\u00fcllt, ist ein Gl\u00fccksfall sondergleichen. In freim\u00fctigen Schilderungen spannt der erfolgreiche Unternehmer den Bogen von seiner Kindheit im Wien der Drei\u00dfigerjahre bis heute und scheut sich nicht, sein \u2013 eigentlich beinahe unbeschreibliches \u2013 Leben so zu erz\u00e4hlen, wie es wirklich f\u00fcr ihn war, mit allen H\u00f6hen und mit den Tiefen auch. Manchmal mit leisem Bedauern, manchmal mit weisem Humor.<span class=\"Apple-converted-space\">\u00a0<\/span><\/p>\n<p>Als besondere Zugabe greift der vielseitige K\u00fcnstler Michael Fuchs die Themen und Motive der Erz\u00e4hlungen auf und steuert zehn Zeichnungen bei, die jedoch weit mehr als Illustrationen sind, da sie neue Dimensionen erschlie\u00dfen und Neues im unverkennbaren Stil und Duktus des Bildk\u00fcnstlers schaffen.<\/p>\n<p>Eine genussvolle, \u00fcberw\u00e4ltigende Symbiose von Wort und Bild, ein spannendes Lesevergn\u00fcgen!<\/p>\n<p><strong>Preis:<\/strong> AT \u20ac 25,85 \/ DE \u20ac 25,15<\/p>\n<p><strong>ISBN13: <\/strong>978-3-903322-64-6<\/p>\n<p><strong>Erscheinungsdatum:<\/strong>\u00a013. April 2022<\/p>\n<p><strong>Seiten:<\/strong> 328<\/p>\n<p><strong>Sprache:<\/strong>\u00a0Deutsch<\/p>\n<p><strong>Format:<\/strong> 15 x 22 cm; Pappband mit Schutzumschlag; Leseb\u00e4ndchen<\/p>\n<p><a href=\"https:\/\/www.editionkeiper.at\/shop\/wp-content\/uploads\/2022\/03\/Leseprobe_Ernst_Burkhard_Ernsthaft_Biografie_Verlag_Keiper_Oesterreich_Graz.pdf\" target=\"_blank\" rel=\"noopener\"><img loading=\"lazy\" loading=\"lazy\" decoding=\"async\" class=\"alignnone size-full wp-image-9320\" src=\"https:\/\/www.editionkeiper.at\/shop\/wp-content\/uploads\/2021\/06\/Leseprobe_Verlag_Keiper.png\" alt=\"\" width=\"90\" height=\"125\" srcset=\"https:\/\/www.editionkeiper.at\/shop\/wp-content\/uploads\/2021\/06\/Leseprobe_Verlag_Keiper.png 90w, https:\/\/www.editionkeiper.at\/shop\/wp-content\/uploads\/2021\/06\/Leseprobe_Verlag_Keiper-7x10.png 7w\" sizes=\"auto, (max-width: 90px) 100vw, 90px\" \/><\/a><\/p>\n","protected":false},"excerpt":{"rendered":"<ul>\n<li>Senator Burkhard L. Ernst, Gr\u00fcnder und Seniorchef der MAZDA-RAINER-GRUPPE, erz\u00e4hlt aus seinem Leben.<\/li>\n<li>Die Erz\u00e4hlungen des heute 92-J\u00e4hrigen spannen einen Bogen von seiner Kindheit im Wien der Drei\u00dfigerjahre bis in die Jetztzeit.<\/li>\n<li>Mit Zeichnungen und einer Kunstdruck-Beilage von Michael Fuchs.<\/li>\n<\/ul>\n<p><span style=\"color: #993366;\"><strong>Titel ist leider vergriffen.<\/strong><\/span><\/p>\n","protected":false},"featured_media":10469,"comment_status":"closed","ping_status":"closed","template":"","meta":[],"etheme_brands":[],"product_brand":[],"product_cat":[3089],"product_tag":[4187,285,4188,356,4186,4185,4190,4191,225,4189],"yst_prominent_words":[],"class_list":{"0":"post-10447","1":"product","2":"type-product","3":"status-publish","4":"has-post-thumbnail","6":"product_cat-biografie","7":"product_tag-autohaus","8":"product_tag-biografie","9":"product_tag-burkhard-ludwig-ernst","10":"product_tag-edition-keiper","11":"product_tag-kriegszeit","12":"product_tag-mazda-rainer","13":"product_tag-mazda-rainer-gruppe","14":"product_tag-memoiren","15":"product_tag-wien","16":"product_tag-wirtschaft","18":"first","19":"outofstock","20":"shipping-taxable","21":"purchasable","22":"product-type-simple"},"_links":{"self":[{"href":"https:\/\/www.editionkeiper.at\/shop\/wp-json\/wp\/v2\/product\/10447","targetHints":{"allow":["GET"]}}],"collection":[{"href":"https:\/\/www.editionkeiper.at\/shop\/wp-json\/wp\/v2\/product"}],"about":[{"href":"https:\/\/www.editionkeiper.at\/shop\/wp-json\/wp\/v2\/types\/product"}],"replies":[{"embeddable":true,"href":"https:\/\/www.editionkeiper.at\/shop\/wp-json\/wp\/v2\/comments?post=10447"}],"wp:featuredmedia":[{"embeddable":true,"href":"https:\/\/www.editionkeiper.at\/shop\/wp-json\/wp\/v2\/media\/10469"}],"wp:attachment":[{"href":"https:\/\/www.editionkeiper.at\/shop\/wp-json\/wp\/v2\/media?parent=10447"}],"wp:term":[{"taxonomy":"brand","embeddable":true,"href":"https:\/\/www.editionkeiper.at\/shop\/wp-json\/wp\/v2\/etheme_brands?post=10447"},{"taxonomy":"product_brand","embeddable":true,"href":"https:\/\/www.editionkeiper.at\/shop\/wp-json\/wp\/v2\/product_brand?post=10447"},{"taxonomy":"product_cat","embeddable":true,"href":"https:\/\/www.editionkeiper.at\/shop\/wp-json\/wp\/v2\/product_cat?post=10447"},{"taxonomy":"product_tag","embeddable":true,"href":"https:\/\/www.editionkeiper.at\/shop\/wp-json\/wp\/v2\/product_tag?post=10447"},{"taxonomy":"yst_prominent_words","embeddable":true,"href":"https:\/\/www.editionkeiper.at\/shop\/wp-json\/wp\/v2\/yst_prominent_words?post=10447"}],"curies":[{"name":"wp","href":"https:\/\/api.w.org\/{rel}","templated":true}]}}

<h2>ERNSTHAFT – Ich sage jetzt, wie es wirklich war</h2>
<p>von <a href="https://www.editionkeiper.at/shop/schrems-thomas-2/">Burkhard Ludwig Ernst</a></p>
<p><b>»Was ich alles erlebt habe! Ein Buch könnte ich schreiben!«</b></p>
<p>Dass Senator Burkhard ERNST sich diesen Wunsch mit 92 Jahren erfüllt, ist ein Glücksfall sondergleichen. In freimütigen Schilderungen spannt der erfolgreiche Unternehmer den Bogen von seiner Kindheit im Wien der Dreißigerjahre bis heute und scheut sich nicht, sein – eigentlich beinahe unbeschreibliches – Leben so zu erzählen, wie es wirklich für ihn war, mit allen Höhen und mit den Tiefen auch. Manchmal mit leisem Bedauern, manchmal mit weisem Humor.<span class="Apple-converted-space"> </span></p>
<p>Als besondere Zugabe greift der vielseitige Künstler Michael Fuchs die Themen und Motive der Erzählungen auf und steuert zehn Zeichnungen bei, die jedoch weit mehr als Illustrationen sind, da sie neue Dimensionen erschließen und Neues im unverkennbaren Stil und Duktus des Bildkünstlers schaffen.</p>
<p>Eine genussvolle, überwältigende Symbiose von Wort und Bild, ein spannendes Lesevergnügen!</p>
<p><strong>Preis:</strong> AT € 25,85 / DE € 25,15</p>
<p><strong>ISBN13: </strong>978-3-903322-64-6</p>
<p><strong>Erscheinungsdatum:</strong> 13. April 2022</p>
<p><strong>Seiten:</strong> 328</p>
<p><strong>Sprache:</strong> Deutsch</p>
<p><strong>Format:</strong> 15 x 22 cm; Pappband mit Schutzumschlag; Lesebändchen</p>
<p><a href="https://www.editionkeiper.at/shop/wp-content/uploads/2022/03/Leseprobe_Ernst_Burkhard_Ernsthaft_Biografie_Verlag_Keiper_Oesterreich_Graz.pdf" target="_blank" rel="noopener"><img loading="lazy" loading="lazy" decoding="async" class="alignnone size-full wp-image-9320" src="https://www.editionkeiper.at/shop/wp-content/uploads/2021/06/Leseprobe_Verlag_Keiper.png" alt="" width="90" height="125" srcset="https://www.editionkeiper.at/shop/wp-content/uploads/2021/06/Leseprobe_Verlag_Keiper.png 90w, https://www.editionkeiper.at/shop/wp-content/uploads/2021/06/Leseprobe_Verlag_Keiper-7x10.png 7w" sizes="auto, (max-width: 90px) 100vw, 90px" /></a></p>

<ul>
<li>Senator Burkhard L. Ernst, Gründer und Seniorchef der MAZDA-RAINER-GRUPPE, erzählt aus seinem Leben.</li>
<li>Die Erzählungen des heute 92-Jährigen spannen einen Bogen von seiner Kindheit im Wien der Dreißigerjahre bis in die Jetztzeit.</li>
<li>Mit Zeichnungen und einer Kunstdruck-Beilage von Michael Fuchs.</li>
</ul>
<p><span style="color: #993366;"><strong>Titel ist leider vergriffen.</strong></span></p>
