{"id":1039,"date":"2010-04-12T14:20:47","date_gmt":"2010-04-12T12:20:47","guid":{"rendered":"https:\/\/www.editionkeiper.at\/shop\/produkt\/das-andere-gestern\/"},"modified":"2021-03-09T11:40:28","modified_gmt":"2021-03-09T10:40:28","slug":"das-andere-gestern","status":"publish","type":"product","link":"https:\/\/www.editionkeiper.at\/shop\/produkt\/das-andere-gestern\/","title":{"rendered":"Das andere Gestern"},"content":{"rendered":"<h2>Das andere Gestern<\/h2>\n<p>von\u00a0<strong><a href=\"https:\/\/www.editionkeiper.at\/shop\/schmidt-alfred-paul\/\">Alfred P. Schmidt<\/a><br \/>\n<\/strong><\/p>\n<p>In dem Roman Das andere Gestern erz\u00e4hlen ein Taxifahrer, eine berufslose Frau und ein Tagel\u00f6hner einem Drehbuchautor von ihrem Scheitern. Aus den individuellen Erz\u00e4hlungen gehen allgemeine Er\u00f6rterungen in Form aphoristisch zugespitzter Dialoge hervor, wodurch selbst die traurigste Realit\u00e4t mit der Heiterkeit der Erkenntnis verbunden ist.<\/p>\n<p><strong>Preis:<\/strong> AT \u20ac 17,60 \/ DE \u20ac 17.12<\/p>\n<p><strong>Seiten:<\/strong>\u00a0180<\/p>\n<p><strong>ISBN13:<\/strong>\u00a0978-3-9502761-2-1<\/p>\n<p><strong>Erscheinungsdatum:<\/strong>\u00a012.04.2010<\/p>\n<p><strong>Sprache:<\/strong>\u00a0Deutsch<\/p>\n<p><strong>Format:<\/strong>\u00a020,8 x 14,6 cm;\u00a0Paperback;\u00a0Buch flexibler Einband (Paperback)<\/p>\n","protected":false},"excerpt":{"rendered":"<p>In dem Roman Das andere Gestern erz\u00e4hlen ein Taxifahrer, eine berufslose Frau und ein Tagel\u00f6hner einem Drehbuchautor von ihrem Scheitern. Aus den individuellen Erz\u00e4hlungen gehen allgemeine Er\u00f6rterungen in Form aphoristisch zugespitzter Dialoge hervor, wodurch selbst die traurigste Realit\u00e4t mit der Heiterkeit der Erkenntnis verbunden ist.<\/p>\n","protected":false},"featured_media":1549,"comment_status":"closed","ping_status":"closed","template":"","meta":[],"etheme_brands":[],"product_brand":[],"product_cat":[3687],"product_tag":[336,1331,929,356,241,117,348,1332,323,218,209,445,440,121,109,1330],"yst_prominent_words":[],"class_list":{"0":"post-1039","1":"product","2":"type-product","3":"status-publish","4":"has-post-thumbnail","6":"product_cat-romane","7":"product_tag-belletristik","8":"product_tag-dialog","9":"product_tag-drehbuchautor","10":"product_tag-edition-keiper","11":"product_tag-graz","12":"product_tag-keiper","13":"product_tag-literatur","14":"product_tag-orf-krimireihen","15":"product_tag-oesterreich","16":"product_tag-roman","17":"product_tag-steiermark","18":"product_tag-stockinger","19":"product_tag-tatort","20":"product_tag-verlag","21":"product_tag-www-editionkeiper-at","22":"product_tag-zeitgeist","24":"first","25":"instock","26":"shipping-taxable","27":"purchasable","28":"product-type-simple"},"_links":{"self":[{"href":"https:\/\/www.editionkeiper.at\/shop\/wp-json\/wp\/v2\/product\/1039","targetHints":{"allow":["GET"]}}],"collection":[{"href":"https:\/\/www.editionkeiper.at\/shop\/wp-json\/wp\/v2\/product"}],"about":[{"href":"https:\/\/www.editionkeiper.at\/shop\/wp-json\/wp\/v2\/types\/product"}],"replies":[{"embeddable":true,"href":"https:\/\/www.editionkeiper.at\/shop\/wp-json\/wp\/v2\/comments?post=1039"}],"wp:featuredmedia":[{"embeddable":true,"href":"https:\/\/www.editionkeiper.at\/shop\/wp-json\/wp\/v2\/media\/1549"}],"wp:attachment":[{"href":"https:\/\/www.editionkeiper.at\/shop\/wp-json\/wp\/v2\/media?parent=1039"}],"wp:term":[{"taxonomy":"brand","embeddable":true,"href":"https:\/\/www.editionkeiper.at\/shop\/wp-json\/wp\/v2\/etheme_brands?post=1039"},{"taxonomy":"product_brand","embeddable":true,"href":"https:\/\/www.editionkeiper.at\/shop\/wp-json\/wp\/v2\/product_brand?post=1039"},{"taxonomy":"product_cat","embeddable":true,"href":"https:\/\/www.editionkeiper.at\/shop\/wp-json\/wp\/v2\/product_cat?post=1039"},{"taxonomy":"product_tag","embeddable":true,"href":"https:\/\/www.editionkeiper.at\/shop\/wp-json\/wp\/v2\/product_tag?post=1039"},{"taxonomy":"yst_prominent_words","embeddable":true,"href":"https:\/\/www.editionkeiper.at\/shop\/wp-json\/wp\/v2\/yst_prominent_words?post=1039"}],"curies":[{"name":"wp","href":"https:\/\/api.w.org\/{rel}","templated":true}]}}

<h2>Das andere Gestern</h2>
<p>von <strong><a href="https://www.editionkeiper.at/shop/schmidt-alfred-paul/">Alfred P. Schmidt</a><br />
</strong></p>
<p>In dem Roman Das andere Gestern erzählen ein Taxifahrer, eine berufslose Frau und ein Tagelöhner einem Drehbuchautor von ihrem Scheitern. Aus den individuellen Erzählungen gehen allgemeine Erörterungen in Form aphoristisch zugespitzter Dialoge hervor, wodurch selbst die traurigste Realität mit der Heiterkeit der Erkenntnis verbunden ist.</p>
<p><strong>Preis:</strong> AT € 17,60 / DE € 17.12</p>
<p><strong>Seiten:</strong> 180</p>
<p><strong>ISBN13:</strong> 978-3-9502761-2-1</p>
<p><strong>Erscheinungsdatum:</strong> 12.04.2010</p>
<p><strong>Sprache:</strong> Deutsch</p>
<p><strong>Format:</strong> 20,8 x 14,6 cm; Paperback; Buch flexibler Einband (Paperback)</p>

<p>In dem Roman Das andere Gestern erzählen ein Taxifahrer, eine berufslose Frau und ein Tagelöhner einem Drehbuchautor von ihrem Scheitern. Aus den individuellen Erzählungen gehen allgemeine Erörterungen in Form aphoristisch zugespitzter Dialoge hervor, wodurch selbst die traurigste Realität mit der Heiterkeit der Erkenntnis verbunden ist.</p>
