{"id":1036,"date":"2010-12-24T14:20:47","date_gmt":"2010-12-24T13:20:47","guid":{"rendered":"https:\/\/www.editionkeiper.at\/shop\/produkt\/das-foerderband\/"},"modified":"2021-03-08T14:32:05","modified_gmt":"2021-03-08T13:32:05","slug":"das-foerderband","status":"publish","type":"product","link":"https:\/\/www.editionkeiper.at\/shop\/produkt\/das-foerderband\/","title":{"rendered":"Das F\u00f6rderband"},"content":{"rendered":"<h2>Das F\u00f6rderband<\/h2>\n<p>von\u00a0<strong><a href=\"https:\/\/www.editionkeiper.at\/shop\/faschingbauer-sigi\/\">Sigi Faschingbauer<\/a><br \/>\n<\/strong><\/p>\n<p>Wien, 2045: Sie haben seine Frau get\u00f6tet, mit ihr die ungeborene Tochter, sie haben ihm seine Arbeit genommen, seine B\u00fccher, sein bewusstes Leben. Eik Weber will sterben! Er steckt Marthas Lieblingsbuch in seine Jackentasche, geht hinunter zum F\u00f6rderband, h\u00e4lt sich am Gel\u00e4nder fest, blickt hinab auf das Band, sagt leise zu sich selbst: Spring, Eik, so spring doch endlich! Der Roman &#8222;Das F\u00f6rderband&#8220; ist das Ergebnis des wachsenden Interesses Faschingbauers an der Dimension des rein Textlichen, Sprachlichen, und einer daraus resultierenden Hinwendung zum fiktionalen Schreiben. Gleichwohl bleiben hier, im dystopischen Entwurf eines denkbaren Europas der nicht allzu fernen Zukunft, Faschingbauers anhaltendes politisches Engagement und seine wachsame Beobachtung \u00f6sterreichischer Verh\u00e4ltnisse gewahrt, die sich nun freilich der Lust am Erz\u00e4hlen, ja Fabulieren, anverwandeln.<\/p>\n<p>&nbsp;<\/p>\n<p><strong>Preis:<\/strong> AT \u20ac 24,80 \/ DE \u20ac 24.12<\/p>\n<p><strong>Seiten:<\/strong>\u00a0451<\/p>\n<p><strong>ISBN13:<\/strong>\u00a0978-3-9502761-4-5<\/p>\n<p><strong>Erscheinungsdatum:<\/strong>\u00a015.11.2010<\/p>\n<p><strong>Sprache:<\/strong>\u00a0Deutsch<\/p>\n<p><strong>Format:<\/strong>\u00a020,5 x 12,5 cm;\u00a0Gebunden;\u00a0Buch fester Einband (Hardcover)<\/p>\n<p>&nbsp;<\/p>\n","protected":false},"excerpt":{"rendered":"<p>Wien, 2045: Sie haben seine Frau get\u00f6tet, mit ihr die ungeborene Tochter, sie haben ihm seine Arbeit genommen, seine B\u00fccher, sein bewusstes Leben. Eik Weber will sterben! Er steckt Marthas Lieblingsbuch in seine Jackentasche, geht hinunter zum F\u00f6rderband, h\u00e4lt sich am Gel\u00e4nder fest, blickt hinab auf das Band, sagt leise zu sich selbst: Spring, Eik, so spring doch endlich!<\/p>\n","protected":false},"featured_media":1418,"comment_status":"closed","ping_status":"closed","template":"","meta":[],"etheme_brands":[],"product_brand":[],"product_cat":[3701,3687],"product_tag":[336,1316,1315,356,1313,241,117,348,1314,323,218,209,121,109],"yst_prominent_words":[],"class_list":{"0":"post-1036","1":"product","2":"type-product","3":"status-publish","4":"has-post-thumbnail","6":"product_cat-fiktion","7":"product_cat-romane","8":"product_tag-belletristik","9":"product_tag-demokratie","10":"product_tag-dystopie","11":"product_tag-edition-keiper","12":"product_tag-foerderbandeuropa","13":"product_tag-graz","14":"product_tag-keiper","15":"product_tag-literatur","16":"product_tag-neo","17":"product_tag-oesterreich","18":"product_tag-roman","19":"product_tag-steiermark","20":"product_tag-verlag","21":"product_tag-www-editionkeiper-at","23":"first","24":"instock","25":"shipping-taxable","26":"purchasable","27":"product-type-simple"},"_links":{"self":[{"href":"https:\/\/www.editionkeiper.at\/shop\/wp-json\/wp\/v2\/product\/1036","targetHints":{"allow":["GET"]}}],"collection":[{"href":"https:\/\/www.editionkeiper.at\/shop\/wp-json\/wp\/v2\/product"}],"about":[{"href":"https:\/\/www.editionkeiper.at\/shop\/wp-json\/wp\/v2\/types\/product"}],"replies":[{"embeddable":true,"href":"https:\/\/www.editionkeiper.at\/shop\/wp-json\/wp\/v2\/comments?post=1036"}],"wp:featuredmedia":[{"embeddable":true,"href":"https:\/\/www.editionkeiper.at\/shop\/wp-json\/wp\/v2\/media\/1418"}],"wp:attachment":[{"href":"https:\/\/www.editionkeiper.at\/shop\/wp-json\/wp\/v2\/media?parent=1036"}],"wp:term":[{"taxonomy":"brand","embeddable":true,"href":"https:\/\/www.editionkeiper.at\/shop\/wp-json\/wp\/v2\/etheme_brands?post=1036"},{"taxonomy":"product_brand","embeddable":true,"href":"https:\/\/www.editionkeiper.at\/shop\/wp-json\/wp\/v2\/product_brand?post=1036"},{"taxonomy":"product_cat","embeddable":true,"href":"https:\/\/www.editionkeiper.at\/shop\/wp-json\/wp\/v2\/product_cat?post=1036"},{"taxonomy":"product_tag","embeddable":true,"href":"https:\/\/www.editionkeiper.at\/shop\/wp-json\/wp\/v2\/product_tag?post=1036"},{"taxonomy":"yst_prominent_words","embeddable":true,"href":"https:\/\/www.editionkeiper.at\/shop\/wp-json\/wp\/v2\/yst_prominent_words?post=1036"}],"curies":[{"name":"wp","href":"https:\/\/api.w.org\/{rel}","templated":true}]}}

Das Förderband

<h2>Das Förderband</h2>
<p>von <strong><a href="https://www.editionkeiper.at/shop/faschingbauer-sigi/">Sigi Faschingbauer</a><br />
</strong></p>
<p>Wien, 2045: Sie haben seine Frau getötet, mit ihr die ungeborene Tochter, sie haben ihm seine Arbeit genommen, seine Bücher, sein bewusstes Leben. Eik Weber will sterben! Er steckt Marthas Lieblingsbuch in seine Jackentasche, geht hinunter zum Förderband, hält sich am Geländer fest, blickt hinab auf das Band, sagt leise zu sich selbst: Spring, Eik, so spring doch endlich! Der Roman &#8222;Das Förderband&#8220; ist das Ergebnis des wachsenden Interesses Faschingbauers an der Dimension des rein Textlichen, Sprachlichen, und einer daraus resultierenden Hinwendung zum fiktionalen Schreiben. Gleichwohl bleiben hier, im dystopischen Entwurf eines denkbaren Europas der nicht allzu fernen Zukunft, Faschingbauers anhaltendes politisches Engagement und seine wachsame Beobachtung österreichischer Verhältnisse gewahrt, die sich nun freilich der Lust am Erzählen, ja Fabulieren, anverwandeln.</p>
<p>&nbsp;</p>
<p><strong>Preis:</strong> AT € 24,80 / DE € 24.12</p>
<p><strong>Seiten:</strong> 451</p>
<p><strong>ISBN13:</strong> 978-3-9502761-4-5</p>
<p><strong>Erscheinungsdatum:</strong> 15.11.2010</p>
<p><strong>Sprache:</strong> Deutsch</p>
<p><strong>Format:</strong> 20,5 x 12,5 cm; Gebunden; Buch fester Einband (Hardcover)</p>
<p>&nbsp;</p>

<p>Wien, 2045: Sie haben seine Frau getötet, mit ihr die ungeborene Tochter, sie haben ihm seine Arbeit genommen, seine Bücher, sein bewusstes Leben. Eik Weber will sterben! Er steckt Marthas Lieblingsbuch in seine Jackentasche, geht hinunter zum Förderband, hält sich am Geländer fest, blickt hinab auf das Band, sagt leise zu sich selbst: Spring, Eik, so spring doch endlich!</p>
