{"id":1025,"date":"2011-12-13T14:20:38","date_gmt":"2011-12-13T13:20:38","guid":{"rendered":"https:\/\/www.editionkeiper.at\/shop\/produkt\/hoerbuch-woerter-die-der-nacht-gehoeren\/"},"modified":"2021-03-08T14:38:05","modified_gmt":"2021-03-08T13:38:05","slug":"hoerbuch-woerter-die-der-nacht-gehoeren","status":"publish","type":"product","link":"https:\/\/www.editionkeiper.at\/shop\/produkt\/hoerbuch-woerter-die-der-nacht-gehoeren\/","title":{"rendered":"H\u00f6rbuch: W\u00f6rter die der Nacht geh\u00f6ren"},"content":{"rendered":"<h2>H\u00f6rbuch: W\u00f6rter die der Nacht geh\u00f6ren<\/h2>\n<p>von <strong><a href=\"https:\/\/www.editionkeiper.at\/shop\/voetter-joachim-j\/\">Joachim J.\u00a0V\u00f6tter <\/a><br \/>\n<\/strong><\/p>\n<p>Gelesen von\u00a0 Andreas Patton, Erwin Leder, Karl Ferdinand Kratzl, Max Mayer, Joachim J. V\u00f6tter<\/p>\n<p>Ein erfrischend kaleidoskopisches Potpourri des Werks eines Erz\u00e4hlers, Dramatikers, Theoretikers, Lyrikers, \u00fcber den Werner Krause (Kleine Zeitung) schrieb: \u201eDer Grazer Wortartist Joachim J. V\u00f6tter h\u00e4tte sich schon l\u00e4ngst mehr Aufmerksamkeit verdient. Mit seinem Sprachfuror ist er, alles andere als epigonal, bestens eingebettet zwischen Bernhard, Schwab und Jonke, auch Beckett l\u00e4sst wohlwollend gr\u00fc\u00dfen\u201c.<\/p>\n<p>&nbsp;<\/p>\n<p><strong>Preis:<\/strong> AT \u20ac 12,50 \/ DE \u20ac 12.40<\/p>\n<p><strong>Seiten:<\/strong><\/p>\n<p><strong>ISBN13:<\/strong>\u00a0978-3-9503184-8-7<\/p>\n<p><strong>Erscheinungsdatum:<\/strong>\u00a013.12.2011<\/p>\n<p><strong>Sprache:<\/strong>\u00a0Deutsch<\/p>\n<p><strong>Format:<\/strong> CD-ROM<\/p>\n","protected":false},"excerpt":{"rendered":"<p>H\u00f6rbuch gelesen von Andreas Patton, Erwin Leder, Karl Ferdinand Kratzl, Max Mayer, Joachim J. V\u00f6tter<\/p>\n<p>Ein erfrischend kaleidoskopisches Potpourri des Werks eines Erz\u00e4hlers, Dramatikers, Theoretikers, Lyrikers, \u00fcber den Werner Krause (Kleine Zeitung) schrieb: \u201eDer Grazer Wortartist Joachim J. V\u00f6tter h\u00e4tte sich schon l\u00e4ngst mehr Aufmerksamkeit verdient.<\/p>\n","protected":false},"featured_media":1570,"comment_status":"closed","ping_status":"closed","template":"","meta":[],"etheme_brands":[],"product_brand":[],"product_cat":[3506],"product_tag":[1249,1256,1257,1252,1254,1253,1255,1250,1251],"yst_prominent_words":[3307],"class_list":{"0":"post-1025","1":"product","2":"type-product","3":"status-publish","4":"has-post-thumbnail","6":"product_cat-essays","7":"product_tag-andreas-patton","8":"product_tag-der-weltintendant","9":"product_tag-erwin-leder","10":"product_tag-hoerbuch","11":"product_tag-joerg-schlick","12":"product_tag-josef-wurm","13":"product_tag-karl-ferdinand-kratzl","14":"product_tag-max-mayer","15":"product_tag-voetter","17":"first","18":"instock","19":"shipping-taxable","20":"purchasable","21":"product-type-simple"},"_links":{"self":[{"href":"https:\/\/www.editionkeiper.at\/shop\/wp-json\/wp\/v2\/product\/1025","targetHints":{"allow":["GET"]}}],"collection":[{"href":"https:\/\/www.editionkeiper.at\/shop\/wp-json\/wp\/v2\/product"}],"about":[{"href":"https:\/\/www.editionkeiper.at\/shop\/wp-json\/wp\/v2\/types\/product"}],"replies":[{"embeddable":true,"href":"https:\/\/www.editionkeiper.at\/shop\/wp-json\/wp\/v2\/comments?post=1025"}],"wp:featuredmedia":[{"embeddable":true,"href":"https:\/\/www.editionkeiper.at\/shop\/wp-json\/wp\/v2\/media\/1570"}],"wp:attachment":[{"href":"https:\/\/www.editionkeiper.at\/shop\/wp-json\/wp\/v2\/media?parent=1025"}],"wp:term":[{"taxonomy":"brand","embeddable":true,"href":"https:\/\/www.editionkeiper.at\/shop\/wp-json\/wp\/v2\/etheme_brands?post=1025"},{"taxonomy":"product_brand","embeddable":true,"href":"https:\/\/www.editionkeiper.at\/shop\/wp-json\/wp\/v2\/product_brand?post=1025"},{"taxonomy":"product_cat","embeddable":true,"href":"https:\/\/www.editionkeiper.at\/shop\/wp-json\/wp\/v2\/product_cat?post=1025"},{"taxonomy":"product_tag","embeddable":true,"href":"https:\/\/www.editionkeiper.at\/shop\/wp-json\/wp\/v2\/product_tag?post=1025"},{"taxonomy":"yst_prominent_words","embeddable":true,"href":"https:\/\/www.editionkeiper.at\/shop\/wp-json\/wp\/v2\/yst_prominent_words?post=1025"}],"curies":[{"name":"wp","href":"https:\/\/api.w.org\/{rel}","templated":true}]}}