{"id":1017,"date":"2012-05-10T14:20:38","date_gmt":"2012-05-10T12:20:38","guid":{"rendered":"https:\/\/www.editionkeiper.at\/shop\/produkt\/himmel-ist-das-alles-schoen\/"},"modified":"2021-03-08T14:51:27","modified_gmt":"2021-03-08T13:51:27","slug":"himmel-ist-das-alles-schoen","status":"publish","type":"product","link":"https:\/\/www.editionkeiper.at\/shop\/produkt\/himmel-ist-das-alles-schoen\/","title":{"rendered":"Himmel, ist das alles sch\u00f6n"},"content":{"rendered":"<h2>Himmel, ist das alles sch\u00f6n<\/h2>\n<p>von\u00a0<strong><a href=\"https:\/\/www.editionkeiper.at\/shop\/wanko-martin-g-2\/\"> Martin G. Wanko<\/a>, <a href=\"https:\/\/www.editionkeiper.at\/shop\/huemer-christof\/\">Christof Huemer<\/a><br \/>\n<\/strong><\/p>\n<p>Von einem der unterschiedlichsten Autorenduos \u00d6sterreichs kommt der wohl brisanteste Roman des Jahres: Durch einen Unfall gelangen Yvonne und Guido, ein gut situiertes, aber schlecht verheiratetes Paar, an sehr viel Sprengstoff. Sie beginnen damit zu spielen. Und bringen schlie\u00dflich eine ganze Stadt ins Wanken. Gleichzeitig Sozialsatire, Crime Story und sozialpolitscher Kommentar zeigt &#8222;Himmel, ist das alles sch\u00f6n&#8220; eindrucksvoll, was passiert, wenn sich die Eitlen die Wut der zu Recht Erz\u00fcrnten aneignen. Die Verschr\u00e4nkung m\u00e4nnlicher und weiblicher Standpunkte und Diskurse durch die Stimmen der beiden Ich-Erz\u00e4hler Christof Huemer alias Guido und Martin G. Wanko alias Yvonne macht diesen Roman zu einem bemerkenswerten Experiment auf der H\u00f6he zeitgen\u00f6ssischer kulturkritscher Diskussion.<\/p>\n<p>&nbsp;<\/p>\n<p><strong>Preis:<\/strong> AT \u20ac 16,50 \/ DE \u20ac 16.05<\/p>\n<p><strong>Seiten:<\/strong>\u00a0184<\/p>\n<p><strong>ISBN13:<\/strong>\u00a0978-3-9503337-8-7<\/p>\n<p><strong>Erscheinungsdatum:<\/strong>\u00a010.05.2012<\/p>\n<p><strong>Sprache:<\/strong>\u00a0Deutsch<\/p>\n<p><strong>Format:<\/strong>\u00a018,0 x 11,2 cm;\u00a0Paperback;\u00a0Buch (nicht weiter definiert)<\/p>\n","protected":false},"excerpt":{"rendered":"<p>Von einem der unterschiedlichsten Autorenduos \u00d6sterreichs kommt der wohl brisanteste Roman des Jahres: Durch einen Unfall gelangen Yvonne und Guido, ein gut situiertes, aber schlecht verheiratetes Paar, an sehr viel Sprengstoff.<\/p>\n","protected":false},"featured_media":1573,"comment_status":"closed","ping_status":"closed","template":"","meta":[],"etheme_brands":[],"product_brand":[],"product_cat":[1394],"product_tag":[1231,1226,1229,1228,923,1227,1230],"yst_prominent_words":[3360],"class_list":{"0":"post-1017","1":"product","2":"type-product","3":"status-publish","4":"has-post-thumbnail","6":"product_cat-krimi","7":"product_tag-bombenterror","8":"product_tag-crime-story","9":"product_tag-kulturkritik","10":"product_tag-oper","11":"product_tag-sozialkritisch","12":"product_tag-sozialsatire","13":"product_tag-sprengstoff","15":"first","16":"instock","17":"shipping-taxable","18":"purchasable","19":"product-type-simple"},"_links":{"self":[{"href":"https:\/\/www.editionkeiper.at\/shop\/wp-json\/wp\/v2\/product\/1017","targetHints":{"allow":["GET"]}}],"collection":[{"href":"https:\/\/www.editionkeiper.at\/shop\/wp-json\/wp\/v2\/product"}],"about":[{"href":"https:\/\/www.editionkeiper.at\/shop\/wp-json\/wp\/v2\/types\/product"}],"replies":[{"embeddable":true,"href":"https:\/\/www.editionkeiper.at\/shop\/wp-json\/wp\/v2\/comments?post=1017"}],"wp:featuredmedia":[{"embeddable":true,"href":"https:\/\/www.editionkeiper.at\/shop\/wp-json\/wp\/v2\/media\/1573"}],"wp:attachment":[{"href":"https:\/\/www.editionkeiper.at\/shop\/wp-json\/wp\/v2\/media?parent=1017"}],"wp:term":[{"taxonomy":"brand","embeddable":true,"href":"https:\/\/www.editionkeiper.at\/shop\/wp-json\/wp\/v2\/etheme_brands?post=1017"},{"taxonomy":"product_brand","embeddable":true,"href":"https:\/\/www.editionkeiper.at\/shop\/wp-json\/wp\/v2\/product_brand?post=1017"},{"taxonomy":"product_cat","embeddable":true,"href":"https:\/\/www.editionkeiper.at\/shop\/wp-json\/wp\/v2\/product_cat?post=1017"},{"taxonomy":"product_tag","embeddable":true,"href":"https:\/\/www.editionkeiper.at\/shop\/wp-json\/wp\/v2\/product_tag?post=1017"},{"taxonomy":"yst_prominent_words","embeddable":true,"href":"https:\/\/www.editionkeiper.at\/shop\/wp-json\/wp\/v2\/yst_prominent_words?post=1017"}],"curies":[{"name":"wp","href":"https:\/\/api.w.org\/{rel}","templated":true}]}}