{"id":1012,"date":"2012-06-26T14:20:38","date_gmt":"2012-06-26T12:20:38","guid":{"rendered":"https:\/\/www.editionkeiper.at\/shop\/produkt\/der-taenzer\/"},"modified":"2021-03-08T14:55:44","modified_gmt":"2021-03-08T13:55:44","slug":"der-taenzer","status":"publish","type":"product","link":"https:\/\/www.editionkeiper.at\/shop\/produkt\/der-taenzer\/","title":{"rendered":"Der T\u00e4nzer"},"content":{"rendered":"<h2>Der T\u00e4nzer<\/h2>\n<p>von <strong><a href=\"https:\/\/www.editionkeiper.at\/shop\/faschingbauer-sigi\/\">Sigi Faschingbauer<\/a><br \/>\n<\/strong><\/p>\n<p>In seinem zweiten Roman verkn\u00fcpft Sigi Faschingbauer die Geschichten zweier Protagonisten: die des Polizeibeamten Adam Facher, der als 36-J\u00e4hriger nach einem Treppensturz in den 80er-Jahren des 20. Jahrhunderts in einen komat\u00f6sen Zustand verf\u00e4llt, in dem er sein Leben aus seiner pers\u00f6nliche Sicht &#8222;normal&#8220; weiterf\u00fchrt, was jedoch f\u00fcr die LeserInnen erst sukzessive ersichtlich wird. Sein Phantasieleben wird verwoben und kontrastiert mit bzw. von der Lebensgeschichte des autistischen T\u00e4nzers Leonhard, auf den auch der Titel des Werks anspielt. Dieses schon vom Sujet her literarisch anspruchsvolle Projekt, dessen \u00fcberzeugende Durchf\u00fchrung eine erhebliche Herausforderung f\u00fcr jeden Autor darstellt, erf\u00fcllt Sigi Faschingbauer in diesem gro\u00dfen Roman mit prallem Leben, das die Leser\/innen aufgrund der &#8222;erz\u00e4hlerischen Pranke&#8220; des Autors und seiner enormen Kraft Figuren, Situationen und Ereignisse packend zu schildern, in ihren Bann schl\u00e4gt. So wird ein gewagtes literarisches Experiment zu einem spannenden, sprachgewaltigen Ereignis, das die Wirklichkeit der letzten Jahrzehnte facettenreich und in unterschiedlichsten perspektivischen Brechungen verarbeitet und reflektiert.<\/p>\n<p>&nbsp;<\/p>\n<p><strong>Preis:<\/strong> AT \u20ac 24,80 \/ DE \u20ac 24.12<\/p>\n<p><strong>Seiten:<\/strong>\u00a0557<\/p>\n<p><strong>ISBN13:<\/strong>\u00a0978-3-9503337-0-1<\/p>\n<p><strong>Erscheinungsdatum:<\/strong>\u00a026.06.2012<\/p>\n<p><strong>Sprache:<\/strong>\u00a0Deutsch<\/p>\n<p><strong>Format:<\/strong>\u00a020,7 x 13,0 cm;\u00a0Gebunden;\u00a0Buch fester Einband (Hardcover)<\/p>\n","protected":false},"excerpt":{"rendered":"<p>In seinem zweiten Roman verkn\u00fcpft Sigi Faschingbauer die Geschichten zweier Protagonisten: die des Polizeibeamten Adam Facher, der als 36-J\u00e4hriger nach einem Treppensturz in den 80er-Jahren des 20. Jahrhunderts in einen komat\u00f6sen Zustand verf\u00e4llt, in dem er sein Leben aus seiner pers\u00f6nliche Sicht &#8222;normal&#8220; weiterf\u00fchrt, was jedoch f\u00fcr die LeserInnen erst sukzessive ersichtlich wird.<\/p>\n","protected":false},"featured_media":1420,"comment_status":"closed","ping_status":"closed","template":"","meta":[],"etheme_brands":[],"product_brand":[],"product_cat":[3701],"product_tag":[1206,336,356,1208,241,117,1207,1209,348,1204,323,218,1210,1202,209,1203,1205,121,109],"yst_prominent_words":[3208,3360],"class_list":{"0":"post-1012","1":"product","2":"type-product","3":"status-publish","4":"has-post-thumbnail","6":"product_cat-fiktion","7":"product_tag-autistisch","8":"product_tag-belletristik","9":"product_tag-edition-keiper","10":"product_tag-erdoel","11":"product_tag-graz","12":"product_tag-keiper","13":"product_tag-kriminalkommissar","14":"product_tag-leonhard","15":"product_tag-literatur","16":"product_tag-nigeria","17":"product_tag-oesterreich","18":"product_tag-roman","19":"product_tag-sozialkritik","20":"product_tag-st-petersburg","21":"product_tag-steiermark","22":"product_tag-tanzen","23":"product_tag-taenzer","24":"product_tag-verlag","25":"product_tag-www-editionkeiper-at","27":"first","28":"instock","29":"shipping-taxable","30":"purchasable","31":"product-type-simple"},"_links":{"self":[{"href":"https:\/\/www.editionkeiper.at\/shop\/wp-json\/wp\/v2\/product\/1012","targetHints":{"allow":["GET"]}}],"collection":[{"href":"https:\/\/www.editionkeiper.at\/shop\/wp-json\/wp\/v2\/product"}],"about":[{"href":"https:\/\/www.editionkeiper.at\/shop\/wp-json\/wp\/v2\/types\/product"}],"replies":[{"embeddable":true,"href":"https:\/\/www.editionkeiper.at\/shop\/wp-json\/wp\/v2\/comments?post=1012"}],"wp:featuredmedia":[{"embeddable":true,"href":"https:\/\/www.editionkeiper.at\/shop\/wp-json\/wp\/v2\/media\/1420"}],"wp:attachment":[{"href":"https:\/\/www.editionkeiper.at\/shop\/wp-json\/wp\/v2\/media?parent=1012"}],"wp:term":[{"taxonomy":"brand","embeddable":true,"href":"https:\/\/www.editionkeiper.at\/shop\/wp-json\/wp\/v2\/etheme_brands?post=1012"},{"taxonomy":"product_brand","embeddable":true,"href":"https:\/\/www.editionkeiper.at\/shop\/wp-json\/wp\/v2\/product_brand?post=1012"},{"taxonomy":"product_cat","embeddable":true,"href":"https:\/\/www.editionkeiper.at\/shop\/wp-json\/wp\/v2\/product_cat?post=1012"},{"taxonomy":"product_tag","embeddable":true,"href":"https:\/\/www.editionkeiper.at\/shop\/wp-json\/wp\/v2\/product_tag?post=1012"},{"taxonomy":"yst_prominent_words","embeddable":true,"href":"https:\/\/www.editionkeiper.at\/shop\/wp-json\/wp\/v2\/yst_prominent_words?post=1012"}],"curies":[{"name":"wp","href":"https:\/\/api.w.org\/{rel}","templated":true}]}}