{"id":1010,"date":"2012-10-30T14:20:38","date_gmt":"2012-10-30T13:20:38","guid":{"rendered":"https:\/\/www.editionkeiper.at\/shop\/produkt\/weisse-mischung\/"},"modified":"2021-03-09T12:03:11","modified_gmt":"2021-03-09T11:03:11","slug":"weisse-mischung","status":"publish","type":"product","link":"https:\/\/www.editionkeiper.at\/shop\/produkt\/weisse-mischung\/","title":{"rendered":"Wei\u00dfe Mischung"},"content":{"rendered":"<h2>Wei\u00dfe Mischung<\/h2>\n<p><strong>Ein Roman aus der Provinz<\/strong><\/p>\n<p>von\u00a0<strong><a href=\"https:\/\/www.editionkeiper.at\/shop\/wolfmayr-andrea\/\">Andrea Wolfmayr<\/a><br \/>\n<\/strong><\/p>\n<p>Die H\u00fctters und die Holzers, die Thalers und die Gutmanns, die Kulturschickeria und die Bildungsb\u00fcrger, die K\u00fcnstler und die Gemeinde-Wichtigen \u2013 sie alle treiben&#8217;s bunt in einer s\u00fcdoststeirischen Provinzstadt. Zentrum dieses Treibens ist eine Buschenschank, &#8218;Wei\u00dfe Mischung&#8216; z\u00e4hlt zum Allheilmittel, und die zahlreichen Kochrezepte best\u00e4tigen, dass vielerorts Essen und Trinken immer noch Leib und Seel\u2019 zusammenh\u00e4lt.<\/p>\n<p>&nbsp;<\/p>\n<p><strong>Preis:<\/strong> AT \u20ac 19,80 \/ DE \u20ac 19.80<\/p>\n<p><strong>Seiten:<\/strong>\u00a0350<\/p>\n<p><strong>ISBN13:<\/strong>\u00a0978-3-9503343-7-1<\/p>\n<p><strong>Erscheinungsdatum:<\/strong>\u00a030.10.2012<\/p>\n<p><strong>Sprache:<\/strong>\u00a0Deutsch<\/p>\n<p><strong>Format:<\/strong>\u00a020,0 x 12,1 cm;\u00a0Paperback<\/p>\n<p>&nbsp;<\/p>\n","protected":false},"excerpt":{"rendered":"<p>Die H\u00fctters und die Holzers, die Thalers und die Gutmanns, die Kulturschickeria und die Bildungsb\u00fcrger, die K\u00fcnstler und die Gemeinde-Wichtigen \u2013 sie alle treiben&#8217;s bunt in einer s\u00fcdoststeirischen Provinzstadt.<\/p>\n","protected":false},"featured_media":1584,"comment_status":"closed","ping_status":"closed","template":"","meta":[],"etheme_brands":[],"product_brand":[],"product_cat":[3688],"product_tag":[1387,336,356,241,664,1386,117,348,323,218,258,209,121,109],"yst_prominent_words":[],"class_list":{"0":"post-1010","1":"product","2":"type-product","3":"status-publish","4":"has-post-thumbnail","6":"product_cat-familienromane","7":"product_tag-ausnuechterung","8":"product_tag-belletristik","9":"product_tag-edition-keiper","10":"product_tag-graz","11":"product_tag-im-zug","12":"product_tag-jane-und-ich","13":"product_tag-keiper","14":"product_tag-literatur","15":"product_tag-oesterreich","16":"product_tag-roman","17":"product_tag-roter-spritzer","18":"product_tag-steiermark","19":"product_tag-verlag","20":"product_tag-www-editionkeiper-at","22":"first","23":"instock","24":"shipping-taxable","25":"purchasable","26":"product-type-simple"},"_links":{"self":[{"href":"https:\/\/www.editionkeiper.at\/shop\/wp-json\/wp\/v2\/product\/1010","targetHints":{"allow":["GET"]}}],"collection":[{"href":"https:\/\/www.editionkeiper.at\/shop\/wp-json\/wp\/v2\/product"}],"about":[{"href":"https:\/\/www.editionkeiper.at\/shop\/wp-json\/wp\/v2\/types\/product"}],"replies":[{"embeddable":true,"href":"https:\/\/www.editionkeiper.at\/shop\/wp-json\/wp\/v2\/comments?post=1010"}],"wp:featuredmedia":[{"embeddable":true,"href":"https:\/\/www.editionkeiper.at\/shop\/wp-json\/wp\/v2\/media\/1584"}],"wp:attachment":[{"href":"https:\/\/www.editionkeiper.at\/shop\/wp-json\/wp\/v2\/media?parent=1010"}],"wp:term":[{"taxonomy":"brand","embeddable":true,"href":"https:\/\/www.editionkeiper.at\/shop\/wp-json\/wp\/v2\/etheme_brands?post=1010"},{"taxonomy":"product_brand","embeddable":true,"href":"https:\/\/www.editionkeiper.at\/shop\/wp-json\/wp\/v2\/product_brand?post=1010"},{"taxonomy":"product_cat","embeddable":true,"href":"https:\/\/www.editionkeiper.at\/shop\/wp-json\/wp\/v2\/product_cat?post=1010"},{"taxonomy":"product_tag","embeddable":true,"href":"https:\/\/www.editionkeiper.at\/shop\/wp-json\/wp\/v2\/product_tag?post=1010"},{"taxonomy":"yst_prominent_words","embeddable":true,"href":"https:\/\/www.editionkeiper.at\/shop\/wp-json\/wp\/v2\/yst_prominent_words?post=1010"}],"curies":[{"name":"wp","href":"https:\/\/api.w.org\/{rel}","templated":true}]}}

Weiße Mischung

<h2>Weiße Mischung</h2>
<p><strong>Ein Roman aus der Provinz</strong></p>
<p>von <strong><a href="https://www.editionkeiper.at/shop/wolfmayr-andrea/">Andrea Wolfmayr</a><br />
</strong></p>
<p>Die Hütters und die Holzers, die Thalers und die Gutmanns, die Kulturschickeria und die Bildungsbürger, die Künstler und die Gemeinde-Wichtigen – sie alle treiben&#8217;s bunt in einer südoststeirischen Provinzstadt. Zentrum dieses Treibens ist eine Buschenschank, &#8218;Weiße Mischung&#8216; zählt zum Allheilmittel, und die zahlreichen Kochrezepte bestätigen, dass vielerorts Essen und Trinken immer noch Leib und Seel’ zusammenhält.</p>
<p>&nbsp;</p>
<p><strong>Preis:</strong> AT € 19,80 / DE € 19.80</p>
<p><strong>Seiten:</strong> 350</p>
<p><strong>ISBN13:</strong> 978-3-9503343-7-1</p>
<p><strong>Erscheinungsdatum:</strong> 30.10.2012</p>
<p><strong>Sprache:</strong> Deutsch</p>
<p><strong>Format:</strong> 20,0 x 12,1 cm; Paperback</p>
<p>&nbsp;</p>

<p>Die Hütters und die Holzers, die Thalers und die Gutmanns, die Kulturschickeria und die Bildungsbürger, die Künstler und die Gemeinde-Wichtigen – sie alle treiben&#8217;s bunt in einer südoststeirischen Provinzstadt.</p>
