{"id":1001,"date":"2012-10-20T14:20:26","date_gmt":"2012-10-20T12:20:26","guid":{"rendered":"https:\/\/www.editionkeiper.at\/shop\/produkt\/flug-spuren\/"},"modified":"2021-03-09T12:44:37","modified_gmt":"2021-03-09T11:44:37","slug":"flug-spuren","status":"publish","type":"product","link":"https:\/\/www.editionkeiper.at\/shop\/produkt\/flug-spuren\/","title":{"rendered":"flug (spuren) \u2013 keiper lyrik 4"},"content":{"rendered":"<h2>flug (spuren) \u2013 keiper lyrik 4<\/h2>\n<p>von <a href=\"https:\/\/www.editionkeiper.at\/shop\/reyer-sophie\/\"><strong>Sophie Reyer<\/strong><\/a><\/p>\n<p>Mit <em>flug (spuren)<\/em> legt die Autorin und Komponistin Sophie Reyer br\u00fcchig-zarte und doch kraftvolle, sinnlich konkrete Miniaturen vor. Aus wenigen W\u00f6rtern entsteht hier ein atmosph\u00e4risch dichter Mikrokosmos, der g\u00e4nzlich frei von lyrischen Klischees vielerlei poetische \u00dcberraschungen birgt. (Helwig Brunner, Herausgeber der Reihe keiper lyrik)<\/p>\n<p>&nbsp;<\/p>\n<p><strong>Preis:<\/strong> AT \u20ac 15,40 \/ DE \u20ac 14.98<\/p>\n<p><strong>Seiten:<\/strong>\u00a0149<\/p>\n<p><strong>ISBN13:<\/strong>\u00a0978-3-902901-00-2<\/p>\n<p><strong>Erscheinungsdatum:<\/strong>\u00a028.10.2012<\/p>\n<p><strong>Sprache:<\/strong>\u00a0Deutsch<\/p>\n<p><strong>Format:<\/strong>\u00a017,6 x 11,0 cm;\u00a0broschiert<\/p>\n","protected":false},"excerpt":{"rendered":"<p>Mit <em>flug (spuren)<\/em> legt die Autorin und Komponistin Sophie Reyer br\u00fcchig-zarte und doch kraftvolle, sinnlich konkrete Miniaturen vor. Aus wenigen W\u00f6rtern entsteht hier ein atmosph\u00e4risch dichter Mikrokosmos, der g\u00e4nzlich frei von lyrischen Klischees vielerlei poetische \u00dcberraschungen birgt.<\/p>\n","protected":false},"featured_media":1537,"comment_status":"closed","ping_status":"closed","template":"","meta":[],"etheme_brands":[],"product_brand":[],"product_cat":[2604],"product_tag":[356,241,655,117,557,323,209,121],"yst_prominent_words":[3285,3345,3306],"class_list":{"0":"post-1001","1":"product","2":"type-product","3":"status-publish","4":"has-post-thumbnail","6":"product_cat-die-reihe-keiper-lyrik","7":"product_tag-edition-keiper","8":"product_tag-graz","9":"product_tag-helwig-brunner","10":"product_tag-keiper","11":"product_tag-keiper-lyrik","12":"product_tag-oesterreich","13":"product_tag-steiermark","14":"product_tag-verlag","16":"first","17":"instock","18":"shipping-taxable","19":"purchasable","20":"product-type-simple"},"_links":{"self":[{"href":"https:\/\/www.editionkeiper.at\/shop\/wp-json\/wp\/v2\/product\/1001","targetHints":{"allow":["GET"]}}],"collection":[{"href":"https:\/\/www.editionkeiper.at\/shop\/wp-json\/wp\/v2\/product"}],"about":[{"href":"https:\/\/www.editionkeiper.at\/shop\/wp-json\/wp\/v2\/types\/product"}],"replies":[{"embeddable":true,"href":"https:\/\/www.editionkeiper.at\/shop\/wp-json\/wp\/v2\/comments?post=1001"}],"wp:featuredmedia":[{"embeddable":true,"href":"https:\/\/www.editionkeiper.at\/shop\/wp-json\/wp\/v2\/media\/1537"}],"wp:attachment":[{"href":"https:\/\/www.editionkeiper.at\/shop\/wp-json\/wp\/v2\/media?parent=1001"}],"wp:term":[{"taxonomy":"brand","embeddable":true,"href":"https:\/\/www.editionkeiper.at\/shop\/wp-json\/wp\/v2\/etheme_brands?post=1001"},{"taxonomy":"product_brand","embeddable":true,"href":"https:\/\/www.editionkeiper.at\/shop\/wp-json\/wp\/v2\/product_brand?post=1001"},{"taxonomy":"product_cat","embeddable":true,"href":"https:\/\/www.editionkeiper.at\/shop\/wp-json\/wp\/v2\/product_cat?post=1001"},{"taxonomy":"product_tag","embeddable":true,"href":"https:\/\/www.editionkeiper.at\/shop\/wp-json\/wp\/v2\/product_tag?post=1001"},{"taxonomy":"yst_prominent_words","embeddable":true,"href":"https:\/\/www.editionkeiper.at\/shop\/wp-json\/wp\/v2\/yst_prominent_words?post=1001"}],"curies":[{"name":"wp","href":"https:\/\/api.w.org\/{rel}","templated":true}]}}

<h2>flug (spuren) – keiper lyrik 4</h2>
<p>von <a href="https://www.editionkeiper.at/shop/reyer-sophie/"><strong>Sophie Reyer</strong></a></p>
<p>Mit <em>flug (spuren)</em> legt die Autorin und Komponistin Sophie Reyer brüchig-zarte und doch kraftvolle, sinnlich konkrete Miniaturen vor. Aus wenigen Wörtern entsteht hier ein atmosphärisch dichter Mikrokosmos, der gänzlich frei von lyrischen Klischees vielerlei poetische Überraschungen birgt. (Helwig Brunner, Herausgeber der Reihe keiper lyrik)</p>
<p>&nbsp;</p>
<p><strong>Preis:</strong> AT € 15,40 / DE € 14.98</p>
<p><strong>Seiten:</strong> 149</p>
<p><strong>ISBN13:</strong> 978-3-902901-00-2</p>
<p><strong>Erscheinungsdatum:</strong> 28.10.2012</p>
<p><strong>Sprache:</strong> Deutsch</p>
<p><strong>Format:</strong> 17,6 x 11,0 cm; broschiert</p>

<p>Mit <em>flug (spuren)</em> legt die Autorin und Komponistin Sophie Reyer brüchig-zarte und doch kraftvolle, sinnlich konkrete Miniaturen vor. Aus wenigen Wörtern entsteht hier ein atmosphärisch dichter Mikrokosmos, der gänzlich frei von lyrischen Klischees vielerlei poetische Überraschungen birgt.</p>
