{"id":14562,"date":"2024-11-07T15:29:53","date_gmt":"2024-11-07T14:29:53","guid":{"rendered":"https:\/\/www.editionkeiper.at\/shop\/?post_type=mec-events&#038;p=14562"},"modified":"2024-12-05T12:59:49","modified_gmt":"2024-12-05T11:59:49","slug":"martin-krusche-und-richard-mayr-praesentieren-an-solchen-tagen-in-der-edition-keiper","status":"publish","type":"mec-events","link":"https:\/\/www.editionkeiper.at\/shop\/events\/martin-krusche-und-richard-mayr-praesentieren-an-solchen-tagen-in-der-edition-keiper\/","title":{"rendered":"Martin Krusche und Richard Mayr pr\u00e4sentieren &#8222;An solchen Tagen&#8220; in der edition keiper"},"content":{"rendered":"<p><strong>&#8222;An solchen Tagen&#8220; \u2013 eine Verbeugung vor der Natur, ein Bekenntnis zur Kunst!<\/strong><\/p>\n<p>Das Buch ist eine Sammlung poetischer Reiseberichte. Zwei K\u00fcnstler aus jeweils v\u00f6llig anders gearteten Lebenswelten sind eigene Wege gegangen, haben aber auch einige Routen gemeinsam erkundet und legen nun das Ergebnis dieser Touren vor.<\/p>\n<p>Autor Martin Krusche und Fotograf Richard Mayr schufen aus gehabten Impressionen <strong>50 Tableaus<\/strong>, die in diesem Band zusammengefasst wurden, um sich als Stationen f\u00fcr eine gedankliche und emotionale Wanderschaft durch das Buch anzubieten.<\/p>\n<p>\u00dcber zwei QR-Codes bekommen Sie\u00a0 Zugang zu einer virtuellen Erweiterung des Buches, die einerseits im Internet zus\u00e4tzliche Inhalte erreichbar macht, andererseits aus dem virtuellen Raum in den Raum realer sozialer Begegnungen zur\u00fcckf\u00fchrt. Dabei werden einige der Themen des Buches weiterentwickelt und in kulturellen Aktivit\u00e4ten umgesetzt. Dazu geh\u00f6ren auch die von Kammerschauspieler Franz-Robert Wagner gelesenen 50 Gedichte.<\/p>\n<p><strong>Was erwartet Sie?<\/strong><\/p>\n<ul>\n<li>Lesungen von Martin Krusche<\/li>\n<li>Fotoshow<\/li>\n<li>Live auf der B\u00fchne: die Gitarristen Jos\u00e9 Mar\u00eda Obeso &amp; Stefan Oser<\/li>\n<li>Die ber\u00fchmten Weihnachtskekse von unserer Heidi<\/li>\n<\/ul>\n<p>(Fotocredit: Richard Mayr)<\/p>\n<p><strong>Begrenztes Platzangebot. Um Anmeldung wird gebeten!<\/strong><\/p>\n","protected":false},"excerpt":{"rendered":"<p>&#8222;An solchen Tagen&#8220; \u2013 eine Verbeugung vor der Natur, ein Bekenntnis zur Kunst! Das Buch ist eine Sammlung poetischer Reiseberichte. Zwei K\u00fcnstler aus jeweils v\u00f6llig&#8230;<\/p>\n","protected":false},"author":3,"featured_media":14357,"comment_status":"closed","ping_status":"closed","template":"","tags":[],"mec_category":[3986],"mec_speaker":[],"class_list":["post-14562","mec-events","type-mec-events","status-publish","has-post-thumbnail","hentry","mec_category-lesung"],"_links":{"self":[{"href":"https:\/\/www.editionkeiper.at\/shop\/wp-json\/wp\/v2\/mec-events\/14562","targetHints":{"allow":["GET"]}}],"collection":[{"href":"https:\/\/www.editionkeiper.at\/shop\/wp-json\/wp\/v2\/mec-events"}],"about":[{"href":"https:\/\/www.editionkeiper.at\/shop\/wp-json\/wp\/v2\/types\/mec-events"}],"author":[{"embeddable":true,"href":"https:\/\/www.editionkeiper.at\/shop\/wp-json\/wp\/v2\/users\/3"}],"replies":[{"embeddable":true,"href":"https:\/\/www.editionkeiper.at\/shop\/wp-json\/wp\/v2\/comments?post=14562"}],"wp:featuredmedia":[{"embeddable":true,"href":"https:\/\/www.editionkeiper.at\/shop\/wp-json\/wp\/v2\/media\/14357"}],"wp:attachment":[{"href":"https:\/\/www.editionkeiper.at\/shop\/wp-json\/wp\/v2\/media?parent=14562"}],"wp:term":[{"taxonomy":"post_tag","embeddable":true,"href":"https:\/\/www.editionkeiper.at\/shop\/wp-json\/wp\/v2\/tags?post=14562"},{"taxonomy":"mec_category","embeddable":true,"href":"https:\/\/www.editionkeiper.at\/shop\/wp-json\/wp\/v2\/mec_category?post=14562"},{"taxonomy":"mec_speaker","embeddable":true,"href":"https:\/\/www.editionkeiper.at\/shop\/wp-json\/wp\/v2\/mec_speaker?post=14562"}],"curies":[{"name":"wp","href":"https:\/\/api.w.org\/{rel}","templated":true}]}}

Martin Krusche und Richard Mayr präsentieren &#8222;An solchen Tagen&#8220; in der edition keiper

<p><strong>&#8222;An solchen Tagen&#8220; – eine Verbeugung vor der Natur, ein Bekenntnis zur Kunst!</strong></p>
<p>Das Buch ist eine Sammlung poetischer Reiseberichte. Zwei Künstler aus jeweils völlig anders gearteten Lebenswelten sind eigene Wege gegangen, haben aber auch einige Routen gemeinsam erkundet und legen nun das Ergebnis dieser Touren vor.</p>
<p>Autor Martin Krusche und Fotograf Richard Mayr schufen aus gehabten Impressionen <strong>50 Tableaus</strong>, die in diesem Band zusammengefasst wurden, um sich als Stationen für eine gedankliche und emotionale Wanderschaft durch das Buch anzubieten.</p>
<p>Über zwei QR-Codes bekommen Sie  Zugang zu einer virtuellen Erweiterung des Buches, die einerseits im Internet zusätzliche Inhalte erreichbar macht, andererseits aus dem virtuellen Raum in den Raum realer sozialer Begegnungen zurückführt. Dabei werden einige der Themen des Buches weiterentwickelt und in kulturellen Aktivitäten umgesetzt. Dazu gehören auch die von Kammerschauspieler Franz-Robert Wagner gelesenen 50 Gedichte.</p>
<p><strong>Was erwartet Sie?</strong></p>
<ul>
<li>Lesungen von Martin Krusche</li>
<li>Fotoshow</li>
<li>Live auf der Bühne: die Gitarristen José María Obeso &amp; Stefan Oser</li>
<li>Die berühmten Weihnachtskekse von unserer Heidi</li>
</ul>
<p>(Fotocredit: Richard Mayr)</p>
<p><strong>Begrenztes Platzangebot. Um Anmeldung wird gebeten!</strong></p>

<p>&#8222;An solchen Tagen&#8220; – eine Verbeugung vor der Natur, ein Bekenntnis zur Kunst! Das Buch ist eine Sammlung poetischer Reiseberichte. Zwei Künstler aus jeweils völlig&#8230;</p>
