{"id":10632,"date":"2022-04-28T13:49:16","date_gmt":"2022-04-28T11:49:16","guid":{"rendered":"https:\/\/www.editionkeiper.at\/shop\/?post_type=mec-events&#038;p=10632"},"modified":"2022-05-13T14:25:21","modified_gmt":"2022-05-13T12:25:21","slug":"buecherparty","status":"publish","type":"mec-events","link":"https:\/\/www.editionkeiper.at\/shop\/events\/buecherparty\/","title":{"rendered":"B\u00fccherparty in der edition keiper"},"content":{"rendered":"<p>Wir zeigen einen Querschnitt aus unserem Verlagsprogramm.<\/p>\n<p>Durch den Abend f\u00fchrt G\u00fcnter Encic, bekannt als langj\u00e4hriger ORF-Journalist und f\u00fcr seine journalistischen Blogs, Podcasts und Videos. Seine Literaturanalysen geh\u00f6ren zu den Highlights journalistischer Berichterstattung.<\/p>\n<ul>\n<li>Markus Grundtner liest aus seinem \u00e4u\u00dferst gelungenen und hochgelobten Deb\u00fctroman &#8222;Die Dringlichkeit der Dinge&#8220;.<\/li>\n<li>Veronika und Mario Rieger stellen den neuesten Fall des pensionierten Chefinspektors Bruno Specht vor, der diesmal ins Burgenland f\u00fchrt: &#8222;Respekt, Frau Specht!&#8220;<\/li>\n<li>Andrea Wolfmayr repr\u00e4sentiert mit ihren Provinzromanen und der biografischen Aufarbeitung ihrer Familiengeschichte eine literarische Konstante in unserem Verlagsprogramm.<\/li>\n<li>Mario Hladicz bekommt nach all den Lockdowns endlich eine Gelegenheit, sein meisterhaftes Erz\u00e4hldeb\u00fct &#8222;Die Dauer der Scham&#8220; zu pr\u00e4sentieren.<\/li>\n<\/ul>\n<p>&nbsp;<\/p>\n","protected":false},"excerpt":{"rendered":"<p>Wir zeigen einen Querschnitt aus unserem Verlagsprogramm. Durch den Abend f\u00fchrt G\u00fcnter Encic, bekannt als langj\u00e4hriger ORF-Journalist und f\u00fcr seine journalistischen Blogs, Podcasts und Videos&#8230;.<\/p>\n","protected":false},"author":248,"featured_media":9346,"comment_status":"closed","ping_status":"closed","template":"","tags":[],"mec_category":[3989],"mec_speaker":[],"class_list":["post-10632","mec-events","type-mec-events","status-publish","has-post-thumbnail","hentry","mec_category-buecherparty"],"_links":{"self":[{"href":"https:\/\/www.editionkeiper.at\/shop\/wp-json\/wp\/v2\/mec-events\/10632","targetHints":{"allow":["GET"]}}],"collection":[{"href":"https:\/\/www.editionkeiper.at\/shop\/wp-json\/wp\/v2\/mec-events"}],"about":[{"href":"https:\/\/www.editionkeiper.at\/shop\/wp-json\/wp\/v2\/types\/mec-events"}],"author":[{"embeddable":true,"href":"https:\/\/www.editionkeiper.at\/shop\/wp-json\/wp\/v2\/users\/248"}],"replies":[{"embeddable":true,"href":"https:\/\/www.editionkeiper.at\/shop\/wp-json\/wp\/v2\/comments?post=10632"}],"wp:featuredmedia":[{"embeddable":true,"href":"https:\/\/www.editionkeiper.at\/shop\/wp-json\/wp\/v2\/media\/9346"}],"wp:attachment":[{"href":"https:\/\/www.editionkeiper.at\/shop\/wp-json\/wp\/v2\/media?parent=10632"}],"wp:term":[{"taxonomy":"post_tag","embeddable":true,"href":"https:\/\/www.editionkeiper.at\/shop\/wp-json\/wp\/v2\/tags?post=10632"},{"taxonomy":"mec_category","embeddable":true,"href":"https:\/\/www.editionkeiper.at\/shop\/wp-json\/wp\/v2\/mec_category?post=10632"},{"taxonomy":"mec_speaker","embeddable":true,"href":"https:\/\/www.editionkeiper.at\/shop\/wp-json\/wp\/v2\/mec_speaker?post=10632"}],"curies":[{"name":"wp","href":"https:\/\/api.w.org\/{rel}","templated":true}]}}

Bücherparty in der edition keiper

<p>Wir zeigen einen Querschnitt aus unserem Verlagsprogramm.</p>
<p>Durch den Abend führt Günter Encic, bekannt als langjähriger ORF-Journalist und für seine journalistischen Blogs, Podcasts und Videos. Seine Literaturanalysen gehören zu den Highlights journalistischer Berichterstattung.</p>
<ul>
<li>Markus Grundtner liest aus seinem äußerst gelungenen und hochgelobten Debütroman &#8222;Die Dringlichkeit der Dinge&#8220;.</li>
<li>Veronika und Mario Rieger stellen den neuesten Fall des pensionierten Chefinspektors Bruno Specht vor, der diesmal ins Burgenland führt: &#8222;Respekt, Frau Specht!&#8220;</li>
<li>Andrea Wolfmayr repräsentiert mit ihren Provinzromanen und der biografischen Aufarbeitung ihrer Familiengeschichte eine literarische Konstante in unserem Verlagsprogramm.</li>
<li>Mario Hladicz bekommt nach all den Lockdowns endlich eine Gelegenheit, sein meisterhaftes Erzähldebüt &#8222;Die Dauer der Scham&#8220; zu präsentieren.</li>
</ul>
<p>&nbsp;</p>

<p>Wir zeigen einen Querschnitt aus unserem Verlagsprogramm. Durch den Abend führt Günter Encic, bekannt als langjähriger ORF-Journalist und für seine journalistischen Blogs, Podcasts und Videos&#8230;.</p>
